000
CXUS56 KPDT 011810
CF6MEH
PRELIMINARY LOCAL CLIMATOLOGICAL DATA (WS FORM: F-6)
STATION: MEACHAM OR
MONTH: JULY
YEAR: 2023
LATITUDE: 45 30 N
LONGITUDE: 118 24 W
TEMPERATURE IN F: :PCPN: SNOW: WIND :SUNSHINE: SKY :PK WND
================================================================================
1 2 3 4 5 6A 6B 7 8 9 10 11 12 13 14 15 16 17 18
12Z AVG MX 2MIN
DY MAX MIN AVG DEP HDD CDD WTR SNW DPTH SPD SPD DIR MIN PSBL S-S WX SPD DR
================================================================================
1 81 45 63 6 2 0 0.00 M M 1.3 8 310 M M 0 19 260
2 78 39 59 1 6 0 0.00 M M 0.8 8 300 M M 0 15 320
3 78 38 58 0 7 0 0.00 M M 1.9 10 30 M M 0 20 40
4 78 35 57 -1 8 0 0.00 M M 2.0 10 20 M M 0 20 30
5 85 37 61 3 4 0 0.00 M M 1.2 8 50 M M 0 15 20
6 85 42 64 5 1 0 0.00 M M 1.8 9 30 M M 0 8 16 20
7 88 44 66 7 0 1 0.00 M M 1.3 7 20 M M 0 16 360
8 89 49 69 10 0 4 0.00 M M 1.2 8 60 M M 2 14 90
9 89 49 69 10 0 4 T M M 1.5 8 40 M M 1 16 20
10 77 47 62 2 3 0 0.00 M M 1.8 9 270 M M 2 16 280
11 78 39 59 -1 6 0 0.00 M M 1.6 7 280 M M 0 13 280
12 80 40 60 0 5 0 0.00 M M 1.5 8 280 M M 0 15 290
13 79 49 64 4 1 0 0.00 M M 1.7 6 330 M M 1 M M
14 85 41 63 3 2 0 0.00 M M 1.4 7 300 M M 0 13 310
15 90 42 66 6 0 1 0.00 M M 1.2 8 40 M M 0 16 350
16 90 46 68 7 0 3 0.00 M M 1.5 7 310 M M 0 14 30
17 75 47 61 0 4 0 0.00 M M 2.0 9 310 M M 0 21 320
18 78 37 58 -3 7 0 0.00 M M 1.6 6 99 M M 0 M M
19 87 37 62 1 3 0 0.00 M M 1.7 6 99 M M 0 M M
20 91 45 68 7 0 3 0.00 M M 1.6 8 20 M M 0 17 360
21 88 48 68 7 0 3 0.00 M M 1.4 8 40 M M 0 15 30
22 85 43 64 3 1 0 0.00 M M 0.9 7 270 M M 0 14 300
23 88 44 66 5 0 1 0.00 M M 1.0 5 99 M M 0 M M
24 80 48 64 3 1 0 0.00 M M 1.6 6 99 M M 0 M M
25 77 42 60 -1 5 0 0.00 M M 1.3 6 99 M M 3 M M
26 76 37 57 -4 8 0 0.00 M M 1.6 8 10 M M 0 17 20
27 78 38 58 -3 7 0 0.00 M M 1.7 9 30 M M 0 16 40
28 82 37 60 -1 5 0 0.00 M M 1.6 8 30 M M 0 17 360
29 84 43 64 3 1 0 0.00 M M 2.0 9 30 M M 0 17 40
30 79 42 61 0 4 0 0.00 M M 1.4 8 10 M M 0 16 360
31 81 39 60 -1 5 0 0.00 M M 1.4 9 40 M M 0 15 350
================================================================================
SM 2559 1309 96 20 T M 46.5 M 9
================================================================================
AV 82.5 42.2 1.5 FASTST M M 0 MAX(MPH)
MISC ----> # 10 30 21 320
================================================================================
NOTES:
# LAST OF SEVERAL OCCURRENCES
COLUMN 17 PEAK WIND IN M.P.H.
PRELIMINARY LOCAL CLIMATOLOGICAL DATA (WS FORM: F-6) , PAGE 2
STATION: MEACHAM OR
MONTH: JULY
YEAR: 2023
LATITUDE: 45 30 N
LONGITUDE: 118 24 W
[TEMPERATURE DATA] [PRECIPITATION DATA] SYMBOLS USED IN COLUMN 16
AVERAGE MONTHLY: 62.4 TOTAL FOR MONTH: T 1 = FOG OR MIST
DPTR FM NORMAL: 2.2 DPTR FM NORMAL: -0.58 2 = FOG REDUCING VISIBILITY
HIGHEST: 91 ON 20 GRTST 24HR T ON 9- 9 TO 1/4 MILE OR LESS
LOWEST: 35 ON 4 3 = THUNDER
SNOW, ICE PELLETS, HAIL 4 = ICE PELLETS
TOTAL MONTH: M 5 = HAIL
GRTST 24HR M ON M 6 = FREEZING RAIN OR DRIZZLE
GRTST DEPTH: M ON M 7 = DUSTSTORM OR SANDSTORM:
VSBY 1/2 MILE OR LESS
8 = SMOKE OR HAZE
[NO. OF DAYS WITH] [WEATHER - DAYS WITH] 9 = BLOWING SNOW
X = TORNADO
MAX 32 OR BELOW: 0 0.01 INCH OR MORE: 0
MAX 90 OR ABOVE: 3 0.10 INCH OR MORE: 0
MIN 32 OR BELOW: 0 0.50 INCH OR MORE: 0
MIN 0 OR BELOW: 0 1.00 INCH OR MORE: 0
[HDD (BASE 65) ]
TOTAL THIS MO. 96 CLEAR (SCALE 0-3) 31
DPTR FM NORMAL -71 PTCLDY (SCALE 4-7) 0
TOTAL FM JUL 1 96 CLOUDY (SCALE 8-10) 0
DPTR FM NORMAL -69
[CDD (BASE 65) ]
TOTAL THIS MO. 20
DPTR FM NORMAL 2 [PRESSURE DATA]
TOTAL FM JAN 1 21 HIGHEST SLP M ON M
DPTR FM NORMAL -1 LOWEST SLP 29.76 ON 9
[REMARKS]
#FINAL-07-23#