000
CXUS54 KJAN 011410
CF6MEI
PRELIMINARY LOCAL CLIMATOLOGICAL DATA (WS FORM: F-6)
STATION: MERIDIAN
MONTH: APRIL
YEAR: 2022
LATITUDE: 32 19 N
LONGITUDE: 88 45 W
TEMPERATURE IN F: :PCPN: SNOW: WIND :SUNSHINE: SKY :PK WND
================================================================================
1 2 3 4 5 6A 6B 7 8 9 10 11 12 13 14 15 16 17 18
12Z AVG MX 2MIN
DY MAX MIN AVG DEP HDD CDD WTR SNW DPTH SPD SPD DIR MIN PSBL S-S WX SPD DR
================================================================================
1 70 42 56 -6 9 0 0.00 0.0 0 4.6 13 30 M M 0 17 30
2 76 43 60 -2 5 0 0.00 0.0 0 2.3 12 60 M M 0 15 60
3 79 44 62 0 3 0 0.00 0.0 0 1.9 14 320 M M 0 20 330
4 83 46 65 2 0 0 0.00 0.0 0 4.4 15 170 M M 0 21 180
5 77 60 69 6 0 4 1.57 0.0 0 10.2 20 200 M M 7 13 27 250
6 87 62 75 12 0 10 0.25 0.0 0 9.9 21 340 M M 9 138 30 350
7 69 47 58 -5 7 0 0.00 0.0 0 7.8 21 290 M M 2 33 260
8 64 43 54 -10 11 0 0.00 0.0 0 9.0 24 310 M M 3 39 250
9 70 36 53 -11 12 0 0.00 0.0 0 5.1 20 310 M M 0 27 320
10 82 41 62 -2 3 0 T 0.0 0 9.4 24 200 M M 0 32 200
11 73 57 65 1 0 0 0.22 0.0 0 9.4 23 150 M M 7 13 34 150
12 83 65 74 10 0 9 0.02 0.0 0 11.7 22 180 M M 7 31 190
13 85 63 74 9 0 9 1.21 0.0 0 14.6 43 280 M M 7 13 64 290
14 78 52 65 0 0 0 0.01 0.0 0 6.2 17 320 M M 2 28 330
15 84 50 67 2 0 2 T 0.0 0 7.0 17 150 M M 3 3 23 150
16 74 60 67 2 0 2 1.00 0.0 0 5.7 20 340 M M 8 138 26 20
17 73 61 67 1 0 2 1.47 0.0 0 4.1 22 320 M M 9 138 30 330
18 66 51 59 -7 6 0 0.00 0.0 0 9.5 17 340 M M 6 1 24 350
19 70 44 57 -9 8 0 0.00 0.0 0 4.6 21 40 M M 0 27 50
20 77 42 60 -6 5 0 T 0.0 0 9.3 22 150 M M 1 33 150
21 85 60 73 6 0 8 0.00 0.0 0 5.2 15 180 M M 3 21 160
22 85 57 71 4 0 6 0.00 0.0 0 4.3 15 150 M M 0 24 170
23 86 57 72 5 0 7 0.00 0.0 0 7.7 20 140 M M 0 27 130
24 87 57 72 5 0 7 0.00 0.0 0 6.9 20 190 M M 2 28 170
25 87 66 77 9 0 12 0.28 0.0 0 6.2 25 280 M M 5 123 35 280
26 77 57 67 -1 0 2 0.01 0.0 0 10.0 20 20 M M 4 25 350
27 78 47 63 -5 2 0 0.00 0.0 0 4.3 14 360 M M 0 18 50
28 82 46 64 -4 1 0 0.00 0.0 0 3.7 14 120 M M M 18 120
29 85 52 69 0 0 4 0.00 0.0 0 6.2 23 190 M M M 16 150
30 87 67 77 8 0 12 0.00 0.0 0 8.4 17 200 M M M 18 28 200
================================================================================
SM 2359 1575 72 96 6.04 0.0 209.6 M 85
================================================================================
AV 78.6 52.5 7.0 FASTST M M 3 MAX(MPH)
MISC ----> 43 280 64 290
================================================================================
NOTES:
# LAST OF SEVERAL OCCURRENCES
COLUMN 17 PEAK WIND IN M.P.H.
PRELIMINARY LOCAL CLIMATOLOGICAL DATA (WS FORM: F-6) , PAGE 2
STATION: MERIDIAN
MONTH: APRIL
YEAR: 2022
LATITUDE: 32 19 N
LONGITUDE: 88 45 W
[TEMPERATURE DATA] [PRECIPITATION DATA] SYMBOLS USED IN COLUMN 16
AVERAGE MONTHLY: 65.6 TOTAL FOR MONTH: 6.04 1 = FOG OR MIST
DPTR FM NORMAL: 0.2 DPTR FM NORMAL: 0.48 2 = FOG REDUCING VISIBILITY
HIGHEST: 87 ON 30,25 GRTST 24HR 2.20 ON 16-17 TO 1/4 MILE OR LESS
LOWEST: 36 ON 9 3 = THUNDER
SNOW, ICE PELLETS, HAIL 4 = ICE PELLETS
TOTAL MONTH: 0.0 INCH 5 = HAIL
GRTST 24HR 0.0 6 = FREEZING RAIN OR DRIZZLE
GRTST DEPTH: 0 7 = DUSTSTORM OR SANDSTORM:
VSBY 1/2 MILE OR LESS
8 = SMOKE OR HAZE
[NO. OF DAYS WITH] [WEATHER - DAYS WITH] 9 = BLOWING SNOW
X = TORNADO
MAX 32 OR BELOW: 0 0.01 INCH OR MORE: 10
MAX 90 OR ABOVE: 0 0.10 INCH OR MORE: 7
MIN 32 OR BELOW: 0 0.50 INCH OR MORE: 4
MIN 0 OR BELOW: 0 1.00 INCH OR MORE: 4
[HDD (BASE 65) ]
TOTAL THIS MO. 72 CLEAR (SCALE 0-3) 17
DPTR FM NORMAL -13 PTCLDY (SCALE 4-7) 7
TOTAL FM JUL 1 1874 CLOUDY (SCALE 8-10) 6
DPTR FM NORMAL -233
[CDD (BASE 65) ]
TOTAL THIS MO. 96
DPTR FM NORMAL -1 [PRESSURE DATA]
TOTAL FM JAN 1 150 HIGHEST SLP M ON M
DPTR FM NORMAL 0 LOWEST SLP 29.58 ON 5
[REMARKS]
#FINAL-04-22#