000
CXUS54 KJAN 011414
CF6MEI
PRELIMINARY LOCAL CLIMATOLOGICAL DATA (WS FORM: F-6)
STATION: MERIDIAN
MONTH: JULY
YEAR: 2020
LATITUDE: 32 19 N
LONGITUDE: 88 45 W
TEMPERATURE IN F: :PCPN: SNOW: WIND :SUNSHINE: SKY :PK WND
================================================================================
1 2 3 4 5 6A 6B 7 8 9 10 11 12 13 14 15 16 17 18
12Z AVG MX 2MIN
DY MAX MIN AVG DEP HDD CDD WTR SNW DPTH SPD SPD DIR MIN PSBL S-S WX SPD DR
================================================================================
1 89 71 80 0 0 15 1.08 0.0 0 6.3 20 320 M M 2 13 30 330
2 80 71 76 -4 0 11 0.37 0.0 0 2.4 13 10 M M 3 13 18 360
3 94 72 83 3 0 18 0.00 0.0 0 2.1 13 270 M M 2 3 17 270
4 93 73 83 3 0 18 0.44 0.0 0 3.1 21 170 M M 3 13 28 180
5 90 73 82 2 0 17 0.34 0.0 0 3.2 18 160 M M 4 13 28 150
6 89 74 82 2 0 17 1.02 0.0 0 2.6 17 180 M M 5 1 21 130
7 92 74 83 3 0 18 T 0.0 0 4.6 18 220 M M 6 123 25 220
8 87 74 81 1 0 16 0.11 0.0 0 4.7 17 300 M M 8 13 27 280
9 92 74 83 3 0 18 0.74 0.0 0 2.9 16 80 M M 6 1238 21 40
10 96 74 85 5 0 20 0.01 0.0 0 5.1 14 300 M M 4 3 23 280
11 95 75 85 4 0 20 0.00 0.0 0 4.1 13 340 M M 1 16 10
12 96 73 85 4 0 20 0.20 0.0 0 3.9 29 260 M M 1 3 41 270
13 96 74 85 4 0 20 0.14 0.0 0 2.5 16 30 M M 1 8 22 100
14 95 75 85 4 0 20 0.00 0.0 0 2.5 13 20 M M 2 3 16 10
15 98 72 85 4 0 20 0.29 0.0 0 4.2 23 200 M M 2 13 36 200
16 91 73 82 1 0 17 0.00 0.0 0 4.3 10 140 M M 6 1 13 130
17 95 74 85 4 0 20 0.00 0.0 0 3.8 12 150 M M 1 18 100
18 96 73 85 4 0 20 0.00 0.0 0 1.6 10 150 M M 1 15 170
19 96 75 86 5 0 21 0.00 0.0 0 1.9 10 170 M M 1 13 170
20 95 75 85 4 0 20 T 0.0 0 3.3 14 70 M M 2 3 17 60
21 96 75 86 5 0 21 0.00 0.0 0 3.5 13 30 M M 1 3 18 170
22 95 75 85 4 0 20 0.00 0.0 0 3.8 15 170 M M 2 23 150
23 94 74 84 3 0 19 0.01 0.0 0 6.1 23 140 M M 2 29 140
24 91 76 84 3 0 19 0.05 0.0 0 6.6 30 170 M M 4 18 39 170
25 93 74 84 3 0 19 0.00 0.0 0 6.2 20 220 M M 2 29 220
26 92 74 83 2 0 18 0.00 0.0 0 4.0 10 170 M M 1 14 110
27 88 75 82 1 0 17 T 0.0 0 3.9 14 180 M M 2 19 170
28 89 76 83 2 0 18 0.01 0.0 0 6.4 20 180 M M 9 26 170
29 92 76 84 3 0 19 0.00 0.0 0 7.0 17 230 M M 6 1 26 210
30 93 75 84 3 0 19 0.09 0.0 0 7.0 21 250 M M 2 38 30 240
31 94 75 85 4 0 20 T 0.0 0 8.5 23 210 M M 2 38 33 230
================================================================================
SM 2872 2294 0 575 4.90 0.0 132.1 M 94
================================================================================
AV 92.7 74.0 4.3 FASTST M M 3 MAX(MPH)
MISC ----> # 30 170 # 41 270
================================================================================
NOTES:
# LAST OF SEVERAL OCCURRENCES
COLUMN 17 PEAK WIND IN M.P.H.
PRELIMINARY LOCAL CLIMATOLOGICAL DATA (WS FORM: F-6) , PAGE 2
STATION: MERIDIAN
MONTH: JULY
YEAR: 2020
LATITUDE: 32 19 N
LONGITUDE: 88 45 W
[TEMPERATURE DATA] [PRECIPITATION DATA] SYMBOLS USED IN COLUMN 16
AVERAGE MONTHLY: 83.3 TOTAL FOR MONTH: 4.90 1 = FOG OR MIST
DPTR FM NORMAL: 2.7 DPTR FM NORMAL: -0.24 2 = FOG REDUCING VISIBILITY
HIGHEST: 98 ON 15 GRTST 24HR 1.08 ON 1- 1 TO 1/4 MILE OR LESS
LOWEST: 71 ON 2, 1 3 = THUNDER
SNOW, ICE PELLETS, HAIL 4 = ICE PELLETS
TOTAL MONTH: 0.0 INCH 5 = HAIL
GRTST 24HR 0.0 6 = FREEZING RAIN OR DRIZZLE
GRTST DEPTH: 0 7 = DUSTSTORM OR SANDSTORM:
VSBY 1/2 MILE OR LESS
8 = SMOKE OR HAZE
[NO. OF DAYS WITH] [WEATHER - DAYS WITH] 9 = BLOWING SNOW
X = TORNADO
MAX 32 OR BELOW: 0 0.01 INCH OR MORE: 15
MAX 90 OR ABOVE: 25 0.10 INCH OR MORE: 10
MIN 32 OR BELOW: 0 0.50 INCH OR MORE: 3
MIN 0 OR BELOW: 0 1.00 INCH OR MORE: 2
[HDD (BASE 65) ]
TOTAL THIS MO. 0 CLEAR (SCALE 0-3) 21
DPTR FM NORMAL 0 PTCLDY (SCALE 4-7) 9
TOTAL FM JUL 1 0 CLOUDY (SCALE 8-10) 1
DPTR FM NORMAL 0
[CDD (BASE 65) ]
TOTAL THIS MO. 575
DPTR FM NORMAL 91 [PRESSURE DATA]
TOTAL FM JAN 1 1453 HIGHEST SLP M ON M
DPTR FM NORMAL 306 LOWEST SLP 29.79 ON 12
[REMARKS]
#FINAL-07-20#