000
CXUS51 KCLE 010800
CF6MFD
PRELIMINARY LOCAL CLIMATOLOGICAL DATA (WS FORM: F-6)
STATION: MANSFIELD OH
MONTH: OCTOBER
YEAR: 2021
LATITUDE: 40 49 N
LONGITUDE: 82 31 W
TEMPERATURE IN F: :PCPN: SNOW: WIND :SUNSHINE: SKY :PK WND
================================================================================
1 2 3 4 5 6A 6B 7 8 9 10 11 12 13 14 15 16 17 18
12Z AVG MX 2MIN
DY MAX MIN AVG DEP HDD CDD WTR SNW DPTH SPD SPD DIR MIN PSBL S-S WX SPD DR
================================================================================
1 73 43 58 -1 7 0 0.00 0.0 0 4.5 10 130 M M 0 15 150
2 78 49 64 6 1 0 0.30 0.0 0 7.9 15 210 M M 3 1 18 210
3 72 64 68 10 0 3 0.09 0.0 0 10.0 18 190 M M 9 1 24 200
4 73 58 66 8 0 1 0.04 0.0 0 5.7 13 190 M M 8 1 17 200
5 77 55 66 9 0 1 0.00 0.0 0 5.8 15 30 M M 5 12 18 20
6 79 61 70 13 0 5 T 0.0 0 5.6 10 40 M M 7 128 12 100
7 70 64 67 11 0 2 0.03 0.0 0 6.8 13 160 M M 7 1 16 160
8 77 60 69 13 0 4 0.00 0.0 0 6.6 13 170 M M 6 1 16 150
9 76 59 68 12 0 3 0.00 0.0 0 7.5 16 170 M M 1 1 19 160
10 80 62 71 16 0 6 0.00 0.0 0 13.4 24 160 M M 3 1 29 170
11 81 64 73 18 0 8 0.00 0.0 0 11.5 16 140 M M 0 22 140
12 75 56 66 12 0 1 0.00 0.0 0 10.1 22 200 M M 6 29 190
13 74 52 63 9 2 0 0.00 0.0 0 6.9 13 160 M M 3 1 16 160
14 82 65 74 20 0 9 0.00 0.0 0 8.2 18 210 M M 2 23 200
15 78 58 68 15 0 3 0.29 0.0 0 7.9 23 200 M M 6 12 31 190
16 60 49 55 2 10 0 0.17 0.0 0 10.8 20 260 M M 9 1 30 270
17 61 44 53 1 12 0 0.00 0.0 0 8.9 22 310 M M 6 31 270
18 65 45 55 3 10 0 0.00 0.0 0 7.8 18 320 M M 0 8 24 320
19 71 42 57 5 8 0 0.00 0.0 0 7.1 17 230 M M 0 21 220
20 70 44 57 6 8 0 0.00 0.0 0 8.2 18 190 M M 1 22 190
21 66 50 58 7 7 0 0.42 0.0 0 11.5 22 280 M M 6 13 33 280
22 51 43 47 -4 18 0 0.02 0.0 0 4.9 15 320 M M 10 1 18 330
23 55 44 50 0 15 0 0.07 0.0 0 3.7 14 220 M M 9 1 18 220
24 59 43 51 1 14 0 0.82 0.0 0 5.7 17 310 M M 10 13 25 310
25 65 46 56 6 9 0 0.20 0.0 0 12.0 23 330 M M 8 1 29 330
26 50 42 46 -3 19 0 T 0.0 0 13.9 24 340 M M 10 1 30 340
27 53 42 48 -1 17 0 0.00 0.0 0 5.5 15 90 M M 10 1 17 90
28 65 48 57 9 8 0 0.29 0.0 0 11.4 20 110 M M 6 1 23 110
29 55 50 53 5 12 0 0.52 0.0 0 11.0 16 70 M M 10 1 22 90
30 56 49 53 5 12 0 0.04 0.0 0 7.9 14 60 M M 10 1 18 70
31 57 44 51 4 14 0 0.05 0.0 0 9.6 20 310 M M 9 1 26 310
================================================================================
SM 2104 1595 203 46 3.35 0.0 258.3 M 180
================================================================================
AV 67.9 51.5 8.3 FASTST M M 6 MAX(MPH)
MISC ----> # 24 160 33 280
================================================================================
NOTES:
# LAST OF SEVERAL OCCURRENCES
COLUMN 17 PEAK WIND IN M.P.H.
PRELIMINARY LOCAL CLIMATOLOGICAL DATA (WS FORM: F-6) , PAGE 2
STATION: MANSFIELD OH
MONTH: OCTOBER
YEAR: 2021
LATITUDE: 40 49 N
LONGITUDE: 82 31 W
[TEMPERATURE DATA] [PRECIPITATION DATA] SYMBOLS USED IN COLUMN 16
AVERAGE MONTHLY: 59.7 TOTAL FOR MONTH: 3.35 1 = FOG OR MIST
DPTR FM NORMAL: 6.7 DPTR FM NORMAL: 0.19 2 = FOG REDUCING VISIBILITY
HIGHEST: 82 ON 14 GRTST 24HR 0.82 ON 24-24 TO 1/4 MILE OR LESS
LOWEST: 42 ON 27,26 3 = THUNDER
SNOW, ICE PELLETS, HAIL 4 = ICE PELLETS
TOTAL MONTH: 0.0 INCH 5 = HAIL
GRTST 24HR 0.0 6 = FREEZING RAIN OR DRIZZLE
GRTST DEPTH: 0 7 = DUSTSTORM OR SANDSTORM:
VSBY 1/2 MILE OR LESS
8 = SMOKE OR HAZE
[NO. OF DAYS WITH] [WEATHER - DAYS WITH] 9 = BLOWING SNOW
X = TORNADO
MAX 32 OR BELOW: 0 0.01 INCH OR MORE: 15
MAX 90 OR ABOVE: 0 0.10 INCH OR MORE: 8
MIN 32 OR BELOW: 0 0.50 INCH OR MORE: 2
MIN 0 OR BELOW: 0 1.00 INCH OR MORE: 0
[HDD (BASE 65) ]
TOTAL THIS MO. 203 CLEAR (SCALE 0-3) 10
DPTR FM NORMAL -183 PTCLDY (SCALE 4-7) 11
TOTAL FM JUL 1 260 CLOUDY (SCALE 8-10) 10
DPTR FM NORMAL -241
[CDD (BASE 65) ]
TOTAL THIS MO. 46
DPTR FM NORMAL 34 [PRESSURE DATA]
TOTAL FM JAN 1 1155 HIGHEST SLP 30.32 ON 1
DPTR FM NORMAL 405 LOWEST SLP 29.42 ON 29
[REMARKS]
#FINAL-10-21#