000
CXUS51 KCLE 031749
CLSMFD
CLIMATE REPORT
NATIONAL WEATHER SERVICE CLEVELAND, OH
149 PM EDT SAT JUN 03 2023
...................................
...THE MANSFIELD OH CLIMATE SUMMARY FOR THE SEASON, FROM
3/1/2023 TO 5/31/2023...
CLIMATE NORMAL PERIOD 1991 TO 2020
CLIMATE RECORD PERIOD 1916 TO 2023
WEATHER OBSERVED NORMAL DEPART
VALUE DATE(S) VALUE FROM
NORMAL
................................................
TEMPERATURE (F)
RECORD
HIGH 92 05/18/1962
LOW -6 03/02/1980
HIGHEST 86 05/29
LOWEST 17 03/18
03/19
AVG. MAXIMUM 60.6 59.5 1.1
AVG. MINIMUM 39.1 39.1 0.0
MEAN 49.9 49.3 0.6
DAYS MAX >= 90 0 0.2
DAYS MAX <= 32 3 4.7
DAYS MIN <= 32 27 29.8
DAYS MIN <= 0 0 0.1
PRECIPITATION (INCHES)
RECORD
MAXIMUM 18.41 2011
MINIMUM 4.59 1934
TOTALS 9.83 11.80 -1.97
DAYS >= .01 33 42.8
DAYS >= .10 21 26.0
DAYS >= .50 6 7.8
DAYS >= 1.00 2 1.8
SNOWFALL (INCHES)
RECORDS
TOTAL 34.4 2005
TOTALS 0.8 9.5
DAYS >= TRACE 13
DAYS >= 1.0 0 3.1
DEGREE DAYS
HEATING TOTAL 1413 1511 -98
COOLING TOTAL 46 63 -17
................................................
WIND (MPH)
HIGHEST GUST SPEED/DIRECTION 62/240 DATE 03/25
SKY COVER
POSSIBLE SUNSHINE (PERCENT) MM
NUMBER OF DAYS FAIR 44
NUMBER OF DAYS PC 25
NUMBER OF DAYS CLOUDY 23
WEATHER CONDITIONS. NUMBER OF DAYS WITH
THUNDERSTORM 7 MIXED PRECIP 0
HEAVY RAIN 5 RAIN 14
LIGHT RAIN 32 FREEZING RAIN 0
LT FREEZING RAIN 1 HAIL 0
HEAVY SNOW 0 SNOW 2
LIGHT SNOW 12 SLEET 0
FOG 41 FOG W/VIS <= 1/4 MILE 3
HAZE 14
- INDICATES NEGATIVE NUMBERS.
R INDICATES RECORD WAS SET OR TIED.
MM INDICATES DATA IS MISSING.
T INDICATES TRACE AMOUNT.
$$