000
CXUS54 KBRO 010900
CF6MFE
PRELIMINARY LOCAL CLIMATOLOGICAL DATA (WS FORM: F-6)
STATION: MCALLEN
MONTH: DECEMBER
YEAR: 2020
LATITUDE: 26 10 N
LONGITUDE: 98 14 W
TEMPERATURE IN F: :PCPN: SNOW: WIND :SUNSHINE: SKY :PK WND
================================================================================
1 2 3 4 5 6A 6B 7 8 9 10 11 12 13 14 15 16 17 18
12Z AVG MX 2MIN
DY MAX MIN AVG DEP HDD CDD WTR SNW DPTH SPD SPD DIR MIN PSBL S-S WX SPD DR
================================================================================
1 73 38 56 -9 9 0 0.00 0.0 0 5.8 20 150 M M 0 25 130
2 81 52 67 2 0 2 0.00 0.0 0 7.2 20 340 M M 1 25 340
3 64 48 56 -8 9 0 T 0.0 0 12.7 24 340 M M 5 30 340
4 63 49 56 -8 9 0 T 0.0 0 9.0 18 350 M M 8 22 360
5 56 49 53 -11 12 0 0.28 0.0 0 7.0 14 10 M M 10 18 18 350
6 70 45 58 -6 7 0 0.02 0.0 0 8.4 25 310 M M 3 1 33 310
7 75 40 58 -5 7 0 0.00 0.0 0 4.0 12 10 M M 0 16 360
8 78 40 59 -4 6 0 0.00 0.0 0 1.6 8 290 M M 0 10 270
9 80 42 61 -2 4 0 0.00 0.0 0 4.5 13 140 M M 0 8 18 120
10 82 50 66 3 0 1 0.00 0.0 0 13.2 26 130 M M 0 1 33 130
11 85 65 75 13 0 10 0.00 0.0 0 8.8 21 160 M M 0 18 30 170
12 85 63 74 12 0 9 T 0.0 0 7.5 21 80 M M 6 18 25 80
13 85 63 74 12 0 9 0.00 0.0 0 11.9 30 340 M M 3 18 37 340
14 63 46 55 -7 10 0 0.00 0.0 0 9.5 22 340 M M 2 28 350
15 78 46 62 0 3 0 0.00 0.0 0 5.2 15 150 M M 2 21 180
16 69 45 57 -5 8 0 0.00 0.0 0 8.7 20 10 M M 0 23 10
17 71 38 55 -7 10 0 0.00 0.0 0 6.6 15 90 M M 0 18 90
18 76 51 64 3 1 0 0.00 0.0 0 13.1 25 130 M M 9 32 140
19 83 61 72 11 0 7 0.00 0.0 0 7.6 17 320 M M 5 25 270
20 77 51 64 3 1 0 0.00 0.0 0 3.2 9 140 M M 2 128 11 120
21 81 48 65 4 0 0 0.00 0.0 0 6.7 18 140 M M 0 23 150
22 82 60 71 10 0 6 0.00 0.0 0 12.4 22 140 M M 3 28 150
23 87 65 76 15 0 11 0.00 0.0 0 7.6 18 170 M M 3 26 160
24 68 36 52 -9 13 0 0.00 0.0 0 15.3 38 10 M M 3 18 48 10
25 71 34 53 -8 12 0 0.00 0.0 0 4.2 10 120 M M 0 8 14 140
26 75 39 57 -3 8 0 0.00 0.0 0 6.0 18 150 M M 0 24 160
27 82 48 65 5 0 0 0.00 0.0 0 10.5 22 130 M M 0 26 170
28 84 58 71 11 0 6 0.00 0.0 0 13.7 28 130 M M 5 1 34 140
29 84 65 75 15 0 10 T 0.0 0 17.6 32 130 M M 1 40 150
30 85 68 77 17 0 12 0.00 0.0 0 18.3 31 160 M M 6 40 150
31 67 42 55 -5 10 0 0.18 0.0 0 14.8 30 310 M M 5 13 42 320
================================================================================
SM 2360 1545 139 83 0.48 0.0 282.6 M 82
================================================================================
AV 76.1 49.8 9.1 FASTST M M 3 MAX(MPH)
MISC ----> 38 10 48 10
================================================================================
NOTES:
# LAST OF SEVERAL OCCURRENCES
COLUMN 17 PEAK WIND IN M.P.H.
PRELIMINARY LOCAL CLIMATOLOGICAL DATA (WS FORM: F-6) , PAGE 2
STATION: MCALLEN
MONTH: DECEMBER
YEAR: 2020
LATITUDE: 26 10 N
LONGITUDE: 98 14 W
[TEMPERATURE DATA] [PRECIPITATION DATA] SYMBOLS USED IN COLUMN 16
AVERAGE MONTHLY: 63.0 TOTAL FOR MONTH: 0.48 1 = FOG OR MIST
DPTR FM NORMAL: 1.0 DPTR FM NORMAL: -0.71 2 = FOG REDUCING VISIBILITY
HIGHEST: 87 ON 23 GRTST 24HR 0.30 ON 5- 6 TO 1/4 MILE OR LESS
LOWEST: 34 ON 25 3 = THUNDER
SNOW, ICE PELLETS, HAIL 4 = ICE PELLETS
TOTAL MONTH: 0.0 INCH 5 = HAIL
GRTST 24HR 0.0 6 = FREEZING RAIN OR DRIZZLE
GRTST DEPTH: 0 7 = DUSTSTORM OR SANDSTORM:
VSBY 1/2 MILE OR LESS
8 = SMOKE OR HAZE
[NO. OF DAYS WITH] [WEATHER - DAYS WITH] 9 = BLOWING SNOW
X = TORNADO
MAX 32 OR BELOW: 0 0.01 INCH OR MORE: 3
MAX 90 OR ABOVE: 0 0.10 INCH OR MORE: 2
MIN 32 OR BELOW: 0 0.50 INCH OR MORE: 0
MIN 0 OR BELOW: 0 1.00 INCH OR MORE: 0
[HDD (BASE 65) ]
TOTAL THIS MO. 139 CLEAR (SCALE 0-3) 22
DPTR FM NORMAL -38 PTCLDY (SCALE 4-7) 7
TOTAL FM JUL 1 160 CLOUDY (SCALE 8-10) 2
DPTR FM NORMAL -78
[CDD (BASE 65) ]
TOTAL THIS MO. 83
DPTR FM NORMAL 0 [PRESSURE DATA]
TOTAL FM JAN 1 5070 HIGHEST SLP 30.50 ON 24
DPTR FM NORMAL 618 LOWEST SLP 29.64 ON 30
[REMARKS]
#FINAL-12-20#