000
CXUS53 KGRB 012331
CF6MFI
PRELIMINARY LOCAL CLIMATOLOGICAL DATA (WS FORM: F-6)
STATION: MARSHFIELD WI
MONTH: OCTOBER
YEAR: 2023
LATITUDE: 44 37 N
LONGITUDE: 90 11 W
TEMPERATURE IN F: :PCPN: SNOW: WIND :SUNSHINE: SKY :PK WND
================================================================================
1 2 3 4 5 6A 6B 7 8 9 10 11 12 13 14 15 16 17 18
12Z AVG MX 2MIN
DY MAX MIN AVG DEP HDD CDD WTR SNW DPTH SPD SPD DIR MIN PSBL S-S WX SPD DR
================================================================================
1 87 58 73 20 0 8 0.00 0.0 0 7.2 20 230 M M 0 12 28 220
2 83 55 69 16 0 4 0.00 0.0 0 7.9 16 180 M M 0 22 170
3 83 56 70 18 0 5 0.00 0.0 0 10.4 23 200 M M 1 33 210
4 75 51 63 11 2 0 T 0.0 0 10.3 21 210 M M 5 27 250
5 68 44 56 5 9 0 0.00 0.0 0 9.9 21 290 M M 3 1 32 290
6 54 40 47 -4 18 0 0.07 0.0 0 10.8 23 330 M M 5 1 31 330
7 54 35 45 -5 20 0 0.00 0.0 0 10.2 20 320 M M 3 28 290
8 54 34 44 -6 21 0 T 0.0 0 4.8 13 320 M M 8 19 350
9 52 33 43 -7 22 0 0.00 0.0 0 12.2 23 320 M M 4 32 320
10 53 40 47 -2 18 0 T 0.0 0 6.2 15 320 M M 10 22 280
11 57 38 48 -1 17 0 0.00 0.0 0 4.7 10 80 M M 4 15 40
12 55 35 45 -3 20 0 0.10 0.0 0 11.5 18 110 M M 4 1 27 80
13 47 44 46 -2 19 0 1.38 0.0 0 16.0 24 80 M M 10 1 45 80
14 53 43 48 1 17 0 0.00 0.0 0 10.4 21 60 M M 9 1 31 60
15 59 39 49 2 16 0 0.00 0.0 0 10.3 20 340 M M 6 27 340
16 54 31 43 -3 22 0 0.00 0.0 0 6.5 13 300 M M 2 19 300
17 60 32 46 0 19 0 0.00 0.0 0 2.3 12 260 M M 1 12 17 240
18 61 43 52 6 13 0 T 0.0 0 7.1 18 180 M M 5 26 180
19 52 41 47 2 18 0 0.03 0.0 0 7.6 17 330 M M 10 1 22 330
20 58 40 49 4 16 0 0.00 0.0 0 8.6 21 320 M M 4 1 25 310
21 50 37 44 0 21 0 0.01 0.0 0 8.9 17 350 M M 8 1 27 340
22 54 29 42 -2 23 0 0.00 0.0 0 1.9 7 200 M M 2 1 9 60
23 54 38 46 2 19 0 0.13 0.0 0 7.1 17 130 M M 9 13 25 130
24 66 46 56 13 9 0 2.14 0.0 0 8.7 23 220 M M 9 138 30 230
25 59 53 56 13 9 0 0.15 0.0 0 6.7 12 220 M M 10 1 16 230
26 62 52 57 15 8 0 0.45 0.0 0 5.1 12 110 M M 10 12 15 120
27 62 36 49 7 16 0 T 0.0 0 13.5 23 300 M M 10 1 35 310
28 36 30 33 -8 32 0 0.01 T 0 9.1 17 330 M M 10 1 23 300
29 36 28 32 -9 33 0 0.00 0.0 0 7.7 15 330 M M 6 18 330
30 34 21 28 -12 37 0 0.00 0.0 0 10.3 17 300 M M 3 28 310
31 36 21 29 -11 36 0 0.03 0.4 T 8.6 20 330 M M 8 1 27 350
================================================================================
SM 1768 1223 530 17 4.50 0.4 262.5 M 179
================================================================================
AV 57.0 39.5 8.5 FASTST M M 6 MAX(MPH)
MISC ----> 24 80 45 80
================================================================================
NOTES:
# LAST OF SEVERAL OCCURRENCES
COLUMN 17 PEAK WIND IN M.P.H.
PRELIMINARY LOCAL CLIMATOLOGICAL DATA (WS FORM: F-6) , PAGE 2
STATION: MARSHFIELD WI
MONTH: OCTOBER
YEAR: 2023
LATITUDE: 44 37 N
LONGITUDE: 90 11 W
[TEMPERATURE DATA] [PRECIPITATION DATA] SYMBOLS USED IN COLUMN 16
AVERAGE MONTHLY: 48.2 TOTAL FOR MONTH: 4.50 1 = FOG OR MIST
DPTR FM NORMAL: 1.7 DPTR FM NORMAL: 2.48 2 = FOG REDUCING VISIBILITY
HIGHEST: 87 ON 1 GRTST 24HR 2.29 ON 24-25 TO 1/4 MILE OR LESS
LOWEST: 21 ON 31,30 3 = THUNDER
SNOW, ICE PELLETS, HAIL 4 = ICE PELLETS
TOTAL MONTH: 0.4 INCH 5 = HAIL
GRTST 24HR 0.4 ON 31-31 6 = FREEZING RAIN OR DRIZZLE
GRTST DEPTH: T 7 = DUSTSTORM OR SANDSTORM:
VSBY 1/2 MILE OR LESS
8 = SMOKE OR HAZE
[NO. OF DAYS WITH] [WEATHER - DAYS WITH] 9 = BLOWING SNOW
X = TORNADO
MAX 32 OR BELOW: 0 0.01 INCH OR MORE: 11
MAX 90 OR ABOVE: 0 0.10 INCH OR MORE: 6
MIN 32 OR BELOW: 7 0.50 INCH OR MORE: 2
MIN 0 OR BELOW: 0 1.00 INCH OR MORE: 2
[HDD (BASE 65) ]
TOTAL THIS MO. 530 CLEAR (SCALE 0-3) 7
DPTR FM NORMAL -46 PTCLDY (SCALE 4-7) 14
TOTAL FM JUL 1 682 CLOUDY (SCALE 8-10) 10
DPTR FM NORMAL -159
[CDD (BASE 65) ]
TOTAL THIS MO. 17
DPTR FM NORMAL 14 [PRESSURE DATA]
TOTAL FM JAN 1 520 HIGHEST SLP 30.39 ON 28
DPTR FM NORMAL 129 LOWEST SLP 29.60 ON 21
[REMARKS]
#FINAL-10-23#