000
CXUS54 KBMX 011010
CF6MGM
PRELIMINARY LOCAL CLIMATOLOGICAL DATA (WS FORM: F-6)
STATION: MONTGOMERY
MONTH: APRIL
YEAR: 2022
LATITUDE: 32 17 N
LONGITUDE: 86 24 W
TEMPERATURE IN F: :PCPN: SNOW: WIND :SUNSHINE: SKY :PK WND
================================================================================
1 2 3 4 5 6A 6B 7 8 9 10 11 12 13 14 15 16 17 18
12Z AVG MX 2MIN
DY MAX MIN AVG DEP HDD CDD WTR SNW DPTH SPD SPD DIR MIN PSBL S-S WX SPD DR
================================================================================
1 72 45 59 -3 6 0 0.00 0.0 0 3.8 12 290 M M 0 15 280
2 72 44 58 -5 7 0 0.00 0.0 0 2.6 10 80 M M 0 14 120
3 79 45 62 -1 3 0 0.00 0.0 0 4.2 14 350 M M 0 20 310
4 82 45 64 1 1 0 0.00 0.0 0 2.9 8 120 M M 0 11 100
5 71 56 64 1 1 0 2.14 0.0 0 8.4 36 270 M M 8 13 52 270
6 85 65 75 11 0 10 0.26 0.0 0 7.3 21 290 M M 8 13 26 290
7 73 48 61 -3 4 0 T 0.0 0 10.8 25 300 M M 3 31 310
8 67 43 55 -9 10 0 0.00 0.0 0 12.1 26 310 M M 3 41 250
9 65 40 53 -11 12 0 0.00 0.0 0 9.2 23 300 M M 1 29 270
10 80 38 59 -5 6 0 0.00 0.0 0 4.3 15 160 M M 0 20 160
11 70 48 59 -6 6 0 0.01 M 0 5.1 14 140 M M 3 19 150
12 83 56 70 5 0 5 0.00 0.0 0 5.7 12 130 M M 6 1 16 210
13 83 64 74 9 0 9 0.23 0.0 0 9.9 21 170 M M 3 3 29 160
14 81 56 69 4 0 4 0.16 0.0 0 7.5 21 140 M M 4 18 29 150
15 83 47 65 -1 0 0 0.00 0.0 0 6.1 13 120 M M 0 18 130
16 71 61 66 0 0 1 1.20 0.0 0 5.9 21 120 M M 9 13 26 170
17 69 62 66 0 0 1 1.43 0.0 0 5.8 18 80 M M 10 138 24 150
18 71 52 62 -4 3 0 0.02 0.0 0 9.7 22 300 M M 5 27 290
19 70 43 57 -9 8 0 0.00 0.0 0 4.4 20 20 M M 0 24 30
20 78 44 61 -6 4 0 0.00 0.0 0 8.1 18 100 M M 0 23 100
21 83 57 70 3 0 5 0.00 0.0 0 6.5 16 140 M M 0 20 130
22 84 56 70 3 0 5 0.00 0.0 0 5.6 14 110 M M 0 19 70
23 84 57 71 4 0 6 0.00 0.0 0 6.3 16 130 M M 0 21 130
24 86 60 73 5 0 8 0.00 0.0 0 6.5 14 150 M M 3 20 160
25 87 60 74 6 0 9 0.00 0.0 0 4.3 10 220 M M 1 16 210
26 75 56 66 -2 0 1 T 0.0 0 6.4 15 320 M M 5 18 320
27 80 48 64 -4 1 0 0.00 0.0 0 4.3 14 30 M M 0 16 30
28 83 48 66 -3 0 1 0.00 0.0 0 4.3 13 100 M M 1 16 40
29 84 58 71 2 0 6 0.00 0.0 0 7.5 17 130 M M 3 21 150
30 86 59 73 4 0 8 0.95 0.0 0 5.6 33 200 M M 3 13 52 200
================================================================================
SM 2337 1561 72 79 6.40 0.0 191.1 M 79
================================================================================
AV 77.9 52.0 6.4 FASTST M M 3 MAX(MPH)
MISC ----> 36 270 # 52 270
================================================================================
NOTES:
# LAST OF SEVERAL OCCURRENCES
COLUMN 17 PEAK WIND IN M.P.H.
PRELIMINARY LOCAL CLIMATOLOGICAL DATA (WS FORM: F-6) , PAGE 2
STATION: MONTGOMERY
MONTH: APRIL
YEAR: 2022
LATITUDE: 32 17 N
LONGITUDE: 86 24 W
[TEMPERATURE DATA] [PRECIPITATION DATA] SYMBOLS USED IN COLUMN 16
AVERAGE MONTHLY: 65.0 TOTAL FOR MONTH: 6.40 1 = FOG OR MIST
DPTR FM NORMAL: -0.7 DPTR FM NORMAL: 2.41 2 = FOG REDUCING VISIBILITY
HIGHEST: 87 ON 25 GRTST 24HR 2.14 ON 5- 5 TO 1/4 MILE OR LESS
LOWEST: 38 ON 10 3 = THUNDER
SNOW, ICE PELLETS, HAIL 4 = ICE PELLETS
TOTAL MONTH: 0.0 INCH 5 = HAIL
GRTST 24HR 0.0 6 = FREEZING RAIN OR DRIZZLE
GRTST DEPTH: 0 7 = DUSTSTORM OR SANDSTORM:
VSBY 1/2 MILE OR LESS
8 = SMOKE OR HAZE
[NO. OF DAYS WITH] [WEATHER - DAYS WITH] 9 = BLOWING SNOW
X = TORNADO
MAX 32 OR BELOW: 0 0.01 INCH OR MORE: 9
MAX 90 OR ABOVE: 0 0.10 INCH OR MORE: 7
MIN 32 OR BELOW: 0 0.50 INCH OR MORE: 4
MIN 0 OR BELOW: 0 1.00 INCH OR MORE: 3
[HDD (BASE 65) ]
TOTAL THIS MO. 72 CLEAR (SCALE 0-3) 20
DPTR FM NORMAL -3 PTCLDY (SCALE 4-7) 8
TOTAL FM JUL 1 1744 CLOUDY (SCALE 8-10) 2
DPTR FM NORMAL -246
[CDD (BASE 65) ]
TOTAL THIS MO. 79
DPTR FM NORMAL -17 [PRESSURE DATA]
TOTAL FM JAN 1 141 HIGHEST SLP 30.40 ON 22
DPTR FM NORMAL -7 LOWEST SLP 29.61 ON 5
[REMARKS]
#FINAL-04-22#