000
CXUS51 KPBZ 010730
CF6MGW
PRELIMINARY LOCAL CLIMATOLOGICAL DATA (WS FORM: F-6)
STATION: MORGANTOWN WV
MONTH: MARCH
YEAR: 2024
LATITUDE: 39 39 N
LONGITUDE: 79 55 W
TEMPERATURE IN F: :PCPN: SNOW: WIND :SUNSHINE: SKY :PK WND
================================================================================
1 2 3 4 5 6A 6B 7 8 9 10 11 12 13 14 15 16 17 18
12Z AVG MX 2MIN
DY MAX MIN AVG DEP HDD CDD WTR SNW DPTH SPD SPD DIR MIN PSBL S-S WX SPD DR
================================================================================
1 56 25 41 3 24 0 0.08 M M 6.4 20 170 M M 3 27 150
2 54 45 50 12 15 0 0.20 M M 2.1 10 170 M M 10 18 16 180
3 70 44 57 18 8 0 0.00 M M 3.1 9 220 M M 4 12 13 140
4 77 46 62 23 3 0 0.00 M M 6.7 16 120 M M 1 25 110
5 74 50 62 23 3 0 0.00 M M 5.1 13 150 M M 3 21 130
6 62 52 57 18 8 0 0.62 M M 3.9 12 360 M M 10 12 18 360
7 52 46 49 9 16 0 0.06 M M 3.5 12 330 M M 10 1 19 320
8 64 45 55 15 10 0 T M M 7.2 15 130 M M 4 1 21 120
9 55 42 49 9 16 0 0.97 M M 7.6 17 160 M M 10 1 27 150
10 42 32 37 -4 28 0 0.02 M M 11.0 22 280 M M 10 18 42 280
11 53 31 42 1 23 0 0.00 M M 8.7 15 280 M M 3 27 280
12 68 38 53 12 12 0 0.00 M M 7.1 15 210 M M 0 8 23 220
13 72 39 56 14 9 0 0.00 M M 3.6 12 220 M M 0 17 230
14 76 42 59 17 6 0 0.36 M M 4.0 22 320 M M 2 13 42 330
15 61 46 54 12 11 0 0.42 M M 6.7 17 180 M M 10 13 26 200
16 59 35 47 5 18 0 0.00 M M 6.6 15 230 M M 5 1 29 200
17 57 41 49 6 16 0 0.00 M M 9.4 18 230 M M 8 32 220
18 41 31 36 -7 29 0 T M M 7.1 14 300 M M 8 8 23 280
19 47 30 39 -4 26 0 0.02 M M 8.6 18 220 M M 9 18 33 230
20 57 31 44 0 21 0 0.00 M M 9.6 22 290 M M 6 38 220
21 46 24 35 -9 30 0 0.00 M M 3.6 10 330 M M 0 19 340
22 67 28 48 4 17 0 T M M 3.4 12 360 M M 4 19 350
23 52 31 42 -3 23 0 0.30 M M 7.5 21 350 M M 10 1 31 360
24 53 24 39 -6 26 0 0.00 M M 7.0 15 110 M M 1 31 100
25 69 40 55 9 10 0 0.00 M M 10.2 20 130 M M 0 30 160
26 62 48 55 9 10 0 0.37 M M 7.7 16 170 M M 5 1 25 150
27 67 45 56 10 9 0 0.00 M M 6.0 14 230 M M 3 23 180
28 53 37 45 -2 20 0 T M M 6.6 14 330 M M 5 24 330
29 59 40 50 3 15 0 0.01 M M 5.7 17 300 M M 5 29 320
30 64 35 50 3 15 0 0.26 M M 2.9 15 210 M M 6 13 22 210
31 67 46 57 9 8 0 0.00 M M 2.0 8 300 M M 7 18 12 270
================================================================================
SM 1856 1189 485 0 3.69 M 190.6 M 162
================================================================================
AV 59.9 38.4 6.1 FASTST M M 5 MAX(MPH)
MISC ----> # 22 280 # 42 280
================================================================================
NOTES:
# LAST OF SEVERAL OCCURRENCES
COLUMN 17 PEAK WIND IN M.P.H.
PRELIMINARY LOCAL CLIMATOLOGICAL DATA (WS FORM: F-6) , PAGE 2
STATION: MORGANTOWN WV
MONTH: MARCH
YEAR: 2024
LATITUDE: 39 39 N
LONGITUDE: 79 55 W
[TEMPERATURE DATA] [PRECIPITATION DATA] SYMBOLS USED IN COLUMN 16
AVERAGE MONTHLY: 49.1 TOTAL FOR MONTH: 3.69 1 = FOG OR MIST
DPTR FM NORMAL: 6.5 DPTR FM NORMAL: 0.04 2 = FOG REDUCING VISIBILITY
HIGHEST: 77 ON 4 GRTST 24HR 0.97 ON 9- 9 TO 1/4 MILE OR LESS
LOWEST: 24 ON 24,21 3 = THUNDER
SNOW, ICE PELLETS, HAIL 4 = ICE PELLETS
TOTAL MONTH: M 5 = HAIL
GRTST 24HR M ON M 6 = FREEZING RAIN OR DRIZZLE
GRTST DEPTH: M ON M 7 = DUSTSTORM OR SANDSTORM:
VSBY 1/2 MILE OR LESS
8 = SMOKE OR HAZE
[NO. OF DAYS WITH] [WEATHER - DAYS WITH] 9 = BLOWING SNOW
X = TORNADO
MAX 32 OR BELOW: 0 0.01 INCH OR MORE: 13
MAX 90 OR ABOVE: 0 0.10 INCH OR MORE: 8
MIN 32 OR BELOW: 10 0.50 INCH OR MORE: 2
MIN 0 OR BELOW: 0 1.00 INCH OR MORE: 0
[HDD (BASE 65) ]
TOTAL THIS MO. 485 CLEAR (SCALE 0-3) 8
DPTR FM NORMAL -211 PTCLDY (SCALE 4-7) 15
TOTAL FM JUL 1 3677 CLOUDY (SCALE 8-10) 8
DPTR FM NORMAL -764
[CDD (BASE 65) ]
TOTAL THIS MO. 0
DPTR FM NORMAL -2 [PRESSURE DATA]
TOTAL FM JAN 1 0 HIGHEST SLP 30.50 ON 1
DPTR FM NORMAL -2 LOWEST SLP 29.59 ON 9
[REMARKS]
#FINAL-03-24#