000
CXUS53 KFSD 011552
CF6MHE
PRELIMINARY LOCAL CLIMATOLOGICAL DATA (WS FORM: F-6)
STATION: MITCHELL SD
MONTH: JUNE
YEAR: 2022
LATITUDE: 43 46 N
LONGITUDE: 98 2 W
TEMPERATURE IN F: :PCPN: SNOW: WIND :SUNSHINE: SKY :PK WND
================================================================================
1 2 3 4 5 6A 6B 7 8 9 10 11 12 13 14 15 16 17 18
12Z AVG MX 2MIN
DY MAX MIN AVG DEP HDD CDD WTR SNW DPTH SPD SPD DIR MIN PSBL S-S WX SPD DR
================================================================================
1 69 44 57 -8 8 0 0.00 0.0 0 7.4 14 310 M M 0 23 330
2 77 49 63 -3 2 0 0.00 0.0 0 10.6 22 290 M M 1 31 280
3 71 42 57 -9 8 0 0.09 0.0 0 3.8 14 170 M M 5 1 20 170
4 74 54 64 -2 1 0 T 0.0 0 7.9 14 120 M M 4 20 120
5 66 53 60 -7 5 0 0.05 0.0 0 5.2 17 80 M M 6 1 22 70
6 70 57 64 -3 1 0 0.01 0.0 0 6.9 14 60 M M 9 1 19 60
7 73 55 64 -3 1 0 T 0.0 0 6.6 13 300 M M 5 3 17 300
8 73 55 64 -4 1 0 0.05 0.0 0 7.0 16 350 M M 5 13 23 350
9 71 52 62 -6 3 0 T 0.0 0 5.4 14 170 M M 6 20 160
10 78 56 67 -1 0 2 0.00 0.0 0 3.9 10 190 M M 4 1 17 170
11 87 62 75 6 0 10 0.15 0.0 0 5.8 14 310 M M 1 13 18 360
12 86 66 76 7 0 11 0.15 0.0 0 7.8 18 200 M M 2 1 28 280
13 89 66 78 9 0 13 0.72 0.0 0 11.5 41 270 M M 2 123 57 260
14 86 65 76 6 0 11 T 0.0 0 12.2 22 270 M M 1 3 37 190
15 83 59 71 1 0 6 0.04 0.0 0 9.5 25 160 M M 4 36 150
16 83 60 72 2 0 7 0.00 0.0 0 10.9 24 290 M M 0 34 280
17 87 56 72 2 0 7 0.00 0.0 0 8.4 18 140 M M 0 24 140
18 97 72 85 14 0 20 0.00 0.0 0 17.8 26 170 M M 0 43 180
19 98 77 88 17 0 23 0.00 0.0 0 17.1 28 180 M M 0 40 200
20 99 70 85 14 0 20 T 0.0 0 14.9 35 190 M M 1 3 60 180
21 83 62 73 1 0 8 0.00 0.0 0 10.7 22 300 M M 2 33 300
22 88 61 75 3 0 10 0.00 0.0 0 7.0 13 170 M M 0 19 200
23 95 66 81 9 0 16 0.00 0.0 0 11.9 18 180 M M 0 28 170
24 96 68 82 10 0 17 0.01 0.0 0 11.2 26 320 M M 1 3 39 320
25 77 60 69 -4 0 4 T 0.0 0 15.0 26 320 M M 3 37 290
26 79 54 67 -6 0 2 0.00 0.0 0 9.6 20 320 M M 1 29 330
27 88 49 69 -4 0 4 0.00 0.0 0 9.1 18 160 M M 1 27 200
28 91 62 77 4 0 12 0.00 0.0 0 8.2 20 220 M M 0 29 230
29 103 63 83 9 0 18 0.01 0.0 0 14.9 37 280 M M 0 3 55 260
30 90 63 77 3 0 12 0.00 0.0 0 8.6 20 10 M M 0 29 10
================================================================================
SM 2507 1778 30 233 1.28 0.0 286.8 M 64
================================================================================
AV 83.6 59.3 9.6 FASTST M M 2 MAX(MPH)
MISC ----> 41 270 60 180
================================================================================
NOTES:
# LAST OF SEVERAL OCCURRENCES
-COLUMN 17 PEAK WIND IN M.P.H.
-PRECIPITATION AMOUNTS IN COLUMNS 7,8 AND 9 ARE THE OFFICIAL
PRECIPITATION AMOUNTS FOR MITCHELL, SD.
-SNOW DEPTH IN COLUMN 9 IS RECORDED AT 6 AM CST (12Z).
PRELIMINARY LOCAL CLIMATOLOGICAL DATA (WS FORM: F-6) , PAGE 2
STATION: MITCHELL SD
MONTH: JUNE
YEAR: 2022
LATITUDE: 43 46 N
LONGITUDE: 98 2 W
[TEMPERATURE DATA] [PRECIPITATION DATA] SYMBOLS USED IN COLUMN 16
AVERAGE MONTHLY: 71.4 TOTAL FOR MONTH: 1.28 1 = FOG OR MIST
DPTR FM NORMAL: 1.5 DPTR FM NORMAL: -2.23 2 = FOG REDUCING VISIBILITY
HIGHEST: 103 ON 29 GRTST 24HR 0.84 ON 12-13 TO 1/4 MILE OR LESS
LOWEST: 42 ON 3 3 = THUNDER
SNOW, ICE PELLETS, HAIL 4 = ICE PELLETS
TOTAL MONTH: 0.0 INCH 5 = HAIL
GRTST 24HR 0.0 6 = FREEZING RAIN OR DRIZZLE
GRTST DEPTH: 0 7 = DUSTSTORM OR SANDSTORM:
VSBY 1/2 MILE OR LESS
8 = SMOKE OR HAZE
[NO. OF DAYS WITH] [WEATHER - DAYS WITH] 9 = BLOWING SNOW
X = TORNADO
MAX 32 OR BELOW: 0 0.01 INCH OR MORE: 10
MAX 90 OR ABOVE: 8 0.10 INCH OR MORE: 3
MIN 32 OR BELOW: 0 0.50 INCH OR MORE: 1
MIN 0 OR BELOW: 0 1.00 INCH OR MORE: 0
[HDD (BASE 65) ]
TOTAL THIS MO. 30 CLEAR (SCALE 0-3) 21
DPTR FM NORMAL -3 PTCLDY (SCALE 4-7) 8
TOTAL FM JUL 1 6855 CLOUDY (SCALE 8-10) 1
DPTR FM NORMAL -300
[CDD (BASE 65) ]
TOTAL THIS MO. 233
DPTR FM NORMAL 55 [PRESSURE DATA]
TOTAL FM JAN 1 274 HIGHEST SLP 30.34 ON 26
DPTR FM NORMAL 50 LOWEST SLP 29.29 ON 14
[REMARKS]
RECORD WARM MINIMUM TEMPERATURE WAS TIED ON THE 19TH WITH 76
DEGREES. THE PREVIOUS RECORD WAS 76 IN 1953.
#FINAL-06-22#