000
CXUS53 KDMX 221925
CF6MIW
PRELIMINARY LOCAL CLIMATOLOGICAL DATA (WS FORM: F-6)
STATION: MARSHALLTOWN IA
MONTH: FEBRUARY
YEAR: 2023
LATITUDE: 42 6 N
LONGITUDE: 92 55 W
TEMPERATURE IN F: :PCPN: SNOW: WIND :SUNSHINE: SKY :PK WND
================================================================================
1 2 3 4 5 6A 6B 7 8 9 10 11 12 13 14 15 16 17 18
12Z AVG MX 2MIN
DY MAX MIN AVG DEP HDD CDD WTR SNW DPTH SPD SPD DIR MIN PSBL S-S WX SPD DR
================================================================================
1 30 9 20 0 45 0 0.00 0.0 M 7.2 14 200 M M 0 19 210
2 23 -5 9 -11 56 0 0.00 0.0 M 15.0 30 350 M M 0 36 340
3 12 -9 2 -18 63 0 0.00 0.0 M 9.2 18 340 M M 6 25 160
4 43 11 27 7 38 0 0.00 0.0 M 8.4 18 160 M M 0 24 160
5 34 20 27 7 38 0 0.00 0.0 M 9.4 20 300 M M 0 1 22 300
6 48 18 33 13 32 0 0.00 0.0 M 14.6 31 130 M M 3 1 39 110
7 37 28 33 12 32 0 0.00 0.0 M 12.7 22 290 M M 3 29 290
8 46 24 35 14 30 0 0.00 0.0 M 6.7 15 170 M M 0 21 170
9 37 21 29 8 36 0 T 0.0 M 16.0 28 320 M M 9 1 35 310
10 33 12 23 1 42 0 0.00 0.0 M 9.4 20 320 M M 0 24 320
11 48 24 36 14 29 0 0.00 0.0 M 10.8 20 230 M M 0 25 230
12 47 27 37 15 28 0 0.00 0.0 M 8.8 15 250 M M 0 20 220
13 52 25 39 17 26 0 0.00 0.0 M 8.9 15 160 M M 0 21 180
14 48 37 43 20 22 0 0.47 0.0 M 14.3 25 200 M M 7 1 41 200
15 44 21 33 10 32 0 T 0.0 M 19.8 32 280 M M 10 1 48 290
16 26 4 15 -8 50 0 M M M 17.5 26 30 M M 9 1 33 40
17 28 -1 14 -10 51 0 0.00 0.0 M 9.1 18 190 M M 0 26 190
18 43 19 31 7 34 0 0.00 0.0 M 8.4 17 190 M M 0 26 190
19 45 28 37 13 28 0 0.00 0.0 M 10.7 18 190 M M 2 25 190
20 48 24 36 11 29 0 0.00 0.0 M 11.7 30 310 M M 1 1 40 300
21 31 15 23 -2 42 0 0.00 0.0 M 14.3 36 300 M M 4 48 320
22 33 27 30 4 35 0 M M M 19.5 31 70 M M 8 16 41 80
23 33 6 20 -6 45 0 M M M 18.4 30 290 M M 8 1 39 290
24 22 2 12 -14 53 0 M M M 8.1 15 320 M M 6 18 19 310
25 40 12 26 -1 39 0 0.00 0.0 M 6.4 18 200 M M 0 18 26 200
26 50 22 36 9 29 0 T 0.0 M 10.7 22 110 M M 2 138 29 140
27 45 33 39 11 26 0 M M M 17.6 26 300 M M 10 13 36 310
28 43 26 35 7 30 0 0.01 0.0 M 9.7 18 100 M M 5 18 23 340
================================================================================
SM 1069 480 1040 0 0.48 0.0 333.3 M 93
================================================================================
AV 38.2 17.1 11.9 FASTST M M 3 MAX(MPH)
MISC ----> 36 300 # 48 290
================================================================================
NOTES:
# LAST OF SEVERAL OCCURRENCES
COLUMN 17 PEAK WIND IN M.P.H.
PRELIMINARY LOCAL CLIMATOLOGICAL DATA (WS FORM: F-6) , PAGE 2
STATION: MARSHALLTOWN IA
MONTH: FEBRUARY
YEAR: 2023
LATITUDE: 42 6 N
LONGITUDE: 92 55 W
[TEMPERATURE DATA] [PRECIPITATION DATA] SYMBOLS USED IN COLUMN 16
AVERAGE MONTHLY: 27.7 TOTAL FOR MONTH: 0.48 1 = FOG OR MIST
DPTR FM NORMAL: 4.5 DPTR FM NORMAL: -0.03 2 = FOG REDUCING VISIBILITY
HIGHEST: 52 ON 13 GRTST 24HR 0.47 ON 14-14 TO 1/4 MILE OR LESS
LOWEST: -9 ON 3 3 = THUNDER
SNOW, ICE PELLETS, HAIL 4 = ICE PELLETS
TOTAL MONTH: 0.0 INCH 5 = HAIL
GRTST 24HR 0.0 6 = FREEZING RAIN OR DRIZZLE
GRTST DEPTH: M ON M 7 = DUSTSTORM OR SANDSTORM:
VSBY 1/2 MILE OR LESS
8 = SMOKE OR HAZE
[NO. OF DAYS WITH] [WEATHER - DAYS WITH] 9 = BLOWING SNOW
X = TORNADO
MAX 32 OR BELOW: 7 0.01 INCH OR MORE: 2
MAX 90 OR ABOVE: 0 0.10 INCH OR MORE: 1
MIN 32 OR BELOW: 26 0.50 INCH OR MORE: 0
MIN 0 OR BELOW: 3 1.00 INCH OR MORE: 0
[HDD (BASE 65) ]
TOTAL THIS MO. 1040 CLEAR (SCALE 0-3) 17
DPTR FM NORMAL -130 PTCLDY (SCALE 4-7) 6
TOTAL FM JUL 1 5023 CLOUDY (SCALE 8-10) 5
DPTR FM NORMAL -327
[CDD (BASE 65) ]
TOTAL THIS MO. 0
DPTR FM NORMAL 0 [PRESSURE DATA]
TOTAL FM JAN 1 0 HIGHEST SLP 30.74 ON 24
DPTR FM NORMAL 0 LOWEST SLP 29.02 ON 27
[REMARKS]
#FINAL-02-23#