000
CXUS55 KEAX 010736
CF6MKC
PRELIMINARY LOCAL CLIMATOLOGICAL DATA (WS FORM: F-6)
STATION: DOWNTOWN KANSAS CITY MO
MONTH: MARCH
YEAR: 2021
LATITUDE: 39 7 N
LONGITUDE: 94 36 W
TEMPERATURE IN F: :PCPN: SNOW: WIND :SUNSHINE: SKY :PK WND
================================================================================
1 2 3 4 5 6A 6B 7 8 9 10 11 12 13 14 15 16 17 18
12Z AVG MX 2MIN
DY MAX MIN AVG DEP HDD CDD WTR SNW DPTH SPD SPD DIR MIN PSBL S-S WX SPD DR
================================================================================
1 54 24 39 -1 26 0 0.00 M M 5.0 15 340 M M 0 20 250
2 62 30 46 5 19 0 0.00 M M 9.2 21 210 M M 0 8 30 200
3 71 32 52 11 13 0 0.00 M M 4.2 13 230 M M 0 18 210
4 72 32 52 10 13 0 0.00 M M 6.1 17 80 M M 0 27 70
5 58 37 48 6 17 0 0.00 M M 6.9 16 70 M M 1 23 80
6 66 35 51 9 14 0 0.00 M M 6.9 15 250 M M 0 32 270
7 69 43 56 13 9 0 0.00 M M 13.5 29 200 M M 0 40 200
8 72 45 59 16 6 0 0.00 M M 11.7 22 220 M M 0 30 220
9 77 54 66 22 0 1 0.00 M M 17.7 31 200 M M 1 8 44 210
10 76 48 62 18 3 0 0.41 M M 20.5 37 200 M M 6 13 50 210
11 60 39 50 6 15 0 0.00 M M 7.1 16 320 M M 4 22 330
12 50 43 47 2 18 0 0.04 M M 8.8 15 80 M M 7 23 60
13 51 43 47 2 18 0 T M M 9.6 15 80 M M 10 18 23 70
14 51 43 47 2 18 0 0.55 M M 12.4 23 90 M M 10 1 35 90
15 53 45 49 3 16 0 T M M 8.0 15 70 M M 9 1 22 80
16 48 42 45 -1 20 0 0.00 M M 8.0 15 60 M M 10 18 22 50
17 45 38 42 -4 23 0 0.90 M M 14.5 25 20 M M 10 13 40 10
18 47 37 42 -5 23 0 0.03 M M 13.3 29 340 M M 9 1 44 330
19 57 30 44 -3 21 0 0.00 M M 5.5 12 70 M M 0 8 17 60
20 63 36 50 2 15 0 0.00 M M 7.6 15 150 M M 0 24 110
21 68 47 58 10 7 0 0.00 M M 11.6 25 180 M M 0 36 190
22 65 53 59 11 6 0 T M M 7.6 17 130 M M 7 24 140
23 59 49 54 5 11 0 0.18 M M 12.4 24 200 M M 10 18 33 210
24 51 45 48 -1 17 0 T M M 9.5 20 230 M M 9 1 27 240
25 45 42 44 -5 21 0 0.22 M M 5.9 12 30 M M 10 1 17 40
26 63 35 49 -1 16 0 T M M 6.0 20 300 M M 2 18 30 300
27 64 47 56 6 9 0 0.06 M M 10.3 23 310 M M 5 1 34 320
28 59 36 48 -2 17 0 0.00 M M 8.9 22 300 M M 0 33 300
29 76 49 63 12 2 0 0.00 M M 19.9 33 180 M M 0 48 180
30 63 42 53 2 12 0 0.00 M M 14.4 28 190 M M 4 47 210
31 53 31 42 -9 23 0 0.00 M M 9.5 23 340 M M 1 35 330
================================================================================
SM 1868 1252 448 1 2.39 M 312.5 M 125
================================================================================
AV 60.3 40.4 10.1 FASTST M M 4 MAX(MPH)
MISC ----> 37 200 50 210
================================================================================
NOTES:
# LAST OF SEVERAL OCCURRENCES
COLUMN 17 PEAK WIND IN M.P.H.
PRELIMINARY LOCAL CLIMATOLOGICAL DATA (WS FORM: F-6) , PAGE 2
STATION: DOWNTOWN KANSAS CITY MO
MONTH: MARCH
YEAR: 2021
LATITUDE: 39 7 N
LONGITUDE: 94 36 W
[TEMPERATURE DATA] [PRECIPITATION DATA] SYMBOLS USED IN COLUMN 16
AVERAGE MONTHLY: 50.3 TOTAL FOR MONTH: 2.39 1 = FOG OR MIST
DPTR FM NORMAL: 4.3 DPTR FM NORMAL: 0.24 2 = FOG REDUCING VISIBILITY
HIGHEST: 77 ON 9 GRTST 24HR 0.92 ON 17-18 TO 1/4 MILE OR LESS
LOWEST: 24 ON 1 3 = THUNDER
SNOW, ICE PELLETS, HAIL 4 = ICE PELLETS
TOTAL MONTH: M 5 = HAIL
GRTST 24HR M ON M 6 = FREEZING RAIN OR DRIZZLE
GRTST DEPTH: M ON M 7 = DUSTSTORM OR SANDSTORM:
VSBY 1/2 MILE OR LESS
8 = SMOKE OR HAZE
[NO. OF DAYS WITH] [WEATHER - DAYS WITH] 9 = BLOWING SNOW
X = TORNADO
MAX 32 OR BELOW: 0 0.01 INCH OR MORE: 8
MAX 90 OR ABOVE: 0 0.10 INCH OR MORE: 5
MIN 32 OR BELOW: 6 0.50 INCH OR MORE: 2
MIN 0 OR BELOW: 0 1.00 INCH OR MORE: 0
[HDD (BASE 65) ]
TOTAL THIS MO. 448 CLEAR (SCALE 0-3) 16
DPTR FM NORMAL -146 PTCLDY (SCALE 4-7) 6
TOTAL FM JUL 1 4286 CLOUDY (SCALE 8-10) 9
DPTR FM NORMAL -37
[CDD (BASE 65) ]
TOTAL THIS MO. 1
DPTR FM NORMAL -4 [PRESSURE DATA]
TOTAL FM JAN 1 1 HIGHEST SLP M ON M
DPTR FM NORMAL -4 LOWEST SLP 29.45 ON 23
[REMARKS]
#FINAL-03-21#