000
CXUS54 KFWD 010830
CF6MKN
PRELIMINARY LOCAL CLIMATOLOGICAL DATA (WS FORM: F-6)
STATION: COMANCHE
MONTH: FEBRUARY
YEAR: 2021
LATITUDE: 31 55 N
LONGITUDE: 98 36 W
TEMPERATURE IN F: :PCPN: SNOW: WIND :SUNSHINE: SKY :PK WND
================================================================================
1 2 3 4 5 6A 6B 7 8 9 10 11 12 13 14 15 16 17 18
12Z AVG MX 2MIN
DY MAX MIN AVG DEP HDD CDD WTR SNW DPTH SPD SPD DIR MIN PSBL S-S WX SPD DR
================================================================================
1 61 38 50 M 15 0 0.00 M M 6.1 8 360 M M 0 M M
2 68 38 53 M 12 0 0.00 M M 7.3 16 210 M M 0 22 210
3 77 41 59 M 6 0 0.00 M M 11.5 18 180 M M 0 27 190
4 69 42 56 M 9 0 0.00 M M 14.2 23 360 M M 0 30 210
5 62 37 50 M 15 0 0.00 M M 5.1 13 150 M M 3 M M
6 62 38 50 M 15 0 0.00 M M 11.4 21 340 M M 4 30 340
7 71 36 54 M 11 0 0.00 M M 11.0 21 190 M M 1 28 190
8 76 35 56 M 9 0 0.00 M M 11.6 24 210 M M 2 24 210
9 41 30 36 M 29 0 M M M 8.9 14 350 M M 10 1 16 360
10 32 27 30 M 35 0 M M M 6.9 8 360 M M 10 1 M M
11 27 23 25 M 40 0 M M M M M M M M 10 1 M M
12 26 22 24 M 41 0 0.00 M 0 M M M M M 10 1 M M
13 28 19 24 M 41 0 0.00 M M M M M M M 10 M M
14 27 6 17 M 48 0 M M M M M M M M 10 M M
15 7 5 6 M 59 0 0.00 M M M M M M M 1 M M
16 M M M M M M M M M M M M M M M M M
17 26 22 24 M 41 0 0.00 M M 8.9 12 10 M M 4 M M
18 29 19 24 M 41 0 0.00 M M 11.9 17 340 M M 6 24 350
19 49 17 33 M 32 0 0.00 M M 6.2 10 190 M M 0 M M
20 63 31 47 M 18 0 0.00 M M 10.6 16 170 M M 0 22 190
21 74 45 60 M 5 0 0.00 M M 12.9 22 230 M M 3 26 210
22 73 40 57 M 8 0 0.00 M M 6.8 15 250 M M 0 23 250
23 82 48 65 M 0 0 0.00 0.0 M 14.1 21 200 M M 0 30 220
24 69 46 58 M 7 0 0.00 M M 10.9 20 330 M M 0 24 330
25 55 43 49 M 16 0 0.09 M M 7.1 13 20 M M 8 17 360
26 66 42 54 M 11 0 0.16 M M 4.9 8 160 M M 6 13 M M
27 70 50 60 M 5 0 0.00 M M 8.3 16 180 M M 8 12 27 180
28 71 49 60 M 5 0 0.00 M M 9.9 20 340 M M 7 1 24 340
================================================================================
SM 1461 889 574 0 0.25 0.0 206.5 M 113
================================================================================
AV 54.1 32.9 9.4 FASTST M M 4 MAX(MPH)
MISC ----> 24 210 # 30 210
================================================================================
NOTES:
# LAST OF SEVERAL OCCURRENCES
COLUMN 17 PEAK WIND IN M.P.H.
PRELIMINARY LOCAL CLIMATOLOGICAL DATA (WS FORM: F-6) , PAGE 2
STATION: COMANCHE
MONTH: FEBRUARY
YEAR: 2021
LATITUDE: 31 55 N
LONGITUDE: 98 36 W
[TEMPERATURE DATA] [PRECIPITATION DATA] SYMBOLS USED IN COLUMN 16
AVERAGE MONTHLY: 43.5 TOTAL FOR MONTH: 0.25 1 = FOG OR MIST
DPTR FM NORMAL: 0.0 DPTR FM NORMAL: -1.91 2 = FOG REDUCING VISIBILITY
HIGHEST: 82 ON 23 GRTST 24HR 0.16 ON 26-26 TO 1/4 MILE OR LESS
LOWEST: 5 ON 15 3 = THUNDER
SNOW, ICE PELLETS, HAIL 4 = ICE PELLETS
TOTAL MONTH: 0.0 INCH 5 = HAIL
GRTST 24HR 0.0 6 = FREEZING RAIN OR DRIZZLE
GRTST DEPTH: 0 7 = DUSTSTORM OR SANDSTORM:
VSBY 1/2 MILE OR LESS
8 = SMOKE OR HAZE
[NO. OF DAYS WITH] [WEATHER - DAYS WITH] 9 = BLOWING SNOW
X = TORNADO
MAX 32 OR BELOW: 8 0.01 INCH OR MORE: 2
MAX 90 OR ABOVE: 0 0.10 INCH OR MORE: 1
MIN 32 OR BELOW: 11 0.50 INCH OR MORE: 0
MIN 0 OR BELOW: 0 1.00 INCH OR MORE: 0
[HDD (BASE 65) ]
TOTAL THIS MO. 574 CLEAR (SCALE 0-3) 14
DPTR FM NORMAL M PTCLDY (SCALE 4-7) 6
TOTAL FM JUL 1 1908 CLOUDY (SCALE 8-10) 8
DPTR FM NORMAL M
[CDD (BASE 65) ]
TOTAL THIS MO. 0
DPTR FM NORMAL M [PRESSURE DATA]
TOTAL FM JAN 1 0 HIGHEST SLP M ON M
DPTR FM NORMAL M LOWEST SLP M ON M
[REMARKS]
#FINAL-02-21#