000
CXUS52 KMLB 011615
CLMMLB
CLIMATE REPORT
NATIONAL WEATHER SERVICE MELBOURNE FL
1215 PM EDT SAT JUL 01 2023
...................................
...THE MELBOURNE CLIMATE SUMMARY FOR THE MONTH OF JUNE 2023...
CLIMATE NORMAL PERIOD 1991 TO 2020
CLIMATE RECORD PERIOD 1939 TO 2023
WEATHER OBSERVED NORMAL DEPART LAST YEAR`S
VALUE DATE(S) VALUE FROM VALUE
NORMAL
..............................................................
TEMPERATURE (F)
MONTHLY RECORD
WARMEST 85.0 1998
COOLEST 76.9 1966
DAILY RECORD
HIGH 101 06/14/1998
06/06/1998
LOW 55 06/02/1984
JUNE 2023
HIGHEST 96 06/16 97
06/19
LOWEST 68 06/09 69
AVG. MAXIMUM 89.8 89.5 0.3 88.8
AVG. MINIMUM 72.4 74.3 -1.9 73.8
MEAN 81.1 81.9 -0.8 81.3
DAYS MAX >= 90 15 11.5 3.5 13
DAYS MAX <= 32 0 0.0 0.0 0
DAYS MIN <= 32 0 0.0 0.0 0
DAYS MIN <= 0 0 0.0 0.0 0
PRECIPITATION (INCHES)
MONTHLY RECORD
MAXIMUM 15.98 1966
MINIMUM 0.16 1998
DAILY RECORD
MAXIMUM 5.28 06/02/2007
JUNE 2023
TOTALS 6.00 7.10 -1.10 5.66
DAYS >= .01 16 13.9 2.1 12
DAYS >= .10 9 9.6 -0.6 10
DAYS >= .50 3 4.8 -1.8 5
DAYS >= 1.00 2 2.6 -0.6 2
GREATEST
24 HR. TOTAL 2.13 06/02 TO 06/02
SNOWFALL (INCHES)
TOTALS 0.0 MM MM 0.0
SINCE 7/1 T MM MM MM
DAYS >= TRACE 0 0
DEGREE DAYS
HEATING TOTAL 0 0 0 0
SINCE 7/1 242 391 -149 MM
COOLING TOTAL 490 507 -17 498
SINCE 1/1 1720 1500 220 MM
..............................................................
WIND (MPH)
AVERAGE WIND SPEED 8.7
HIGHEST WIND SPEED/DIRECTION 36/280 DATE 06/16
36/290 06/21
HIGHEST GUST SPEED/DIRECTION 47/290 DATE 06/16
SKY COVER
POSSIBLE SUNSHINE (PERCENT) MM
AVERAGE SKY COVER 0.21
NUMBER OF DAYS FAIR 27
NUMBER OF DAYS PC 3
NUMBER OF DAYS CLOUDY 0
AVERAGE RH (PERCENT) 75
WEATHER CONDITIONS. NUMBER OF DAYS WITH
THUNDERSTORM 20 MIXED PRECIP 0
HEAVY RAIN 7 RAIN 10
LIGHT RAIN 21 LT FREEZING RAIN 0
HAIL 0 LIGHT SNOW 0
SLEET 0 FOG 12
FOG W/VIS <= 1/4 MILE 1 HAZE 3
- INDICATES NEGATIVE NUMBERS.
R INDICATES RECORD WAS SET OR TIED.
MM INDICATES DATA IS MISSING.
T INDICATES TRACE AMOUNT.
$$