000
CXUS54 KTSA 010840
CF6MLC
PRELIMINARY LOCAL CLIMATOLOGICAL DATA (WS FORM: F-6)
STATION: MCALESTER OKLAHOMA
MONTH: APRIL
YEAR: 2020
LATITUDE: 34 52 N
LONGITUDE: 95 47 W
TEMPERATURE IN F: :PCPN: SNOW: WIND :SUNSHINE: SKY :PK WND
================================================================================
1 2 3 4 5 6A 6B 7 8 9 10 11 12 13 14 15 16 17 18
12Z AVG MX 2MIN
DY MAX MIN AVG DEP HDD CDD WTR SNW DPTH SPD SPD DIR MIN PSBL S-S WX SPD DR
================================================================================
1 72 42 57 -1 8 0 0.00 0.0 0 5.5 17 210 M M 1 25 200
2 75 59 67 9 0 2 0.00 0.0 0 10.4 22 190 M M 2 3 41 160
3 64 38 51 -7 14 0 0.35 0.0 0 9.4 20 330 M M 10 13 27 320
4 44 38 41 -17 24 0 T 0.0 0 8.4 15 10 M M 10 13 21 30
5 67 43 55 -4 10 0 0.00 0.0 0 2.8 10 200 M M 10 1 16 210
6 76 58 67 8 0 2 0.00 0.0 0 6.7 16 210 M M 9 28 200
7 87 66 77 18 0 12 0.00 0.0 0 8.6 17 220 M M 5 1 26 190
8 95 63 79 20 0 14 0.00 0.0 0 7.5 22 360 M M 1 1 29 360
9 73 53 63 3 2 0 0.00 0.0 0 9.8 20 10 M M 2 28 360
10 69 47 58 -2 7 0 0.00 0.0 0 4.4 10 70 M M 2 18 70
11 68 54 61 1 4 0 1.22 0.0 0 7.6 22 290 M M 7 13 34 290
12 74 41 58 -2 7 0 0.33 0.0 0 9.8 35 360 M M 9 13 54 30
13 50 36 43 -18 22 0 T M 0 12.7 24 350 M M 9 36 360
14 48 32 40 -21 25 0 0.02 0.0 0 4.7 16 10 M M 8 1 22 20
15 63 29 46 -15 19 0 0.00 0.0 0 3.3 13 240 M M 2 18 240
16 72 39 56 -6 9 0 0.00 0.0 0 8.9 18 190 M M 2 35 180
17 63 38 51 -11 14 0 T 0.0 0 9.7 17 360 M M 6 1 27 180
18 71 32 52 -10 13 0 0.01 0.0 0 4.6 13 200 M M 2 1 19 210
19 62 51 57 -5 8 0 0.07 0.0 0 4.1 13 10 M M 10 123 19 150
20 76 49 63 1 2 0 0.00 0.0 0 2.9 13 230 M M 5 12 18 220
21 85 48 67 4 0 2 0.00 0.0 0 2.3 9 120 M M 2 1 16 130
22 68 59 64 1 1 0 1.76 0.0 0 8.0 23 150 M M 7 13 42 140
23 79 58 69 6 0 4 0.00 0.0 0 6.6 16 320 M M 5 23 340
24 81 59 70 6 0 5 0.06 0.0 0 7.7 20 360 M M 5 3 29 150
25 75 48 62 -2 3 0 T 0.0 0 9.2 21 350 M M 2 34 340
26 80 44 62 -2 3 0 0.00 0.0 0 2.8 9 230 M M 2 14 210
27 80 62 71 7 0 6 0.00 0.0 0 8.7 21 190 M M 2 37 180
28 83 62 73 8 0 8 0.54 0.0 0 8.2 31 350 M M 6 13 40 350
29 73 49 61 -4 4 0 0.00 0.0 0 10.0 25 360 M M 3 40 340
30 79 45 62 -3 3 0 0.00 0.0 0 1.6 13 330 M M 2 17 320
================================================================================
SM 2152 1442 202 55 4.36 0.0 206.9 M 148
================================================================================
AV 71.7 48.1 6.9 FASTST M M 5 MAX(MPH)
MISC ----> # 35 360 # 54 30
================================================================================
NOTES:
# LAST OF SEVERAL OCCURRENCES
COLUMN 17 PEAK WIND IN M.P.H.
PRELIMINARY LOCAL CLIMATOLOGICAL DATA (WS FORM: F-6) , PAGE 2
STATION: MCALESTER OKLAHOMA
MONTH: APRIL
YEAR: 2020
LATITUDE: 34 52 N
LONGITUDE: 95 47 W
[TEMPERATURE DATA] [PRECIPITATION DATA] SYMBOLS USED IN COLUMN 16
AVERAGE MONTHLY: 59.9 TOTAL FOR MONTH: 4.36 1 = FOG OR MIST
DPTR FM NORMAL: -1.4 DPTR FM NORMAL: 0.46 2 = FOG REDUCING VISIBILITY
HIGHEST: 95 ON 8 GRTST 24HR 1.76 ON 22-22 TO 1/4 MILE OR LESS
LOWEST: 29 ON 15 3 = THUNDER
SNOW, ICE PELLETS, HAIL 4 = ICE PELLETS
TOTAL MONTH: 0.0 INCH 5 = HAIL
GRTST 24HR 0.0 6 = FREEZING RAIN OR DRIZZLE
GRTST DEPTH: 0 7 = DUSTSTORM OR SANDSTORM:
VSBY 1/2 MILE OR LESS
8 = SMOKE OR HAZE
[NO. OF DAYS WITH] [WEATHER - DAYS WITH] 9 = BLOWING SNOW
X = TORNADO
MAX 32 OR BELOW: 0 0.01 INCH OR MORE: 9
MAX 90 OR ABOVE: 1 0.10 INCH OR MORE: 5
MIN 32 OR BELOW: 3 0.50 INCH OR MORE: 3
MIN 0 OR BELOW: 0 1.00 INCH OR MORE: 2
[HDD (BASE 65) ]
TOTAL THIS MO. 202 CLEAR (SCALE 0-3) 13
DPTR FM NORMAL 37 PTCLDY (SCALE 4-7) 9
TOTAL FM JUL 1 2906 CLOUDY (SCALE 8-10) 8
DPTR FM NORMAL -249
[CDD (BASE 65) ]
TOTAL THIS MO. 55
DPTR FM NORMAL -1 [PRESSURE DATA]
TOTAL FM JAN 1 104 HIGHEST SLP 30.37 ON 14
DPTR FM NORMAL 30 LOWEST SLP 29.43 ON 12
[REMARKS]
#FINAL-04-20#