000
CXUS53 KDVN 011458
CLSMLI
CLIMATE REPORT
NATIONAL WEATHER SERVICE QUAD CITIES IA IL
858 AM CST FRI MAR 01 2024
...................................
...THE MOLINE IL CLIMATE SUMMARY FOR THE SEASON, FROM
12/1/2023 TO 2/29/2024...
CLIMATE NORMAL PERIOD 1991 TO 2020
CLIMATE RECORD PERIOD 1872 TO 2024
WEATHER OBSERVED NORMAL DEPART LAST YEAR`S
VALUE DATE(S) VALUE FROM VALUE
NORMAL
..............................................................
TEMPERATURE (F)
RECORD
HIGH 79 02/27/2024
LOW -33 01/31/2019
HIGHEST 79R 02/27 41 38
LOWEST -19 01/21 14 -33
AVG. MAXIMUM 42.3 35.1 7.2
AVG. MINIMUM 25.0 18.2 6.8
MEAN 33.6 26.6 7.0
DAYS MAX >= 90 0 0.0 0.0
DAYS MAX <= 32 13 36.9 -23.9
DAYS MIN <= 32 62 80.1 -18.1
DAYS MIN <= 0 8 9.6 -1.6
PRECIPITATION (INCHES)
RECORD
MAXIMUM 9.63 2019
MINIMUM 2.90 2022
TOTALS 6.37 5.53 0.84
DAILY AVG. 0.07
DAYS >= .01 30 27.5 2.5
DAYS >= .10 16
DAYS >= .50 2
DAYS >= 1.00 1 1.0 0.0
GREATEST
24 HR. TOTAL 1.31 01/12 TO 01/12
SNOWFALL (INCHES)
RECORDS
TOTAL 53.8 2014
24 HR TOTAL 16.7 02/01/2011 TO 02/02/2011
TOTALS 30.7 28.2 2.5
SINCE 7/1 33.3 30.6 2.7
SNOWDEPTH AVG. 2
DAYS >= TRACE 20 19.1 0.9
DAYS >= 1.0 5 8.1 -3.1
GREATEST
SNOW DEPTH 16 01/13
24 HR TOTAL 15.4 01/12 TO 01/12
DEGREE DAYS
HEATING TOTAL 2812 3456 -644
SINCE 7/1 3863 4715 -852
COOLING TOTAL 0 0 0
SINCE 1/1 0 0 0
..............................................................
WIND (MPH)
AVERAGE WIND SPEED 8.5
HIGHEST WIND SPEED/DIRECTION 36/310 DATE 02/27
36/300 02/28
HIGHEST GUST SPEED/DIRECTION 50/310 DATE 12/18
SKY COVER
AVERAGE SKY COVER 0.49
NUMBER OF DAYS FAIR 41
NUMBER OF DAYS PC 17
NUMBER OF DAYS CLOUDY 33
AVERAGE RH (PERCENT) 73
WEATHER CONDITIONS. NUMBER OF DAYS WITH
THUNDERSTORM 1 HAIL 0
SLEET 0 FOG 43
FOG W/VIS <= 1/4 MILE 10 HAZE 17
- INDICATES NEGATIVE NUMBERS.
R INDICATES RECORD WAS SET OR TIED.
MM INDICATES DATA IS MISSING.
T INDICATES TRACE AMOUNT.
$$
===================================================================
NOTE: SUPPLEMENTAL CLIMATE DATA WAS USED FROM A NEARBY
CLIMATOLOGICALLY REPRESENTATIVE STATION.
===================================================================
PARAMETER DATE
--------- ----
SNW ALL OBSERVED SNW ABOVE
WTR 12/2, 12/3, 12/28, 1/6, 1/8, 1/9, 1/12, 1/18