000
CXUS54 KMOB 010630
CF6MOB
PRELIMINARY LOCAL CLIMATOLOGICAL DATA (WS FORM: F-6)
STATION: MOBILE
MONTH: MARCH
YEAR: 2022
LATITUDE: 30 40 N
LONGITUDE: 88 15 W
TEMPERATURE IN F: :PCPN: SNOW: WIND :SUNSHINE: SKY :PK WND
================================================================================
1 2 3 4 5 6A 6B 7 8 9 10 11 12 13 14 15 16 17 18
12Z AVG MX 2MIN
DY MAX MIN AVG DEP HDD CDD WTR SNW DPTH SPD SPD DIR MIN PSBL S-S WX SPD DR
================================================================================
1 72 40 56 -2 9 0 0.00 0.0 0 4.4 10 360 M M 3 17 250
2 76 36 56 -2 9 0 0.00 0.0 0 3.3 15 180 M M 1 19 180
3 78 41 60 2 5 0 0.00 0.0 0 4.0 13 180 M M 5 17 160
4 79 41 60 1 5 0 0.00 0.0 0 5.0 17 150 M M 2 18 24 140
5 80 54 67 8 0 2 0.00 0.0 0 11.7 22 140 M M 4 1 31 150
6 81 65 73 14 0 8 0.00 0.0 0 12.0 21 140 M M 9 12 27 130
7 82 62 72 13 0 7 0.28 0.0 0 10.7 21 200 M M 9 18 31 220
8 66 51 59 0 6 0 0.28 0.0 0 7.5 18 10 M M 10 138 22 10
9 71 49 60 0 5 0 0.87 0.0 0 9.9 26 170 M M 9 138 38 170
10 75 49 62 2 3 0 0.10 0.0 0 4.4 13 20 M M 5 13 16 30
11 75 53 64 4 1 0 0.72 0.0 0 4.0 24 310 M M 9 123 40 300
12 54 32 43 -17 22 0 0.02 0.0 0 17.3 33 340 M M 4 1 49 340
13 59 28 44 -16 21 0 0.00 0.0 0 3.7 13 30 M M 1 19 50
14 70 33 52 -9 13 0 0.00 0.0 0 8.7 17 110 M M 5 23 140
15 74 55 65 4 0 0 1.86 0.0 0 8.8 18 120 M M 7 138 26 110
16 72 49 61 0 4 0 T 0.0 0 3.9 12 270 M M 7 18 17 270
17 74 44 59 -2 6 0 0.00 0.0 0 4.8 16 180 M M 3 22 200
18 81 59 70 9 0 5 0.90 0.0 0 13.4 31 200 M M 6 1238 44 190
19 71 46 59 -3 6 0 0.00 0.0 0 7.3 21 340 M M 3 27 350
20 76 39 58 -4 7 0 0.00 0.0 0 4.1 18 40 M M 1 26 50
21 74 45 60 -2 5 0 0.00 0.0 0 11.0 23 150 M M 4 31 150
22 73 64 69 7 0 4 0.65 0.0 0 18.8 31 140 M M 10 138 47 140
23 71 50 61 -1 4 0 T 0.0 0 5.7 16 220 M M 5 1 22 270
24 72 47 60 -2 5 0 0.00 0.0 0 6.3 20 200 M M 3 26 200
25 73 47 60 -3 5 0 0.00 0.0 0 6.8 16 280 M M 0 26 310
26 76 42 59 -4 6 0 0.00 0.0 0 5.6 16 340 M M 0 24 340
27 80 48 64 1 1 0 0.00 0.0 0 6.4 17 200 M M 1 18 24 210
28 82 56 69 6 0 4 0.00 0.0 0 6.3 16 220 M M 4 12 21 210
29 81 60 71 8 0 6 0.00 0.0 0 9.9 21 160 M M 6 128 31 200
30 79 60 70 6 0 5 0.88 0.0 0 19.0 36 200 M M 7 138 54 170
31 74 51 63 -1 2 0 0.06 0.0 0 4.8 14 320 M M 5 138 20 320
================================================================================
SM 2301 1496 150 41 6.62 0.0 249.5 M 148
================================================================================
AV 74.2 48.3 8.0 FASTST M M 5 MAX(MPH)
MISC ----> 36 200 54 170
================================================================================
NOTES:
# LAST OF SEVERAL OCCURRENCES
COLUMN 17 PEAK WIND IN M.P.H.
PRELIMINARY LOCAL CLIMATOLOGICAL DATA (WS FORM: F-6) , PAGE 2
STATION: MOBILE
MONTH: MARCH
YEAR: 2022
LATITUDE: 30 40 N
LONGITUDE: 88 15 W
[TEMPERATURE DATA] [PRECIPITATION DATA] SYMBOLS USED IN COLUMN 16
AVERAGE MONTHLY: 61.2 TOTAL FOR MONTH: 6.62 1 = FOG OR MIST
DPTR FM NORMAL: 0.3 DPTR FM NORMAL: 1.18 2 = FOG REDUCING VISIBILITY
HIGHEST: 82 ON 28, 7 GRTST 24HR 1.86 ON 15-15 TO 1/4 MILE OR LESS
LOWEST: 28 ON 13 3 = THUNDER
SNOW, ICE PELLETS, HAIL 4 = ICE PELLETS
TOTAL MONTH: 0.0 INCH 5 = HAIL
GRTST 24HR 0.0 6 = FREEZING RAIN OR DRIZZLE
GRTST DEPTH: 0 7 = DUSTSTORM OR SANDSTORM:
VSBY 1/2 MILE OR LESS
8 = SMOKE OR HAZE
[NO. OF DAYS WITH] [WEATHER - DAYS WITH] 9 = BLOWING SNOW
X = TORNADO
MAX 32 OR BELOW: 0 0.01 INCH OR MORE: 11
MAX 90 OR ABOVE: 0 0.10 INCH OR MORE: 9
MIN 32 OR BELOW: 2 0.50 INCH OR MORE: 6
MIN 0 OR BELOW: 0 1.00 INCH OR MORE: 1
[HDD (BASE 65) ]
TOTAL THIS MO. 150 CLEAR (SCALE 0-3) 10
DPTR FM NORMAL -25 PTCLDY (SCALE 4-7) 15
TOTAL FM JUL 1 1463 CLOUDY (SCALE 8-10) 6
DPTR FM NORMAL -95
[CDD (BASE 65) ]
TOTAL THIS MO. 41
DPTR FM NORMAL -6 [PRESSURE DATA]
TOTAL FM JAN 1 84 HIGHEST SLP 30.50 ON 13
DPTR FM NORMAL 13 LOWEST SLP 29.53 ON 30
[REMARKS]
#FINAL-03-22#