000
CXUS54 KMOB 010729
CLMMOB
CLIMATE REPORT
NATIONAL WEATHER SERVICE MOBILE AL
229 AM CDT THU JUN 01 2023
...................................
...THE MOBILE CLIMATE SUMMARY FOR THE MONTH OF MAY 2023...
CLIMATE NORMAL PERIOD: 1991 TO 2020
CLIMATE RECORD PERIOD: 1842 TO 2023
WEATHER OBSERVED NORMAL DEPART LAST YEAR`S
VALUE DATE(S) VALUE FROM VALUE DATE(S)
NORMAL
................................................................
TEMPERATURE (F)
RECORD
HIGH 100 05/27/1953
05/31/1951
LOW 43 05/04/2013
05/13/1960
HIGHEST 95 05/15 93 05/16
05/17
LOWEST 50 05/02 59 05/07
05/11
AVG. MAXIMUM 85.9 84.9 1.0 88.2
AVG. MINIMUM 65.2 63.8 1.4 67.4
MEAN 75.6 74.4 1.2 77.8
DAYS MAX >= 90 3 5.1 -2.1 11
DAYS MAX <= 32 0 0.0 0.0 0
DAYS MIN <= 32 0 0.0 0.0 0
DAYS MIN <= 0 0 0.0 0.0 0
PRECIPITATION (INCHES)
RECORD
MAXIMUM 15.08 1980
MINIMUM 0.22 1914
TOTALS 4.66 5.39 -0.73 7.26
DAILY AVG. 0.15 0.17 -0.02 0.23
DAYS >= .01 13 8.0 5.0 11
DAYS >= .10 9 5.8 3.2 9
DAYS >= .50 2 3.0 -1.0 7
DAYS >= 1.00 1 1.8 -0.8 3
GREATEST
24 HR. TOTAL 1.35 05/05 TO 05/05
DEGREE DAYS
HEATING TOTAL 0 4 -4 0
SINCE 7/1 1070 1613 -543 1508
COOLING TOTAL 334 294 40 405
SINCE 1/1 753 477 276 622
................................................................
WIND (MPH)
AVERAGE WIND SPEED 5.5
HIGHEST WIND SPEED/DIRECTION 29/340 DATE 05/12
HIGHEST GUST SPEED/DIRECTION 40/340 DATE 05/12
40/130 05/16
40/020 05/17
SKY COVER
POSSIBLE SUNSHINE (PERCENT)
AVERAGE SKY COVER 0.53
NUMBER OF DAYS FAIR 8
NUMBER OF DAYS PC 19
NUMBER OF DAYS CLOUDY 4
AVERAGE RH (PERCENT) 68
WEATHER CONDITIONS. NUMBER OF DAYS WITH
THUNDERSTORM 11 MIXED PRECIP 0
HEAVY RAIN 7 RAIN 4
LIGHT RAIN 13 FREEZING RAIN 0
LT FREEZING RAIN 0 HAIL 0
HEAVY SNOW 0 SNOW 0
LIGHT SNOW 0 SLEET 0
FOG 17 FOG W/VIS <= 1/4 MILE 5
HAZE 13
- INDICATES NEGATIVE NUMBERS.
R INDICATES RECORD WAS SET OR TIED.
MM INDICATES DATA IS MISSING.
T INDICATES TRACE AMOUNT.
$$