000
CXUS53 KBIS 011922
CF6MOT
PRELIMINARY LOCAL CLIMATOLOGICAL DATA (WS FORM: F-6)
STATION: MINOT ND
MONTH: MAY
YEAR: 2023
LATITUDE: 48 15 N
LONGITUDE: 101 16 W
TEMPERATURE IN F: :PCPN: SNOW: WIND :SUNSHINE: SKY :PK WND
================================================================================
1 2 3 4 5 6A 6B 7 8 9 10 11 12 13 14 15 16 17 18
12Z AVG MX 2MIN
DY MAX MIN AVG DEP HDD CDD WTR SNW DPTH SPD SPD DIR MIN PSBL S-S WX SPD DR
================================================================================
1 59 28 44 -6 21 0 0.00 M M 7.1 20 330 M M 0 30 30
2 70 29 50 0 15 0 0.00 M M 5.7 14 180 M M 0 18 180
3 79 48 64 13 1 0 0.00 M M 7.8 16 220 M M 0 8 27 220
4 74 36 55 4 10 0 0.00 M M 6.1 17 360 M M 0 29 340
5 67 35 51 -1 14 0 0.00 M M 10.5 21 70 M M 2 29 60
6 65 37 51 -1 14 0 0.00 M M 11.8 25 50 M M 1 37 80
7 59 48 54 1 11 0 0.20 M M 7.4 15 340 M M 10 1 19 350
8 59 46 53 0 12 0 0.18 M M 5.5 10 320 M M 9 1 15 50
9 73 38 56 3 9 0 0.03 M M 8.3 24 120 M M 5 12 32 110
10 81 42 62 8 3 0 0.00 M M 5.5 15 110 M M 3 12 18 130
11 77 51 64 10 1 0 0.85 M M 12.0 23 180 M M 3 13 32 20
12 57 54 56 1 9 0 2.35 M M 16.2 26 360 M M 10 1 36 360
13 57 49 53 -2 12 0 0.66 M M 16.5 26 360 M M 8 1 37 360
14 75 45 60 4 5 0 0.00 M M 6.8 13 360 M M 0 17 360
15 79 47 63 7 2 0 0.00 M M 8.4 14 230 M M 0 18 230
16 82 54 68 12 0 3 0.00 M M 6.0 15 200 M M 0 25 290
17 66 45 56 -1 9 0 0.05 M M 13.0 30 320 M M 5 8 40 320
18 50 42 46 -11 19 0 0.01 M M 12.8 24 330 M M 8 18 30 330
19 69 38 54 -3 11 0 0.00 M M 8.4 15 180 M M 1 19 190
20 81 49 65 7 0 0 0.00 M M 9.7 21 190 M M 0 30 190
21 75 45 60 2 5 0 0.00 M M 7.9 16 60 M M 0 25 30
22 83 50 67 9 0 2 0.00 M M 6.4 13 170 M M 0 20 140
23 84 51 68 9 0 3 0.00 M M 8.5 24 40 M M 1 34 50
24 88 57 73 14 0 8 T M M 14.2 26 110 M M 3 138 35 120
25 86 60 73 13 0 8 0.00 M M 14.4 26 170 M M 1 39 170
26 86 60 73 13 0 8 0.63 M M 16.8 32 170 M M 3 13 44 170
27 80 59 70 10 0 5 0.02 M M 9.3 18 160 M M 3 38 26 160
28 80 59 70 9 0 5 0.27 M M 7.4 31 120 M M 3 13 39 120
29 80 60 70 9 0 5 0.02 M M 5.8 22 260 M M 5 13 29 300
30 84 58 71 10 0 6 0.18 M M 7.6 26 300 M M 1 3 39 300
31 82 56 69 7 0 4 0.00 M M 5.5 18 180 M M 2 3 25 160
================================================================================
SM 2287 1476 183 57 5.45 M 289.3 M 87
================================================================================
AV 73.8 47.6 9.3 FASTST M M 3 MAX(MPH)
MISC ----> 32 170 44 170
================================================================================
NOTES:
# LAST OF SEVERAL OCCURRENCES
COLUMN 17 PEAK WIND IN M.P.H.
PRELIMINARY LOCAL CLIMATOLOGICAL DATA (WS FORM: F-6) , PAGE 2
STATION: MINOT ND
MONTH: MAY
YEAR: 2023
LATITUDE: 48 15 N
LONGITUDE: 101 16 W
[TEMPERATURE DATA] [PRECIPITATION DATA] SYMBOLS USED IN COLUMN 16
AVERAGE MONTHLY: 60.7 TOTAL FOR MONTH: 5.45 1 = FOG OR MIST
DPTR FM NORMAL: 4.6 DPTR FM NORMAL: 2.72 2 = FOG REDUCING VISIBILITY
HIGHEST: 88 ON 24 GRTST 24HR 2.93 ON 11-12 TO 1/4 MILE OR LESS
LOWEST: 28 ON 1 3 = THUNDER
SNOW, ICE PELLETS, HAIL 4 = ICE PELLETS
TOTAL MONTH: M 5 = HAIL
GRTST 24HR M ON M 6 = FREEZING RAIN OR DRIZZLE
GRTST DEPTH: M ON M 7 = DUSTSTORM OR SANDSTORM:
VSBY 1/2 MILE OR LESS
8 = SMOKE OR HAZE
[NO. OF DAYS WITH] [WEATHER - DAYS WITH] 9 = BLOWING SNOW
X = TORNADO
MAX 32 OR BELOW: 0 0.01 INCH OR MORE: 13
MAX 90 OR ABOVE: 0 0.10 INCH OR MORE: 8
MIN 32 OR BELOW: 2 0.50 INCH OR MORE: 4
MIN 0 OR BELOW: 0 1.00 INCH OR MORE: 1
[HDD (BASE 65) ]
TOTAL THIS MO. 183 CLEAR (SCALE 0-3) 21
DPTR FM NORMAL -114 PTCLDY (SCALE 4-7) 6
TOTAL FM JUL 1 8950 CLOUDY (SCALE 8-10) 4
DPTR FM NORMAL 642
[CDD (BASE 65) ]
TOTAL THIS MO. 57
DPTR FM NORMAL 36 [PRESSURE DATA]
TOTAL FM JAN 1 57 HIGHEST SLP 30.60 ON 14
DPTR FM NORMAL 35 LOWEST SLP 29.64 ON 29
[REMARKS]
#FINAL-05-23#