000
CXUS53 KBIS 010830
CF6MOT
PRELIMINARY LOCAL CLIMATOLOGICAL DATA (WS FORM: F-6)
STATION: MINOT ND
MONTH: MAY
YEAR: 2022
LATITUDE: 48 15 N
LONGITUDE: 101 16 W
TEMPERATURE IN F: :PCPN: SNOW: WIND :SUNSHINE: SKY :PK WND
================================================================================
1 2 3 4 5 6A 6B 7 8 9 10 11 12 13 14 15 16 17 18
12Z AVG MX 2MIN
DY MAX MIN AVG DEP HDD CDD WTR SNW DPTH SPD SPD DIR MIN PSBL S-S WX SPD DR
================================================================================
1 57 33 45 -5 20 0 0.00 M M 18.2 31 330 M M 1 41 350
2 57 27 42 -8 23 0 0.00 M M 4.7 21 100 M M 1 26 110
3 58 31 45 -6 20 0 0.00 M M 10.3 18 120 M M 3 28 120
4 69 35 52 1 13 0 0.00 M M 8.2 17 150 M M 1 24 190
5 75 44 60 8 5 0 0.00 M M 11.3 21 150 M M 0 30 160
6 74 46 60 8 5 0 T M M 12.3 39 210 M M 2 65 200
7 76 52 64 11 1 0 0.46 M M 13.9 32 150 M M 1 3 46 160
8 68 43 56 3 9 0 0.00 M M 8.1 25 210 M M 1 36 220
9 56 44 50 -3 15 0 M M M 9.1 25 280 M M 8 1 34 260
10 68 40 54 0 11 0 0.00 M M 12.7 25 190 M M 0 37 200
11 62 47 55 1 10 0 T M M 14.2 29 360 M M 9 37 360
12 63 48 56 1 9 0 0.45 M M 16.1 32 50 M M 7 13 43 40
13 56 47 52 -3 13 0 0.08 M M 24.0 43 230 M M 8 13 64 220
14 66 44 55 -1 10 0 0.01 M M 18.4 36 270 M M 6 48 280
15 69 48 59 3 6 0 0.00 M M 16.3 31 280 M M 2 42 280
16 68 40 54 -2 11 0 T M M 7.5 17 110 M M 5 23 100
17 80 50 65 8 0 0 T M M 11.0 22 170 M M 4 3 32 160
18 67 48 58 1 7 0 0.00 M M 18.3 36 270 M M 3 46 280
19 56 43 50 -7 15 0 0.42 M M 9.4 30 270 M M 8 13 46 270
20 47 34 41 -17 24 0 0.18 M M 18.2 32 330 M M 10 1 43 340
21 51 36 44 -14 21 0 T M M 9.1 22 310 M M 10 27 310
22 62 37 50 -8 15 0 0.00 M M 7.5 14 230 M M 4 19 250
23 64 44 54 -5 11 0 0.02 M M 9.0 22 190 M M 4 32 190
24 71 41 56 -3 9 0 0.00 M M 8.6 17 130 M M 1 22 130
25 74 47 61 1 4 0 0.00 M M 9.5 20 160 M M 3 8 31 200
26 80 54 67 7 0 2 0.00 M M 10.7 23 300 M M 3 31 280
27 82 50 66 6 0 1 0.06 M M 9.5 25 170 M M 3 32 180
28 78 53 66 5 0 1 0.01 M M 7.3 20 160 M M 4 8 28 160
29 71 54 63 2 2 0 0.05 M M 11.9 24 300 M M 8 1 29 310
30 62 55 59 -2 6 0 T M M 19.0 35 330 M M 10 46 320
31 64 49 57 -5 8 0 0.00 M M 25.9 41 320 M M 5 56 310
================================================================================
SM 2051 1364 303 4 1.74 M 390.2 M 135
================================================================================
AV 66.2 44.0 12.6 FASTST M M 4 MAX(MPH)
MISC ----> 43 230 65 200
================================================================================
NOTES:
# LAST OF SEVERAL OCCURRENCES
COLUMN 17 PEAK WIND IN M.P.H.
PRELIMINARY LOCAL CLIMATOLOGICAL DATA (WS FORM: F-6) , PAGE 2
STATION: MINOT ND
MONTH: MAY
YEAR: 2022
LATITUDE: 48 15 N
LONGITUDE: 101 16 W
[TEMPERATURE DATA] [PRECIPITATION DATA] SYMBOLS USED IN COLUMN 16
AVERAGE MONTHLY: 55.1 TOTAL FOR MONTH: 1.74 1 = FOG OR MIST
DPTR FM NORMAL: -1.0 DPTR FM NORMAL: -0.99 2 = FOG REDUCING VISIBILITY
HIGHEST: 82 ON 27 GRTST 24HR 0.71 ON 9- 9 TO 1/4 MILE OR LESS
LOWEST: 27 ON 2 3 = THUNDER
SNOW, ICE PELLETS, HAIL 4 = ICE PELLETS
TOTAL MONTH: M 5 = HAIL
GRTST 24HR M ON M 6 = FREEZING RAIN OR DRIZZLE
GRTST DEPTH: M ON M 7 = DUSTSTORM OR SANDSTORM:
VSBY 1/2 MILE OR LESS
8 = SMOKE OR HAZE
[NO. OF DAYS WITH] [WEATHER - DAYS WITH] 9 = BLOWING SNOW
X = TORNADO
MAX 32 OR BELOW: 0 0.01 INCH OR MORE: 10
MAX 90 OR ABOVE: 0 0.10 INCH OR MORE: 4
MIN 32 OR BELOW: 2 0.50 INCH OR MORE: 0
MIN 0 OR BELOW: 0 1.00 INCH OR MORE: 0
[HDD (BASE 65) ]
TOTAL THIS MO. 303 CLEAR (SCALE 0-3) 12
DPTR FM NORMAL 6 PTCLDY (SCALE 4-7) 13
TOTAL FM JUL 1 8431 CLOUDY (SCALE 8-10) 6
DPTR FM NORMAL 123
[CDD (BASE 65) ]
TOTAL THIS MO. 4
DPTR FM NORMAL -17 [PRESSURE DATA]
TOTAL FM JAN 1 4 HIGHEST SLP 30.29 ON 22
DPTR FM NORMAL -18 LOWEST SLP 29.11 ON 13
[REMARKS]
#FINAL-05-22#