000
CXUS53 KMPX 010653
CLMMPX
CLIMATE REPORT
NATIONAL WEATHER SERVICE TWIN CITIES/CHANHASSEN MN
153 AM CDT THU JUN 01 2023
...................................
...THE CHANHASSEN MN CLIMATE SUMMARY FOR THE MONTH OF MAY 2023...
CLIMATE NORMAL PERIOD 1991 TO 2020
CLIMATE RECORD PERIOD 1995 TO 2023
WEATHER OBSERVED NORMAL DEPART LAST YEAR`S
VALUE DATE(S) VALUE FROM VALUE DATE(S)
NORMAL
................................................................
TEMPERATURE (F)
HIGHEST 87 05/31 MM MM 91 05/12
LOWEST 32 05/03 MM MM 36 05/04
AVG. MAXIMUM 72.9 67.8 5.1 68.9
AVG. MINIMUM 49.8 46.8 3.0 48.0
MEAN 61.3 57.3 4.0 58.5
DAYS MAX >= 90 0 1
DAYS MAX <= 32 0 0
DAYS MIN <= 32 1 0
DAYS MIN <= 0 0 0
PRECIPITATION (INCHES)
TOTALS 2.36R 4.36 -2.00 3.76
DAILY AVG. 0.08 0.12
DAYS >= .01 9 16
DAYS >= .10 7 5
DAYS >= .50 1 2
DAYS >= 1.00 0 1
GREATEST
24 HR. TOTAL 0.57 05/14 TO 05/14 2.13
SNOWFALL (INCHES)
TOTALS 0.0 0.0 0.0 T
SINCE 7/1 102.3 54.7 47.6 MM
SNOWDEPTH AVG. 0 0
DAYS >= 1.0 0 0
GREATEST
SNOW DEPTH 0 0 MM
24 HR TOTAL MM
DEGREE DAYS
HEATING TOTAL 144 267 -123 241
SINCE 7/1 7897 7933 -36 MM
COOLING TOTAL 38 28 10 45
SINCE 1/1 55 30 25 MM
................................................................
- INDICATES NEGATIVE NUMBERS.
R INDICATES RECORD WAS SET OR TIED.
MM INDICATES DATA IS MISSING.
T INDICATES TRACE AMOUNT.
$$