000
CXUS52 KMHX 071219
CF6MRH
PRELIMINARY LOCAL CLIMATOLOGICAL DATA (WS FORM: F-6)
STATION: BEAUFORT/SMITH FIELD NC
MONTH: FEBRUARY
YEAR: 2023
LATITUDE: 34 43 N
LONGITUDE: 76 39 W
TEMPERATURE IN F: :PCPN: SNOW: WIND :SUNSHINE: SKY :PK WND
================================================================================
1 2 3 4 5 6A 6B 7 8 9 10 11 12 13 14 15 16 17 18
12Z AVG MX 2MIN
DY MAX MIN AVG DEP HDD CDD WTR SNW DPTH SPD SPD DIR MIN PSBL S-S WX SPD DR
================================================================================
1 57 42 50 4 15 0 T 0.0 0 9.4 21 20 M M 10 12 27 20
2 43 41 42 -4 23 0 0.73 0.0 0 8.8 16 360 M M 10 1 20 360
3 49 34 42 -4 23 0 0.15 0.0 0 11.1 21 320 M M 5 1 26 330
4 40 28 34 -13 31 0 0.00 0.0 0 10.0 23 20 M M 0 29 20
5 62 33 48 1 17 0 0.17 0.0 0 6.8 17 160 M M 7 1 26 180
6 62 41 52 5 13 0 0.00 0.0 0 9.7 23 340 M M 3 1 29 360
7 61 38 50 3 15 0 0.00 0.0 0 5.4 9 210 M M 0 8 13 140
8 65 49 57 10 8 0 0.00 0.0 0 5.9 13 220 M M 0 16 230
9 70 44 57 10 8 0 0.00 0.0 0 7.4 17 210 M M 4 12 22 210
10 69 57 63 16 2 0 0.10 0.0 0 11.9 20 210 M M 4 1 24 230
11 57 45 51 3 14 0 0.51 0.0 0 12.3 21 50 M M 10 1 28 60
12 66 45 56 8 9 0 1.45 0.0 0 13.3 25 260 M M 9 1 34 270
13 63 43 53 5 12 0 0.00 0.0 0 14.9 26 310 M M 4 33 300
14 63 39 51 3 14 0 0.00 0.0 0 5.6 13 70 M M 0 17 70
15 72 45 59 11 6 0 0.00 0.0 0 8.2 18 210 M M 1 24 210
16 73 56 65 17 0 0 0.00 0.0 0 10.8 17 220 M M 6 23 200
17 69 50 60 12 5 0 0.21 0.0 0 18.9 30 330 M M 8 1 40 330
18 51 36 44 -5 21 0 0.00 0.0 0 9.1 25 340 M M 1 32 340
19 62 34 48 -1 17 0 0.01 0.0 0 4.5 14 50 M M 4 1 17 50
20 65 57 61 12 4 0 0.00 0.0 0 12.9 22 220 M M 1 27 220
21 69 59 64 15 1 0 0.00 0.0 0 10.9 20 220 M M 1 26 230
22 71 50 61 12 4 0 0.00 0.0 0 9.7 22 210 M M 0 1 27 210
23 71 63 67 17 0 2 0.00 0.0 0 15.0 25 220 M M 2 1 32 220
24 82 54 68 18 0 3 T 0.0 0 11.3 20 330 M M 2 24 330
25 58 48 53 3 12 0 0.22 0.0 0 8.9 17 50 M M 10 1 23 40
26 55 46 51 1 14 0 0.00 0.0 0 7.6 14 340 M M 7 1 17 340
27 67 49 58 8 7 0 0.00 0.0 0 10.2 29 210 M M 6 1 37 200
28 80 59 70 20 0 5 0.00 0.0 0 12.7 30 230 M M 1 1 39 220
================================================================================
SM 1772 1285 295 10 3.55 0.0 283.2 M 116
================================================================================
AV 63.3 45.9 10.1 FASTST M M 4 MAX(MPH)
MISC ----> # 30 330 40 330
================================================================================
NOTES:
# LAST OF SEVERAL OCCURRENCES
COLUMN 17 PEAK WIND IN M.P.H.
PRELIMINARY LOCAL CLIMATOLOGICAL DATA (WS FORM: F-6) , PAGE 2
STATION: BEAUFORT/SMITH FIELD NC
MONTH: FEBRUARY
YEAR: 2023
LATITUDE: 34 43 N
LONGITUDE: 76 39 W
[TEMPERATURE DATA] [PRECIPITATION DATA] SYMBOLS USED IN COLUMN 16
AVERAGE MONTHLY: 54.6 TOTAL FOR MONTH: 3.55 1 = FOG OR MIST
DPTR FM NORMAL: 6.4 DPTR FM NORMAL: 0.22 2 = FOG REDUCING VISIBILITY
HIGHEST: 82 ON 24 GRTST 24HR 1.84 ON 11-12 TO 1/4 MILE OR LESS
LOWEST: 28 ON 4 3 = THUNDER
SNOW, ICE PELLETS, HAIL 4 = ICE PELLETS
TOTAL MONTH: 0.0 INCH 5 = HAIL
GRTST 24HR 0.0 6 = FREEZING RAIN OR DRIZZLE
GRTST DEPTH: 0 7 = DUSTSTORM OR SANDSTORM:
VSBY 1/2 MILE OR LESS
8 = SMOKE OR HAZE
[NO. OF DAYS WITH] [WEATHER - DAYS WITH] 9 = BLOWING SNOW
X = TORNADO
MAX 32 OR BELOW: 0 0.01 INCH OR MORE: 9
MAX 90 OR ABOVE: 0 0.10 INCH OR MORE: 8
MIN 32 OR BELOW: 1 0.50 INCH OR MORE: 3
MIN 0 OR BELOW: 0 1.00 INCH OR MORE: 1
[HDD (BASE 65) ]
TOTAL THIS MO. 295 CLEAR (SCALE 0-3) 13
DPTR FM NORMAL -177 PTCLDY (SCALE 4-7) 9
TOTAL FM JUL 1 1445 CLOUDY (SCALE 8-10) 6
DPTR FM NORMAL -431
[CDD (BASE 65) ]
TOTAL THIS MO. 10
DPTR FM NORMAL 9 [PRESSURE DATA]
TOTAL FM JAN 1 12 HIGHEST SLP 30.68 ON 4
DPTR FM NORMAL 12 LOWEST SLP 29.55 ON 28
[REMARKS]
#FINAL-02-23#