000
CXUS53 KMKX 011421
CF6MSN
PRELIMINARY LOCAL CLIMATOLOGICAL DATA (WS FORM: F-6)
STATION: MADISON WI
MONTH: DECEMBER
YEAR: 2021
LATITUDE: 43 7 N
LONGITUDE: 89 20 W
TEMPERATURE IN F: :PCPN: SNOW: WIND :SUNSHINE: SKY :PK WND
================================================================================
1 2 3 4 5 6A 6B 7 8 9 10 11 12 13 14 15 16 17 18
12Z AVG MX 2MIN
DY MAX MIN AVG DEP HDD CDD WTR SNW DPTH SPD SPD DIR MIN PSBL S-S WX SPD DR
================================================================================
1 50 29 40 10 25 0 T 0.0 0 7.3 15 190 M M 9 22 200
2 51 36 44 14 21 0 T 0.0 0 6.9 23 320 M M 5 39 330
3 43 29 36 7 29 0 0.12 T 0 3.3 12 20 M M 9 1 14 30
4 35 27 31 2 34 0 0.00 0.0 0 3.2 8 290 M M 7 1 14 290
5 36 31 34 5 31 0 0.04 T 0 8.8 21 150 M M 10 146 31 140
6 34 6 20 -8 45 0 T T 0 13.1 24 290 M M 5 42 310
7 22 6 14 -14 51 0 T T 0 7.6 18 160 M M 7 23 170
8 27 16 22 -6 43 0 T T 0 5.3 13 360 M M 8 18 330
9 39 21 30 3 35 0 T T T 6.0 17 140 M M 6 4 23 150
10 37 29 33 6 32 0 0.74 0.0 0 10.2 26 80 M M 8 1 34 90
11 37 29 33 7 32 0 0.12 0.4 0 10.3 23 310 M M 6 139 41 320
12 47 30 39 13 26 0 0.00 0.0 0 9.1 20 230 M M 4 30 230
13 50 26 38 12 27 0 0.00 0.0 0 3.7 13 220 M M 3 21 220
14 48 25 37 11 28 0 0.00 0.0 0 8.4 16 130 M M 7 21 130
15 68 47 58 33 7 0 0.01 0.0 0 15.7 37 170 M M 10 123 56 190
16 63 25 44 19 21 0 0.00 0.0 0 11.6 26 230 M M 6 8 50 210
17 30 18 24 -1 41 0 0.00 0.0 0 6.7 14 60 M M 7 19 50
18 32 22 27 3 38 0 0.00 0.0 0 8.8 15 350 M M 9 21 10
19 31 22 27 3 38 0 0.00 0.0 0 8.4 20 190 M M 9 29 190
20 39 19 29 5 36 0 0.00 0.0 0 6.3 15 200 M M 4 23 200
21 35 14 25 1 40 0 0.00 0.0 0 8.4 20 310 M M 5 32 230
22 25 12 19 -4 46 0 0.00 0.0 0 5.3 13 300 M M 5 19 300
23 39 20 30 7 35 0 0.00 0.0 0 5.2 15 140 M M 5 1 19 150
24 47 21 34 11 31 0 0.03 0.0 0 5.0 15 180 M M 8 12 21 180
25 43 22 33 10 32 0 T 0.0 0 5.9 14 10 M M 6 1 19 330
26 39 17 28 6 37 0 0.28 2.3 0 9.7 25 100 M M 6 1 35 90
27 38 23 31 9 34 0 0.04 0.2 2 7.4 28 110 M M 8 16 38 120
28 34 21 28 6 37 0 0.29 3.3 1 7.1 14 100 M M 8 1 20 100
29 34 11 23 1 42 0 0.00 0.0 3 6.4 15 300 M M 7 24 310
30 30 10 20 -2 45 0 0.01 0.1 3 4.3 12 180 M M 10 18 14 160
31 30 26 28 7 37 0 0.01 0.2 3 8.2 15 360 M M 10 146 20 20
================================================================================
SM 1213 690 1056 0 1.69 6.5 233.6 M 217
================================================================================
AV 39.1 22.3 7.5 FASTST M M 7 MAX(MPH)
MISC ----> 37 170 56 190
================================================================================
NOTES:
# LAST OF SEVERAL OCCURRENCES
COLUMN 17 PEAK WIND IN M.P.H.
PRELIMINARY LOCAL CLIMATOLOGICAL DATA (WS FORM: F-6) , PAGE 2
STATION: MADISON WI
MONTH: DECEMBER
YEAR: 2021
LATITUDE: 43 7 N
LONGITUDE: 89 20 W
[TEMPERATURE DATA] [PRECIPITATION DATA] SYMBOLS USED IN COLUMN 16
AVERAGE MONTHLY: 30.7 TOTAL FOR MONTH: 1.69 1 = FOG OR MIST
DPTR FM NORMAL: 5.4 DPTR FM NORMAL: 0.06 2 = FOG REDUCING VISIBILITY
HIGHEST: 68 ON 15 GRTST 24HR 0.86 ON 10-11 TO 1/4 MILE OR LESS
LOWEST: 6 ON 7, 6 3 = THUNDER
SNOW, ICE PELLETS, HAIL 4 = ICE PELLETS
TOTAL MONTH: 6.5 INCHES 5 = HAIL
GRTST 24HR 3.3 ON 28-28 6 = FREEZING RAIN OR DRIZZLE
GRTST DEPTH: 3 ON 31,30 7 = DUSTSTORM OR SANDSTORM:
VSBY 1/2 MILE OR LESS
8 = SMOKE OR HAZE
[NO. OF DAYS WITH] [WEATHER - DAYS WITH] 9 = BLOWING SNOW
X = TORNADO
MAX 32 OR BELOW: 8 0.01 INCH OR MORE: 11
MAX 90 OR ABOVE: 0 0.10 INCH OR MORE: 5
MIN 32 OR BELOW: 29 0.50 INCH OR MORE: 1
MIN 0 OR BELOW: 0 1.00 INCH OR MORE: 0
[HDD (BASE 65) ]
TOTAL THIS MO. 1056 CLEAR (SCALE 0-3) 0
DPTR FM NORMAL -176 PTCLDY (SCALE 4-7) 22
TOTAL FM JUL 1 2265 CLOUDY (SCALE 8-10) 9
DPTR FM NORMAL -476
[CDD (BASE 65) ]
TOTAL THIS MO. 0
DPTR FM NORMAL 0 [PRESSURE DATA]
TOTAL FM JAN 1 847 HIGHEST SLP 30.38 ON 19
DPTR FM NORMAL 219 LOWEST SLP 29.15 ON 11
[REMARKS]
#FINAL-12-21#