000
CXUS53 KMKX 021824
CLSMSN
CLIMATE REPORT
NATIONAL WEATHER SERVICE IN MILWAUKEE
108 PM CDT WED SEP 2 2020
...................................
...THE MADISON WI CLIMATE SUMMARY FOR THE SEASON, FROM
6/1/2020 TO 8/31/2020...
CLIMATE NORMAL PERIOD 1981 TO 2010
CLIMATE RECORD PERIOD 1871 TO 2020
WEATHER OBSERVED NORMAL DEPART LAST YEAR`S
VALUE DATE(S) VALUE FROM VALUE DATE(S)
NORMAL
................................................................
TEMPERATURE (F)
RECORD
HIGH 107 07/14/1936
LOW 31 06/10/1972
HIGHEST 92 07/26 94 -2 93 07/19
LOWEST 45 06/15 43 2 45 06/03
06/14
AVG. MAXIMUM 82.8 79.6 3.2 80.3
AVG. MINIMUM 60.8 58.7 2.1 59.9
MEAN 71.8 69.2 2.6 70.1
DAYS MAX >= 90 9 5.6 3.4 6
DAYS MAX <= 32 0 0.0 0.0 0
DAYS MIN <= 32 0 0.0 0.0 0
DAYS MIN <= 0 0 0.0 0.0 0
PRECIPITATION (INCHES)
RECORD
MAXIMUM 22.69 2007
MINIMUM 3.88 1895
TOTALS 15.54 12.99 2.55 13.78
DAILY AVG. 0.17 0.14 0.03 0.15
DAYS >= .01 27 31.1 -4.1 36
DAYS >= .10 22 20.1 1.9 25
DAYS >= .50 12 8.2 3.8 7
DAYS >= 1.00 5 3.7 1.3 5
GREATEST
24 HR. TOTAL 2.17 2.76
DEGREE_DAYS
HEATING TOTAL 30 98 -68 55
SINCE 7/1 11 37 -26 13
COOLING TOTAL 672 483 189 547
SINCE 1/1 712 513 199 567
FREEZE DATES
RECORD
EARLIEST 09/12/1955
LATEST 05/31/1966
EARLIEST 10/01
LATEST 05/10
.................................................................
WIND (MPH)
AVERAGE WIND SPEED 5.7
RESULTANT WIND SPEED/DIRECTION 1/159
HIGHEST WIND SPEED/DIRECTION 41/360 DATE 08/27
HIGHEST GUST SPEED/DIRECTION 56/350 DATE 06/02
SKY COVER
AVERAGE SKY COVER 0.50
NUMBER OF DAYS FAIR 27
NUMBER OF DAYS PC 60
NUMBER OF DAYS CLOUDY 5
AVERAGE RH (PERCENT) 71
- INDICATES NEGATIVE NUMBERS.
R INDICATES RECORD WAS SET OR TIED.
MM INDICATES DATA IS MISSING.
T INDICATES TRACE AMOUNT.
$$