000
CXUS51 KBTV 010800
CF6MSS
PRELIMINARY LOCAL CLIMATOLOGICAL DATA (WS FORM: F-6)
STATION: MASSENA NY
MONTH: NOVEMBER
YEAR: 2022
LATITUDE: 44 55 N
LONGITUDE: 74 51 W
TEMPERATURE IN F: :PCPN: SNOW: WIND :SUNSHINE: SKY :PK WND
================================================================================
1 2 3 4 5 6A 6B 7 8 9 10 11 12 13 14 15 16 17 18
12Z AVG MX 2MIN
DY MAX MIN AVG DEP HDD CDD WTR SNW DPTH SPD SPD DIR MIN PSBL S-S WX SPD DR
================================================================================
1 58 48 53 11 12 0 0.06 M M 4.2 10 220 M M 9 12 14 220
2 61 32 47 6 18 0 0.00 M M 2.4 10 240 M M 4 12 13 230
3 67 30 49 8 16 0 0.00 M M 4.2 17 220 M M 0 1 25 240
4 71 33 52 12 13 0 0.00 M M 6.6 21 230 M M 0 1 27 210
5 77 61 69 29 0 4 0.00 M M 14.5 24 210 M M 0 34 220
6 73 58 66 26 0 1 0.02 M M 13.4 24 210 M M 7 32 190
7 60 42 51 12 14 0 0.00 M M 15.3 29 260 M M 2 38 260
8 44 24 34 -5 31 0 0.00 M M 7.1 15 310 M M 0 20 330
9 53 19 36 -2 29 0 0.00 M M 1.4 16 210 M M 0 20 210
10 68 51 60 22 5 0 0.00 M M 14.5 26 220 M M 5 34 220
11 65 43 54 16 11 0 1.09 M M 6.7 16 210 M M 4 1 22 220
12 59 43 51 14 14 0 0.93 M M 7.1 18 300 M M 10 1 24 310
13 43 30 37 0 28 0 0.01 M M 9.2 18 300 M M 10 1 25 320
14 38 20 29 -7 36 0 0.00 M M 8.4 20 290 M M 6 24 280
15 34 18 26 -10 39 0 T M M 4.3 14 70 M M 2 18 60
16 33 29 31 -5 34 0 0.15 M M 6.7 13 260 M M 10 1 17 50
17 31 18 25 -10 40 0 T M M 9.0 20 280 M M 8 18 26 260
18 33 16 25 -10 40 0 0.04 M M 3.4 14 210 M M 9 18 18 230
19 33 24 29 -5 36 0 T M M 10.2 22 220 M M 9 18 27 210
20 29 12 21 -13 44 0 T M M 14.5 32 260 M M 4 1 46 270
21 40 9 25 -9 40 0 T M M 11.5 25 300 M M 7 1 40 260
22 34 15 25 -8 40 0 0.00 M M 4.9 23 280 M M 5 35 290
23 37 20 29 -4 36 0 0.01 M M 1.9 7 240 M M 9 128 9 250
24 41 17 29 -3 36 0 0.00 M M 2.5 10 100 M M 1 12 13 110
25 43 27 35 3 30 0 0.10 M M 9.2 25 280 M M 8 1 31 290
26 49 32 41 9 24 0 0.00 M M 13.3 28 210 M M 3 39 210
27 53 39 46 15 19 0 0.15 M M 8.6 18 220 M M 4 1 26 210
28 39 31 35 4 30 0 0.04 M M 8.2 17 320 M M 10 18 24 320
29 37 26 32 2 33 0 0.00 M M 2.8 9 260 M M 8 12 250
30 47 29 38 8 27 0 0.51 M M 12.7 35 220 M M 7 1 42 220
================================================================================
SM 1450 896 775 5 3.11 M 238.7 M 161
================================================================================
AV 48.3 29.9 8.0 FASTST M M 5 MAX(MPH)
MISC ----> 35 220 46 270
================================================================================
NOTES:
# LAST OF SEVERAL OCCURRENCES
COLUMN 17 PEAK WIND IN M.P.H.
PRELIMINARY LOCAL CLIMATOLOGICAL DATA (WS FORM: F-6) , PAGE 2
STATION: MASSENA NY
MONTH: NOVEMBER
YEAR: 2022
LATITUDE: 44 55 N
LONGITUDE: 74 51 W
[TEMPERATURE DATA] [PRECIPITATION DATA] SYMBOLS USED IN COLUMN 16
AVERAGE MONTHLY: 39.1 TOTAL FOR MONTH: 3.11 1 = FOG OR MIST
DPTR FM NORMAL: 3.3 DPTR FM NORMAL: 0.52 2 = FOG REDUCING VISIBILITY
HIGHEST: 77 ON 5 GRTST 24HR 2.02 ON 11-12 TO 1/4 MILE OR LESS
LOWEST: 9 ON 21 3 = THUNDER
SNOW, ICE PELLETS, HAIL 4 = ICE PELLETS
TOTAL MONTH: M 5 = HAIL
GRTST 24HR M ON M 6 = FREEZING RAIN OR DRIZZLE
GRTST DEPTH: M ON M 7 = DUSTSTORM OR SANDSTORM:
VSBY 1/2 MILE OR LESS
8 = SMOKE OR HAZE
[NO. OF DAYS WITH] [WEATHER - DAYS WITH] 9 = BLOWING SNOW
X = TORNADO
MAX 32 OR BELOW: 2 0.01 INCH OR MORE: 12
MAX 90 OR ABOVE: 0 0.10 INCH OR MORE: 6
MIN 32 OR BELOW: 21 0.50 INCH OR MORE: 3
MIN 0 OR BELOW: 0 1.00 INCH OR MORE: 1
[HDD (BASE 65) ]
TOTAL THIS MO. 775 CLEAR (SCALE 0-3) 8
DPTR FM NORMAL -103 PTCLDY (SCALE 4-7) 14
TOTAL FM JUL 1 1509 CLOUDY (SCALE 8-10) 8
DPTR FM NORMAL -170
[CDD (BASE 65) ]
TOTAL THIS MO. 5
DPTR FM NORMAL 5 [PRESSURE DATA]
TOTAL FM JAN 1 380 HIGHEST SLP 30.76 ON 9
DPTR FM NORMAL -26 LOWEST SLP 29.32 ON 27
[REMARKS]
#FINAL-11-22#