000
CXUS51 KBTV 010700
CF6MSS
PRELIMINARY LOCAL CLIMATOLOGICAL DATA (WS FORM: F-6)
STATION: MASSENA NY
MONTH: OCTOBER
YEAR: 2022
LATITUDE: 44 55 N
LONGITUDE: 74 51 W
TEMPERATURE IN F: :PCPN: SNOW: WIND :SUNSHINE: SKY :PK WND
================================================================================
1 2 3 4 5 6A 6B 7 8 9 10 11 12 13 14 15 16 17 18
12Z AVG MX 2MIN
DY MAX MIN AVG DEP HDD CDD WTR SNW DPTH SPD SPD DIR MIN PSBL S-S WX SPD DR
================================================================================
1 64 39 52 -1 13 0 0.00 M M 5.0 24 40 M M 2 1 30 50
2 55 31 43 -10 22 0 0.00 M M 9.8 23 40 M M 0 28 40
3 59 25 42 -10 23 0 0.00 M M 2.1 12 50 M M 0 12 15 50
4 65 27 46 -6 19 0 0.00 M M 1.0 8 60 M M 0 1 12 90
5 72 28 50 -2 15 0 0.00 M M 0.8 7 320 M M 0 10 320
6 73 42 58 7 7 0 0.01 M M 6.0 16 210 M M 3 8 20 210
7 59 37 48 -3 17 0 0.04 M M 10.1 22 300 M M 7 18 29 310
8 50 29 40 -10 25 0 T M M 9.3 20 250 M M 6 25 240
9 55 32 44 -6 21 0 0.05 M M 7.1 16 320 M M 7 1 23 290
10 54 29 42 -8 23 0 0.00 M M 2.6 14 290 M M 4 19 340
11 64 27 46 -3 19 0 0.00 M M 3.4 15 220 M M 0 20 220
12 73 38 56 7 9 0 T M M 5.8 20 210 M M 1 1 26 220
13 67 50 59 11 6 0 0.24 M M 9.1 30 170 M M 7 1 43 160
14 63 34 49 1 16 0 0.02 M M 4.0 15 230 M M 3 128 24 280
15 68 30 49 1 16 0 T M M 8.6 23 270 M M 3 36 240
16 59 30 45 -2 20 0 0.00 M M 3.4 15 220 M M 5 18 220
17 54 43 49 2 16 0 0.10 M M 3.9 18 260 M M 9 1 24 260
18 54 30 42 -5 23 0 0.01 M M 2.6 18 220 M M 6 1 24 220
19 50 27 39 -7 26 0 0.25 M M 5.4 22 200 M M 7 1 27 200
20 43 38 41 -5 24 0 0.22 M M 12.2 23 230 M M 9 1 32 210
21 61 36 49 3 16 0 T M M 9.1 21 220 M M 3 26 210
22 72 39 56 11 9 0 0.00 M M 8.8 21 210 M M 0 27 220
23 71 33 52 7 13 0 0.00 M M 1.4 12 50 M M 0 13 50
24 70 36 53 9 12 0 0.00 M M 3.3 12 60 M M 1 1 15 30
25 75 45 60 16 5 0 0.00 M M 2.5 8 30 M M 5 12 11 40
26 79 51 65 21 0 0 0.01 M M 7.3 22 220 M M 5 1 28 230
27 60 27 44 1 21 0 0.02 M M 8.8 26 270 M M 6 18 35 270
28 50 23 37 -6 28 0 0.00 M M 2.5 14 60 M M 0 1 17 50
29 62 24 43 0 22 0 0.00 M M 3.0 13 210 M M 0 16 250
30 65 25 45 3 20 0 0.00 M M 1.6 8 250 M M 0 1 12 280
31 62 36 49 7 16 0 0.06 M M 1.3 12 230 M M 3 1 15 230
================================================================================
SM 1928 1041 522 0 1.03 M 161.8 M 102
================================================================================
AV 62.2 33.6 5.2 FASTST M M 3 MAX(MPH)
MISC ----> 30 170 43 160
================================================================================
NOTES:
# LAST OF SEVERAL OCCURRENCES
COLUMN 17 PEAK WIND IN M.P.H.
PRELIMINARY LOCAL CLIMATOLOGICAL DATA (WS FORM: F-6) , PAGE 2
STATION: MASSENA NY
MONTH: OCTOBER
YEAR: 2022
LATITUDE: 44 55 N
LONGITUDE: 74 51 W
[TEMPERATURE DATA] [PRECIPITATION DATA] SYMBOLS USED IN COLUMN 16
AVERAGE MONTHLY: 47.9 TOTAL FOR MONTH: 1.03 1 = FOG OR MIST
DPTR FM NORMAL: 0.4 DPTR FM NORMAL: -2.40 2 = FOG REDUCING VISIBILITY
HIGHEST: 79 ON 26 GRTST 24HR 0.47 ON 19-20 TO 1/4 MILE OR LESS
LOWEST: 23 ON 28 3 = THUNDER
SNOW, ICE PELLETS, HAIL 4 = ICE PELLETS
TOTAL MONTH: M 5 = HAIL
GRTST 24HR M ON M 6 = FREEZING RAIN OR DRIZZLE
GRTST DEPTH: M ON M 7 = DUSTSTORM OR SANDSTORM:
VSBY 1/2 MILE OR LESS
8 = SMOKE OR HAZE
[NO. OF DAYS WITH] [WEATHER - DAYS WITH] 9 = BLOWING SNOW
X = TORNADO
MAX 32 OR BELOW: 0 0.01 INCH OR MORE: 12
MAX 90 OR ABOVE: 0 0.10 INCH OR MORE: 4
MIN 32 OR BELOW: 16 0.50 INCH OR MORE: 0
MIN 0 OR BELOW: 0 1.00 INCH OR MORE: 0
[HDD (BASE 65) ]
TOTAL THIS MO. 522 CLEAR (SCALE 0-3) 14
DPTR FM NORMAL -24 PTCLDY (SCALE 4-7) 15
TOTAL FM JUL 1 734 CLOUDY (SCALE 8-10) 2
DPTR FM NORMAL -66
[CDD (BASE 65) ]
TOTAL THIS MO. 0
DPTR FM NORMAL -2 [PRESSURE DATA]
TOTAL FM JAN 1 375 HIGHEST SLP M ON M
DPTR FM NORMAL -31 LOWEST SLP 29.56 ON 17
[REMARKS]
#FINAL-10-22#