000
CXUS52 KKEY 122352 CCB
CF6MTH
PRELIMINARY LOCAL CLIMATOLOGICAL DATA (WS FORM: F-6)...CORRECTED
STATION: MARATHON
MONTH: OCTOBER
YEAR: 2022
LATITUDE: 24 43 N
LONGITUDE: 81 5 W
TEMPERATURE IN F: :PCPN: SNOW: WIND :SUNSHINE: SKY :PK WND
================================================================================
1 2 3 4 5 6A 6B 7 8 9 10 11 12 13 14 15 16 17 18
12Z AVG MX 2MIN
DY MAX MIN AVG DEP HDD CDD WTR SNW DPTH SPD SPD DIR MIN PSBL S-S WX SPD DR
================================================================================
1 84 76 80 -3 0 15 0.00 0.0 0 6.9 10 320 M M 3 17 300
2 85 77 81 -2 0 16 0.00 0.0 0 7.8 14 320 M M 5 20 290
3 84 77 81 -2 0 16 0.00 0.0 0 7.3 13 320 M M 2 20 330
4 86 76 81 -2 0 16 0.00 0.0 0 6.6 12 60 M M 1 16 60
5 86 74 80 -3 0 15 0.15 0.0 0 6.8 14 30 M M 5 1 19 30
6 89 78 84 1 0 19 0.00 0.0 0 8.9 15 60 M M 1 20 70
7 88 79 84 1 0 19 0.00 0.0 0 11.4 17 40 M M 1 24 50
8 88 77 83 1 0 18 0.02 0.0 0 11.9 17 50 M M 1 1 24 40
9 90 79 85 3 0 20 0.37 0.0 0 9.0 16 50 M M 4 18 27 100
10 89 77 83 1 0 18 0.23 0.0 0 7.1 16 90 M M 3 1 28 80
11 91 82 87 5 0 22 0.00 0.0 0 8.8 14 70 M M 2 20 100
12 91 81 86 4 0 21 0.00 0.0 0 8.0 13 120 M M 1 20 100
13 90 77 84 2 0 19 0.11 0.0 0 8.0 17 330 M M 3 13 28 310
14 87 77 82 0 0 17 T 0.0 0 3.8 9 40 M M 2 15 50
15 90 79 85 4 0 20 0.30 0.0 0 6.4 20 70 M M 4 1 27 80
16 87 75 81 0 0 16 0.59 0.0 0 8.9 17 100 M M 2 1 29 100
17 87 78 83 2 0 18 0.01 0.0 0 5.7 14 130 M M 5 26 180
18 88 78 83 2 0 18 0.06 0.0 0 6.2 15 220 M M 2 24 210
19 81 66 74 -7 0 9 0.04 0.0 0 9.5 18 350 M M 6 29 350
20 75 66 71 -9 0 6 T 0.0 0 11.2 16 320 M M 6 25 320
21 78 70 74 -6 0 9 0.00 0.0 0 12.0 17 330 M M 5 27 340
22 84 71 78 -2 0 13 0.00 0.0 0 10.3 16 20 M M 1 25 10
23 84 74 79 -1 0 14 0.00 0.0 0 9.7 15 70 M M 0 21 70
24 85 75 80 0 0 15 0.00 0.0 0 8.5 13 60 M M 1 17 40
25 86 72 79 -1 0 14 0.00 0.0 0 7.7 15 50 M M 1 19 50
26 85 71 78 -1 0 13 0.00 0.0 0 3.0 8 360 M M 0 12 40
27 84 69 77 -2 0 12 0.00 0.0 0 4.6 10 70 M M 0 16 60
28 88 76 82 3 0 17 0.00 0.0 0 10.3 18 50 M M 3 25 40
29 86 76 81 2 0 16 0.00 0.0 0 9.1 16 40 M M 1 22 40
30 86 78 82 3 0 17 0.00 0.0 0 11.0 17 50 M M 3 24 50
31 90 79 85 7 0 20 0.00 0.0 0 7.5 12 80 M M 1 17 80
================================================================================
SM 2672 2340 0 498 1.88 0.0 253.9 M 75
================================================================================
AV 86.2 75.5 8.2 FASTST M M 2 MAX(MPH)
MISC ----> 20 70 # 29 100
================================================================================
NOTES:
# LAST OF SEVERAL OCCURRENCES
COLUMN 17 PEAK WIND IN M.P.H.
PRELIMINARY LOCAL CLIMATOLOGICAL DATA (WS FORM: F-6) , PAGE 2
STATION: MARATHON
MONTH: OCTOBER
YEAR: 2022
LATITUDE: 24 43 N
LONGITUDE: 81 5 W
[TEMPERATURE DATA] [PRECIPITATION DATA] SYMBOLS USED IN COLUMN 16
AVERAGE MONTHLY: 80.8 TOTAL FOR MONTH: 1.88 1 = FOG OR MIST
DPTR FM NORMAL: -0.2 DPTR FM NORMAL: -4.02 2 = FOG REDUCING VISIBILITY
HIGHEST: 91 ON 12,11 GRTST 24HR 0.89 ON 15-16 TO 1/4 MILE OR LESS
LOWEST: 66 ON 20,19 3 = THUNDER
SNOW, ICE PELLETS, HAIL 4 = ICE PELLETS
TOTAL MONTH: 0.0 INCH 5 = HAIL
GRTST 24HR 0.0 6 = FREEZING RAIN OR DRIZZLE
GRTST DEPTH: 0 7 = DUSTSTORM OR SANDSTORM:
VSBY 1/2 MILE OR LESS
8 = SMOKE OR HAZE
[NO. OF DAYS WITH] [WEATHER - DAYS WITH] 9 = BLOWING SNOW
X = TORNADO
MAX 32 OR BELOW: 0 0.01 INCH OR MORE: 10
MAX 90 OR ABOVE: 6 0.10 INCH OR MORE: 6
MIN 32 OR BELOW: 0 0.50 INCH OR MORE: 1
MIN 0 OR BELOW: 0 1.00 INCH OR MORE: 0
[HDD (BASE 65) ]
TOTAL THIS MO. 0 CLEAR (SCALE 0-3) 23
DPTR FM NORMAL 0 PTCLDY (SCALE 4-7) 8
TOTAL FM JUL 1 0 CLOUDY (SCALE 8-10) 0
DPTR FM NORMAL 0
[CDD (BASE 65) ]
TOTAL THIS MO. 498
DPTR FM NORMAL 2 [PRESSURE DATA]
TOTAL FM JAN 1 5006 HIGHEST SLP M ON M
DPTR FM NORMAL 466 LOWEST SLP 29.77 ON 1
[REMARKS]
#FINAL-10-22#
CORRECTED ALIGNMENT OF SNOW, ICE PELLETS, HAIL TABLE
CORRECTED MISSING 12Z SNOW DEPTHS TO 0
NB/DR