000
CXUS51 KBTV 010700
CF6MVL
PRELIMINARY LOCAL CLIMATOLOGICAL DATA (WS FORM: F-6)
STATION: MORRISVILLE VT
MONTH: JULY
YEAR: 2023
LATITUDE: 44 31 N
LONGITUDE: 72 37 W
TEMPERATURE IN F: :PCPN: SNOW: WIND :SUNSHINE: SKY :PK WND
================================================================================
1 2 3 4 5 6A 6B 7 8 9 10 11 12 13 14 15 16 17 18
12Z AVG MX 2MIN
DY MAX MIN AVG DEP HDD CDD WTR SNW DPTH SPD SPD DIR MIN PSBL S-S WX SPD DR
================================================================================
1 82 57 70 4 0 5 T M M 6.1 18 160 M M 2 128 24 140
2 71 64 68 2 0 3 0.41 M M 2.5 10 170 M M 10 18 14 230
3 81 64 73 7 0 8 0.01 M M 1.6 10 10 M M 5 1 13 10
4 85 62 74 8 0 9 0.57 M M 2.7 32 20 M M 5 123 40 20
5 90 61 76 10 0 11 0.00 M M 1.8 9 10 M M 2 12 11 360
6 90 63 77 10 0 12 0.00 M M 2.3 12 170 M M 4 12 14 160
7 86 64 75 8 0 10 0.23 M M 3.0 20 360 M M 3 13 25 360
8 86 66 76 9 0 11 0.00 M M 1.5 8 160 M M 5 1 11 170
9 82 65 74 7 0 9 1.14 M M 2.2 16 210 M M 6 123 30 190
10 M M M M M M 0.00 M M M M M M M M M M
11 83 64 74 7 0 9 0.08 M M 2.9 10 210 M M 1 1 15 190
12 83 57 70 3 0 5 0.00 M M 3.7 15 360 M M 3 12 21 360
13 84 56 70 3 0 5 0.63 M M 4.6 26 180 M M 4 13 38 180
14 81 59 70 3 0 5 0.12 M M 1.8 7 10 M M 7 123 9 10
15 85 64 75 8 0 10 0.00 M M 2.7 9 210 M M 3 1 14 190
16 84 66 75 8 0 10 2.56 M M 3.1 12 170 M M 7 123 14 170
17 83 65 74 7 0 9 0.00 M M 3.3 13 200 M M 4 128 19 170
18 84 65 75 8 0 10 0.23 M M 1.9 14 300 M M 6 138 21 310
19 78 58 68 1 0 3 0.00 M M 4.0 15 320 M M 4 12 19 320
20 82 54 68 1 0 3 0.00 M M 1.9 9 210 M M 3 12 12 210
21 75 56 66 -1 0 1 1.81 M M 5.6 20 150 M M 7 123 27 330
22 71 60 66 -1 0 1 0.10 M M 3.2 13 240 M M 9 12 17 250
23 82 56 69 2 0 4 0.00 M M 2.3 14 20 M M 3 123 17 330
24 84 56 70 3 0 5 T M M 3.3 20 170 M M 3 123 27 180
25 83 58 71 4 0 6 0.00 M M 2.4 10 360 M M 4 12 13 200
26 84 62 73 6 0 8 0.00 M M 5.4 13 210 M M 3 12 18 220
27 77 63 70 3 0 5 0.68 M M 1.5 10 190 M M 6 12 16 210
28 86 61 74 7 0 9 0.00 M M 3.4 13 340 M M 5 12 21 330
29 77 53 65 -2 0 0 0.32 M M 4.8 13 10 M M 7 1 18 350
30 73 54 64 -3 1 0 0.00 M M 5.3 15 360 M M 4 1 20 340
31 72 51 62 -5 3 0 0.02 M M 3.1 16 10 M M 5 23 10
================================================================================
SM 2444 1804 4 186 8.91 M 93.9 M 140
================================================================================
AV 81.5 60.1 3.1 FASTST M M 5 MAX(MPH)
MISC ----> 32 20 40 20
================================================================================
NOTES:
# LAST OF SEVERAL OCCURRENCES
COLUMN 17 PEAK WIND IN M.P.H.
PRELIMINARY LOCAL CLIMATOLOGICAL DATA (WS FORM: F-6) , PAGE 2
STATION: MORRISVILLE VT
MONTH: JULY
YEAR: 2023
LATITUDE: 44 31 N
LONGITUDE: 72 37 W
[TEMPERATURE DATA] [PRECIPITATION DATA] SYMBOLS USED IN COLUMN 16
AVERAGE MONTHLY: 70.8 TOTAL FOR MONTH: 8.91 1 = FOG OR MIST
DPTR FM NORMAL: 3.9 DPTR FM NORMAL: 4.70 2 = FOG REDUCING VISIBILITY
HIGHEST: 90 ON 6, 5 GRTST 24HR 2.56 ON 16-16 TO 1/4 MILE OR LESS
LOWEST: 51 ON 31 3 = THUNDER
SNOW, ICE PELLETS, HAIL 4 = ICE PELLETS
TOTAL MONTH: M 5 = HAIL
GRTST 24HR M ON M 6 = FREEZING RAIN OR DRIZZLE
GRTST DEPTH: M ON M 7 = DUSTSTORM OR SANDSTORM:
VSBY 1/2 MILE OR LESS
8 = SMOKE OR HAZE
[NO. OF DAYS WITH] [WEATHER - DAYS WITH] 9 = BLOWING SNOW
X = TORNADO
MAX 32 OR BELOW: 0 0.01 INCH OR MORE: 15
MAX 90 OR ABOVE: 2 0.10 INCH OR MORE: 12
MIN 32 OR BELOW: 0 0.50 INCH OR MORE: 6
MIN 0 OR BELOW: 0 1.00 INCH OR MORE: 3
[HDD (BASE 65) ]
TOTAL THIS MO. 4 CLEAR (SCALE 0-3) 6
DPTR FM NORMAL -34 PTCLDY (SCALE 4-7) 22
TOTAL FM JUL 1 4 CLOUDY (SCALE 8-10) 3
DPTR FM NORMAL -32
[CDD (BASE 65) ]
TOTAL THIS MO. 186
DPTR FM NORMAL 88 [PRESSURE DATA]
TOTAL FM JAN 1 248 HIGHEST SLP M ON M
DPTR FM NORMAL 97 LOWEST SLP 29.69 ON 21
[REMARKS]
#FINAL-07-23#