000
CXUS55 KBOI 111517
CF6MYL
PRELIMINARY LOCAL CLIMATOLOGICAL DATA (WS FORM: F-6)
STATION: MCCALL ID
MONTH: DECEMBER
YEAR: 2023
LATITUDE: 44 52 N
LONGITUDE: 116 6 W
TEMPERATURE IN F: :PCPN: SNOW: WIND :SUNSHINE: SKY :PK WND
================================================================================
1 2 3 4 5 6A 6B 7 8 9 10 11 12 13 14 15 16 17 18
12Z AVG MX 2MIN
DY MAX MIN AVG DEP HDD CDD WTR SNW DPTH SPD SPD DIR MIN PSBL S-S WX SPD DR
================================================================================
1 27 21 24 -1 41 0 0.15 M M 3.8 15 180 M M 10 12 19 180
2 31 20 26 2 39 0 0.34 M M 6.1 21 150 M M 9 12 31 150
3 34 22 28 4 37 0 0.31 M M 1.5 8 160 M M 10 12 12 170
4 37 34 36 12 29 0 0.03 M M 3.9 13 160 M M 3 1 19 160
5 47 34 41 17 24 0 0.00 M M 5.5 13 180 M M 3 1 18 170
6 46 32 39 16 26 0 0.17 M M 4.3 21 200 M M 9 1 29 200
7 36 28 32 9 33 0 0.29 M M 7.0 17 190 M M 7 12 21 190
8 30 10 20 -3 45 0 T M M 2.7 12 310 M M 6 18 15 250
9 24 2 13 -10 52 0 0.01 M M 1.2 7 150 M M 6 12 12 160
10 30 22 26 4 39 0 0.35 M M 0.7 8 180 M M 10 12 10 160
11 33 29 31 9 34 0 T M M 1.1 6 310 M M 10 1 8 280
12 29 21 25 3 40 0 0.00 M M 2.3 6 190 M M 3 1 7 190
13 M M M M M M 0.00 M M M M M M M 0 M M
14 M M M M M M 0.00 M M M M M M M 0 M M
15 M M M M M M 0.00 M M M M M M M 0 M M
16 M M M M M M 0.00 M M M M M M M 0 M M
17 M M M M M M 0.00 M M M M M M M 0 M M
18 30 25 28 7 37 0 T M M 2.1 8 190 M M 4 1 11 190
19 39 25 32 11 33 0 0.15 M M 1.3 6 330 M M 10 12 7 70
20 42 30 36 15 29 0 0.02 M M 0.3 6 340 M M 9 12 7 190
21 31 26 29 8 36 0 0.00 M M 0.4 3 180 M M 10 12 5 170
22 34 25 30 9 35 0 0.07 M M 2.0 13 310 M M 10 12 21 320
23 30 8 19 -2 46 0 0.00 M M 6.0 15 30 M M 3 24 40
24 25 -3 11 -10 54 0 0.00 M M 1.3 8 200 M M 1 1 11 190
25 25 -1 12 -9 53 0 0.00 M M 1.2 8 200 M M 2 8 200
26 32 16 24 3 41 0 0.12 M M 1.9 9 180 M M 7 12 10 190
27 29 21 25 4 40 0 T M M 2.3 7 260 M M 7 1 9 80
28 36 22 29 8 36 0 T M M 0.8 6 230 M M 6 18 6 120
29 38 18 28 7 37 0 0.00 M M 1.1 6 60 M M 5 128 6 70
30 36 17 27 6 38 0 0.07 M M 1.5 13 360 M M 5 12 15 360
31 31 21 26 5 39 0 0.00 M M 0.8 7 190 M M 9 128 8 180
================================================================================
SM 862 525 993 0 2.08 M 63.1 M 174
================================================================================
AV 33.2 20.2 2.4 FASTST M M 6 MAX(MPH)
MISC ----> # 21 150 31 150
================================================================================
NOTES:
# LAST OF SEVERAL OCCURRENCES
COLUMN 17 PEAK WIND IN M.P.H.
PRELIMINARY LOCAL CLIMATOLOGICAL DATA (WS FORM: F-6) , PAGE 2
STATION: MCCALL ID
MONTH: DECEMBER
YEAR: 2023
LATITUDE: 44 52 N
LONGITUDE: 116 6 W
[TEMPERATURE DATA] [PRECIPITATION DATA] SYMBOLS USED IN COLUMN 16
AVERAGE MONTHLY: 26.7 TOTAL FOR MONTH: 2.08 1 = FOG OR MIST
DPTR FM NORMAL: 4.7 DPTR FM NORMAL: -0.75 2 = FOG REDUCING VISIBILITY
HIGHEST: 47 ON 5 GRTST 24HR 0.38 ON 2- 3 TO 1/4 MILE OR LESS
LOWEST: -3 ON 24 3 = THUNDER
SNOW, ICE PELLETS, HAIL 4 = ICE PELLETS
TOTAL MONTH: M 5 = HAIL
GRTST 24HR M ON M 6 = FREEZING RAIN OR DRIZZLE
GRTST DEPTH: M ON M 7 = DUSTSTORM OR SANDSTORM:
VSBY 1/2 MILE OR LESS
8 = SMOKE OR HAZE
[NO. OF DAYS WITH] [WEATHER - DAYS WITH] 9 = BLOWING SNOW
X = TORNADO
MAX 32 OR BELOW: 14 0.01 INCH OR MORE: 13
MAX 90 OR ABOVE: 0 0.10 INCH OR MORE: 8
MIN 32 OR BELOW: 24 0.50 INCH OR MORE: 0
MIN 0 OR BELOW: 2 1.00 INCH OR MORE: 0
[HDD (BASE 65) ]
TOTAL THIS MO. 993 CLEAR (SCALE 0-3) 9
DPTR FM NORMAL -340 PTCLDY (SCALE 4-7) 11
TOTAL FM JUL 1 3069 CLOUDY (SCALE 8-10) 11
DPTR FM NORMAL -507
[CDD (BASE 65) ]
TOTAL THIS MO. 0
DPTR FM NORMAL 0 [PRESSURE DATA]
TOTAL FM JAN 1 108 HIGHEST SLP 30.66 ON 9
DPTR FM NORMAL -3 LOWEST SLP 29.68 ON 7
[REMARKS]
#FINAL-12-23#