000
CXUS53 KBIS 280830
CF6N60
PRELIMINARY LOCAL CLIMATOLOGICAL DATA (WS FORM: F-6)
STATION: GARRISON (AMOS) ND
MONTH: MARCH
YEAR: 2024
LATITUDE: 47 39 N
LONGITUDE: 101 23 W
TEMPERATURE IN F: :PCPN: SNOW: WIND :SUNSHINE: SKY :PK WND
================================================================================
1 2 3 4 5 6A 6B 7 8 9 10 11 12 13 14 15 16 17 18
12Z AVG MX 2MIN
DY MAX MIN AVG DEP HDD CDD WTR SNW DPTH SPD SPD DIR MIN PSBL S-S WX SPD DR
================================================================================
1 52 27 40 20 25 0 0.00 M M 9.8 24 320 M M 0 30 320
2 28 22 25 5 40 0 0.09 M M 14.1 25 80 M M 0 38 90
3 27 11 19 -2 46 0 0.23 M M 17.7 32 290 M M 0 44 290
4 17 0 9 -12 56 0 0.00 M M 11.7 29 270 M M 0 40 280
5 17 -1 8 -14 57 0 0.00 M M 9.6 17 70 M M 0 24 80
6 20 5 13 -9 52 0 0.05 M M 12.1 23 300 M M 0 31 300
7 20 -3 9 -14 56 0 0.00 M M 8.8 16 300 M M 0 23 290
8 33 3 18 -5 47 0 0.00 M M 5.7 15 280 M M 0 20 290
9 47 3 25 1 40 0 0.00 M M 4.7 13 180 M M 0 15 170
10 54 24 39 15 26 0 0.00 M M 6.8 18 300 M M 0 24 300
11 54 28 41 16 24 0 0.00 M M 6.6 20 300 M M 0 24 300
12 56 29 43 18 22 0 0.00 M M 5.5 15 80 M M 0 19 80
13 56 30 43 17 22 0 0.00 M M 5.9 18 340 M M 0 24 350
14 37 22 30 4 35 0 0.00 M M 10.9 21 310 M M 0 25 300
15 57 22 40 13 25 0 0.00 M M 16.3 33 270 M M 0 48 290
16 41 22 32 5 33 0 T M M 21.6 38 330 M M 0 49 330
17 27 12 20 -8 45 0 T M M 10.0 23 350 M M 0 33 360
18 63 11 37 9 28 0 M M M 12.6 29 300 M M 0 38 290
19 44 19 32 3 33 0 0.00 M M 11.7 21 350 M M 0 29 340
20 24 9 17 -12 48 0 0.03 M M 3.9 12 20 M M 0 18 20
21 22 17 20 -10 45 0 0.21 M M 7.3 16 100 M M 0 20 90
22 26 8 17 -13 48 0 0.00 M M 3.8 12 330 M M 0 15 330
23 24 3 14 -16 51 0 0.02 M M 9.4 20 110 M M 0 24 110
24 24 16 20 -11 45 0 0.19 M M 14.0 24 80 M M 0 34 70
25 25 1 13 -18 52 0 T M M 9.6 18 30 M M 0 29 20
26 19 -4 8 -24 57 0 0.00 M M 14.3 24 310 M M 0 31 310
27 25 -2 12 -20 53 0 0.00 M M 6.2 13 310 M M 0 19 320
================================================================================
SM 939 334 1111 0 0.82 M 270.6 M 0
================================================================================
AV 34.8 12.4 10.0 FASTST M M 0 MAX(MPH)
MISC ----> 38 330 49 330
================================================================================
NOTES:
# LAST OF SEVERAL OCCURRENCES
COLUMN 17 PEAK WIND IN M.P.H.
PRELIMINARY LOCAL CLIMATOLOGICAL DATA (WS FORM: F-6) , PAGE 2
STATION: GARRISON (AMOS) ND
MONTH: MARCH
YEAR: 2024
LATITUDE: 47 39 N
LONGITUDE: 101 23 W
[TEMPERATURE DATA] [PRECIPITATION DATA] SYMBOLS USED IN COLUMN 16
AVERAGE MONTHLY: 23.6 TOTAL FOR MONTH: 0.82 1 = FOG OR MIST
DPTR FM NORMAL: -2.6 DPTR FM NORMAL: 0.26 2 = FOG REDUCING VISIBILITY
HIGHEST: 63 ON 18 GRTST 24HR 0.24 ON 2- 3 TO 1/4 MILE OR LESS
LOWEST: -4 ON 26 3 = THUNDER
SNOW, ICE PELLETS, HAIL 4 = ICE PELLETS
TOTAL MONTH: M 5 = HAIL
GRTST 24HR M ON M 6 = FREEZING RAIN OR DRIZZLE
GRTST DEPTH: M ON M 7 = DUSTSTORM OR SANDSTORM:
VSBY 1/2 MILE OR LESS
8 = SMOKE OR HAZE
[NO. OF DAYS WITH] [WEATHER - DAYS WITH] 9 = BLOWING SNOW
X = TORNADO
MAX 32 OR BELOW: 15 0.01 INCH OR MORE: 7
MAX 90 OR ABOVE: 0 0.10 INCH OR MORE: 3
MIN 32 OR BELOW: 27 0.50 INCH OR MORE: 0
MIN 0 OR BELOW: 5 1.00 INCH OR MORE: 0
[HDD (BASE 65) ]
TOTAL THIS MO. 1111 CLEAR (SCALE 0-3) 27
DPTR FM NORMAL 62 PTCLDY (SCALE 4-7) 0
TOTAL FM JUL 1 6601 CLOUDY (SCALE 8-10) 0
DPTR FM NORMAL -1135
[CDD (BASE 65) ]
TOTAL THIS MO. 0
DPTR FM NORMAL 0 [PRESSURE DATA]
TOTAL FM JAN 1 0 HIGHEST SLP M ON M
DPTR FM NORMAL 0 LOWEST SLP 29.41 ON 3
[REMARKS]