000
CXHW50 PHFO 011250
CF6NGF
PRELIMINARY LOCAL CLIMATOLOGICAL DATA (WS FORM: F-6)
STATION: KANEOHE BAY MCAS HI
MONTH: JANUARY
YEAR: 2024
LATITUDE: 21 25 N
LONGITUDE: 157 46 W
TEMPERATURE IN F: :PCPN: SNOW: WIND :SUNSHINE: SKY :PK WND
================================================================================
1 2 3 4 5 6A 6B 7 8 9 10 11 12 13 14 15 16 17 18
12Z AVG MX 2MIN
DY MAX MIN AVG DEP HDD CDD WTR SNW DPTH SPD SPD DIR MIN PSBL S-S WX SPD DR
================================================================================
1 82 71 77 3 0 12 0.04 M M 10.6 16 80 M M 5 8 26 70
2 84 77 81 7 0 16 0.00 M M 11.2 18 80 M M 5 28 90
3 84 76 80 6 0 15 T M M 9.7 14 90 M M 4 25 110
4 83 77 80 6 0 15 0.01 M M 10.7 17 60 M M 6 30 70
5 84 73 79 5 0 14 T M M 6.2 17 70 M M 5 31 60
6 84 70 77 4 0 12 0.07 M M 6.1 14 80 M M 4 1 24 100
7 86 69 78 5 0 13 0.02 M M 4.5 12 160 M M 1 18 120
8 81 72 77 4 0 12 1.61 M M 10.4 18 230 M M 9 1 43 190
9 85 75 80 7 0 15 0.04 M M 9.4 18 210 M M 7 32 240
10 86 69 78 5 0 13 0.00 M M 7.1 14 260 M M 3 21 260
11 84 67 76 3 0 11 0.10 M M 8.9 23 270 M M 5 1 39 260
12 79 65 72 -1 0 7 0.35 M M 15.4 24 330 M M 7 41 340
13 79 70 75 2 0 10 T M M 13.0 20 340 M M 6 33 350
14 80 63 72 -1 0 7 0.00 M M 4.2 9 340 M M 3 M M
15 83 64 74 1 0 9 0.00 M M 6.2 14 240 M M 2 24 240
16 86 77 82 9 0 17 0.09 M M 19.3 31 230 M M 6 62 250
17 85 67 76 3 0 11 T M M 5.4 12 230 M M 4 M M
18 87 65 76 3 0 11 T M M 3.1 12 360 M M 2 M M
19 87 69 78 5 0 13 0.00 M M 6.8 14 220 M M 1 M M
20 88 70 79 6 0 14 0.00 M M 4.9 13 220 M M 3 M M
21 85 73 79 6 0 14 T M M 3.3 14 130 M M 7 20 130
22 87 77 82 9 0 17 T M M 8.3 14 210 M M 4 25 210
23 87 76 82 9 0 17 T M M 8.3 14 210 M M 4 36 230
24 85 77 81 8 0 16 T M M 12.7 20 210 M M 8 39 220
25 87 71 79 6 0 14 0.02 M M 4.8 10 70 M M 4 M M
26 89 69 79 6 0 14 0.02 M M 5.0 17 240 M M 5 31 230
27 87 76 82 9 0 17 0.04 M M 12.5 26 210 M M 6 44 240
28 83 78 81 8 0 16 0.28 M M 15.3 21 260 M M 9 37 240
29 85 76 81 8 0 16 0.12 M M 12.9 23 220 M M 7 8 39 220
30 81 69 75 2 0 10 0.20 M M 6.6 14 250 M M 7 1 21 330
31 84 67 76 3 0 11 0.00 M M 2.5 9 360 M M 7 1 M M
================================================================================
SM 2617 2215 0 409 3.01 M 265.5 M 156
================================================================================
AV 84.4 71.5 8.6 FASTST M M 5 MAX(MPH)
MISC ----> 31 230 62 250
================================================================================
NOTES:
# LAST OF SEVERAL OCCURRENCES
COLUMN 17 PEAK WIND IN M.P.H.
PRELIMINARY LOCAL CLIMATOLOGICAL DATA (WS FORM: F-6) , PAGE 2
STATION: KANEOHE BAY MCAS HI
MONTH: JANUARY
YEAR: 2024
LATITUDE: 21 25 N
LONGITUDE: 157 46 W
[TEMPERATURE DATA] [PRECIPITATION DATA] SYMBOLS USED IN COLUMN 16
AVERAGE MONTHLY: 77.9 TOTAL FOR MONTH: 3.01 1 = FOG OR MIST
DPTR FM NORMAL: 4.6 DPTR FM NORMAL: 0.20 2 = FOG REDUCING VISIBILITY
HIGHEST: 89 ON 26 GRTST 24HR 1.61 ON 8- 8 TO 1/4 MILE OR LESS
LOWEST: 63 ON 14 3 = THUNDER
SNOW, ICE PELLETS, HAIL 4 = ICE PELLETS
TOTAL MONTH: M 5 = HAIL
GRTST 24HR M ON M 6 = FREEZING RAIN OR DRIZZLE
GRTST DEPTH: M ON M 7 = DUSTSTORM OR SANDSTORM:
VSBY 1/2 MILE OR LESS
8 = SMOKE OR HAZE
[NO. OF DAYS WITH] [WEATHER - DAYS WITH] 9 = BLOWING SNOW
X = TORNADO
MAX 32 OR BELOW: 0 0.01 INCH OR MORE: 15
MAX 90 OR ABOVE: 0 0.10 INCH OR MORE: 6
MIN 32 OR BELOW: 0 0.50 INCH OR MORE: 1
MIN 0 OR BELOW: 0 1.00 INCH OR MORE: 1
[HDD (BASE 65) ]
TOTAL THIS MO. 0 CLEAR (SCALE 0-3) 6
DPTR FM NORMAL 0 PTCLDY (SCALE 4-7) 23
TOTAL FM JUL 1 0 CLOUDY (SCALE 8-10) 2
DPTR FM NORMAL 0
[CDD (BASE 65) ]
TOTAL THIS MO. 409
DPTR FM NORMAL 152 [PRESSURE DATA]
TOTAL FM JAN 1 409 HIGHEST SLP M ON M
DPTR FM NORMAL 152 LOWEST SLP 31.99 ON 1
[REMARKS]
#FINAL-01-24#