000
CXHW50 PHFO 011250
CF6NGF
PRELIMINARY LOCAL CLIMATOLOGICAL DATA (WS FORM: F-6)
STATION: KANEOHE BAY MCAS HI
MONTH: AUGUST
YEAR: 2023
LATITUDE: 21 25 N
LONGITUDE: 157 46 W
TEMPERATURE IN F: :PCPN: SNOW: WIND :SUNSHINE: SKY :PK WND
================================================================================
1 2 3 4 5 6A 6B 7 8 9 10 11 12 13 14 15 16 17 18
12Z AVG MX 2MIN
DY MAX MIN AVG DEP HDD CDD WTR SNW DPTH SPD SPD DIR MIN PSBL S-S WX SPD DR
================================================================================
1 89 80 85 5 0 20 T M M 12.6 16 70 M M 5 30 60
2 90 80 85 5 0 20 0.00 M M 13.1 17 70 M M 3 26 70
3 89 78 84 4 0 19 T M M 10.7 15 50 M M 4 24 80
4 89 76 83 3 0 18 0.04 M M 11.0 16 50 M M 4 23 50
5 89 79 84 4 0 19 T M M 10.1 13 60 M M 5 21 60
6 88 78 83 3 0 18 0.20 M M 9.9 17 70 M M 7 32 M
7 89 79 84 4 0 19 0.06 M M 13.2 21 70 M M 8 1 36 60
8 90 82 86 6 0 21 0.00 M M 17.9 22 60 M M 7 39 70
9 89 80 85 5 0 20 T M M 15.2 20 60 M M 7 31 70
10 89 80 85 5 0 20 0.00 M M 12.6 15 70 M M 4 25 70
11 90 79 85 5 0 20 0.00 M M 11.6 15 60 M M 3 23 70
12 89 80 85 5 0 20 T M M 10.9 14 50 M M 3 M M
13 89 80 85 5 0 20 0.00 M M 10.9 14 60 M M 2 20 70
14 90 78 84 4 0 19 0.02 M M 12.0 21 50 M M 4 31 70
15 89 80 85 5 0 20 0.01 M M 11.8 14 80 M M 5 26 80
16 89 78 84 4 0 19 0.03 M M 12.5 17 60 M M 6 1 32 70
17 89 80 85 5 0 20 T M M 10.2 13 60 M M 3 17 80
18 89 80 85 5 0 20 T M M 9.6 14 50 M M 3 M M
19 89 80 85 5 0 20 T M M 10.1 13 40 M M 3 M M
20 90 79 85 5 0 20 0.01 M M 9.1 13 60 M M 5 1 M M
21 90 78 84 4 0 19 0.02 M M 8.8 15 60 M M 8 25 70
22 90 82 86 6 0 21 0.00 M M 11.0 16 60 M M 6 25 60
23 89 81 85 5 0 20 T M M 11.7 17 60 M M 3 25 70
24 89 81 85 5 0 20 0.00 M M 12.5 16 60 M M 5 24 70
25 89 78 84 4 0 19 0.02 M M 11.1 18 60 M M 8 28 60
26 90 79 85 5 0 20 T M M 12.2 17 60 M M 6 35 70
27 88 79 84 4 0 19 0.04 M M 10.4 14 60 M M 6 31 80
28 89 77 83 3 0 18 0.01 M M 10.0 15 80 M M 7 25 80
29 89 81 85 5 0 20 0.00 M M 12.0 18 60 M M 7 25 80
30 91 80 86 6 0 21 0.01 M M 11.6 16 70 M M 8 31 70
31 89 80 85 5 0 20 0.01 M M 14.0 18 60 M M 6 31 60
================================================================================
SM 2767 2462 0 609 0.48 M 360.4 M 161
================================================================================
AV 89.3 79.4 11.6 FASTST M M 5 MAX(MPH)
MISC ----> 22 60 39 70
================================================================================
NOTES:
# LAST OF SEVERAL OCCURRENCES
COLUMN 17 PEAK WIND IN M.P.H.
PRELIMINARY LOCAL CLIMATOLOGICAL DATA (WS FORM: F-6) , PAGE 2
STATION: KANEOHE BAY MCAS HI
MONTH: AUGUST
YEAR: 2023
LATITUDE: 21 25 N
LONGITUDE: 157 46 W
[TEMPERATURE DATA] [PRECIPITATION DATA] SYMBOLS USED IN COLUMN 16
AVERAGE MONTHLY: 84.3 TOTAL FOR MONTH: 0.48 1 = FOG OR MIST
DPTR FM NORMAL: 4.5 DPTR FM NORMAL: -0.94 2 = FOG REDUCING VISIBILITY
HIGHEST: 91 ON 30 GRTST 24HR 0.20 ON 6- 6 TO 1/4 MILE OR LESS
LOWEST: 76 ON 4 3 = THUNDER
SNOW, ICE PELLETS, HAIL 4 = ICE PELLETS
TOTAL MONTH: M 5 = HAIL
GRTST 24HR M ON M 6 = FREEZING RAIN OR DRIZZLE
GRTST DEPTH: M ON M 7 = DUSTSTORM OR SANDSTORM:
VSBY 1/2 MILE OR LESS
8 = SMOKE OR HAZE
[NO. OF DAYS WITH] [WEATHER - DAYS WITH] 9 = BLOWING SNOW
X = TORNADO
MAX 32 OR BELOW: 0 0.01 INCH OR MORE: 13
MAX 90 OR ABOVE: 9 0.10 INCH OR MORE: 1
MIN 32 OR BELOW: 0 0.50 INCH OR MORE: 0
MIN 0 OR BELOW: 0 1.00 INCH OR MORE: 0
[HDD (BASE 65) ]
TOTAL THIS MO. 0 CLEAR (SCALE 0-3) 6
DPTR FM NORMAL 0 PTCLDY (SCALE 4-7) 23
TOTAL FM JUL 1 0 CLOUDY (SCALE 8-10) 2
DPTR FM NORMAL 0
[CDD (BASE 65) ]
TOTAL THIS MO. 609
DPTR FM NORMAL 152 [PRESSURE DATA]
TOTAL FM JAN 1 3445 HIGHEST SLP M ON M
DPTR FM NORMAL 738 LOWEST SLP 31.99 ON 1
[REMARKS]
#FINAL-08-23#