000
CXUS51 KOKX 011611 RRA
CLMNYC
NYCCLMNYC 000
TTAA00 OKX 011608
CLIMATE REPORT
NATIONAL WEATHER SERVICE NEW YORK, NY
1208 PM EDT SAT APR 01 2023
...................................
...THE CENTRAL PARK NY CLIMATE SUMMARY FOR THE MONTH OF MARCH 2023...
CLIMATE NORMAL PERIOD 1991 TO 2020
CLIMATE RECORD PERIOD 1869 TO 2023
WEATHER OBSERVED NORMAL DEPART LAST YEAR`S
VALUE DATE(S) VALUE FROM VALUE DATE(S)
NORMAL
................................................................
TEMPERATURE (F)
RECORD
HIGH 86 03/31/1998
03/29/1945
LOW 3 03/05/1872
HIGHEST 63 03/21 MM MM 74 03/07
03/26
03/18
LOWEST 29 03/19 MM MM 21 03/04
AVG. MAXIMUM 51.5 49.9 1.6 53.6
AVG. MINIMUM 37.8 35.8 2.0 37.0
MEAN 44.6 42.8 1.8 45.3
DAYS MAX >= 90 0 0.0 0.0 0
DAYS MAX <= 32 0 1.0 -1.0 0
DAYS MIN <= 32 4 10.6 -6.6 10
DAYS MIN <= 0 0 0.0 0.0 0
PRECIPITATION (INCHES)
RECORD
MAXIMUM 10.69 2010
MINIMUM 0.80 2006
TOTALS 3.32 4.29 -0.97 2.39
DAILY AVG. 0.11 0.14 -0.03 0.08
DAYS >= .01 12 11.1 0.9 11
DAYS >= .10 8 7.5 0.5 3
DAYS >= .50 2 2.7 -0.7 3
DAYS >= 1.00 0 1.0 -1.0 0
GREATEST
24 HR. TOTAL 1.14 03/03 TO 03/04 0.93 03/24 TO 03/24
STORM TOTAL 0.99 0.93
(MM/DD(HH)) MM
SNOWFALL (INCHES)
TOTALS 0.1 5.0 -4.9 0.4
LIQUID EQUIV 0.00 0.50 -0.50 0.00
SINCE 7/1 2.3 29.4 -27.1 MM
LIQUID 7/1 0.23 2.90 -2.67 MM
SNOWDEPTH AVG. 0 -1
DAYS >= TRACE 3 2.0 1.0 4
DAYS >= 1.0 0 1.0 -1.0 0
GREATEST
SNOW DEPTH 1 03/01 MM 03/29
03/30
03/10
24 HR TOTAL MM MM
STORM TOTAL 0.1 0.4
(MM/DD(HH)) MM
DEGREE DAYS
HEATING TOTAL 622 688 -66 604
SINCE 7/1 3465 4062 -597 MM
COOLING TOTAL 0 1 -1 0
SINCE 1/1 0 1 -1 MM
................................................................
WIND (MPH)
AVERAGE WIND SPEED 6.5
HIGHEST WIND SPEED/DIRECTION 24/300 DATE 03/07
24/300 03/15
HIGHEST GUST SPEED/DIRECTION 41/300 DATE 03/15
AVERAGE RH (PERCENT) 55
WEATHER CONDITIONS. NUMBER OF DAYS WITH
THUNDERSTORM 0 MIXED PRECIP 0
HEAVY RAIN 1 RAIN 6
LIGHT RAIN 15 FREEZING RAIN 0
LT FREEZING RAIN 0 HAIL 0
HEAVY SNOW 0 SNOW 1
LIGHT SNOW 3 SLEET 0
FOG 13 FOG W/VIS <= 1/4 MILE 0
HAZE 6
- INDICATES NEGATIVE NUMBERS.
R INDICATES RECORD WAS SET OR TIED.
MM INDICATES DATA IS MISSING.
T INDICATES TRACE AMOUNT.
$$