000
CXUS55 KPSR 011005
CF6NYL
PRELIMINARY LOCAL CLIMATOLOGICAL DATA (WS FORM: F-6)
STATION: YUMA AZ
MONTH: JANUARY
YEAR: 2024
LATITUDE: 32 39 N
LONGITUDE: 114 37 W
TEMPERATURE IN F: :PCPN: SNOW: WIND :SUNSHINE: SKY :PK WND
================================================================================
1 2 3 4 5 6A 6B 7 8 9 10 11 12 13 14 15 16 17 18
12Z AVG MX 2MIN
DY MAX MIN AVG DEP HDD CDD WTR SNW DPTH SPD SPD DIR MIN PSBL S-S WX SPD DR
================================================================================
1 66 48 57 0 8 0 0.00 0.0 0 5.7 12 350 M M 0 8 19 340
2 67 42 55 -2 10 0 0.00 0.0 0 0.8 6 230 M M 0 9 270
3 64 46 55 -2 10 0 0.01 M M 4.3 23 320 M M 4 8 36 320
4 65 41 53 -5 12 0 0.00 M M 3.5 12 270 M M 0 14 270
5 66 40 53 -5 12 0 0.00 M M 2.8 14 10 M M 3 20 360
6 64 43 54 -4 11 0 0.00 M M 5.5 13 350 M M 0 16 350
7 62 44 53 -5 12 0 0.01 M M 11.1 25 350 M M 2 8 39 310
8 58 41 50 -8 15 0 0.00 0.0 M 9.4 23 350 M M 0 34 340
9 60 36 48 -10 17 0 0.00 M M 3.8 9 360 M M 0 13 30
10 62 38 50 -8 15 0 0.00 M M 5.1 9 170 M M 0 13 150
11 62 44 53 -5 12 0 0.00 0.0 M 7.5 24 340 M M 3 8 36 340
12 62 37 50 -8 15 0 0.00 0.0 M 3.0 12 20 M M 0 13 20
13 65 41 53 -6 12 0 0.00 0.0 M 5.5 14 30 M M 0 18 30
14 70 42 56 -3 9 0 0.00 0.0 M 3.7 9 220 M M 0 14 160
15 71 44 58 -1 7 0 0.00 M M 5.3 14 30 M M 0 18 20
16 72 47 60 1 5 0 0.00 M M 4.7 12 30 M M 0 17 10
17 72 47 60 1 5 0 0.00 M M 5.2 10 140 M M 3 14 190
18 74 48 61 2 4 0 0.00 M M 5.7 16 30 M M 1 20 20
19 75 52 64 5 1 0 0.00 M M 5.3 14 30 M M 5 17 20
20 67 53 60 1 5 0 0.00 M M 4.4 12 150 M M 4 14 180
21 M 53 M M M M 0.22 M M 4.0 14 310 M M 6 21 280
22 M 54 M M M M 1.07 M M 7.2 31 130 M M 7 38 130
23 M 58 M M M M T M M 2.8 13 280 M M 8 8 16 280
24 M 53 M M M M 0.00 M M 1.2 5 130 M M 5 7 70
25 M 53 M M M M 0.00 M M 3.6 12 250 M M 2 15 250
26 70 48 59 -1 6 0 0.00 M M 7.6 23 20 M M 1 1 34 10
27 73 49 61 1 4 0 0.00 M M 8.6 17 20 M M 0 23 10
28 77 53 65 5 0 0 0.00 M M 6.6 16 20 M M 0 22 20
29 78 53 66 6 0 1 0.00 M M 5.9 14 30 M M 3 17 20
30 77 51 64 4 1 0 0.00 M M 3.4 13 20 M M 0 16 30
31 74 51 63 3 2 0 0.00 M M 3.3 9 230 M M 4 12 230
================================================================================
SM 1773 1450 210 1 1.31 0.0 156.5 M 61
================================================================================
AV 68.2 46.8 5.0 FASTST M M 2 MAX(MPH)
MISC ----> 31 130 39 310
================================================================================
NOTES:
# LAST OF SEVERAL OCCURRENCES
COLUMN 17 PEAK WIND IN M.P.H.
PRELIMINARY LOCAL CLIMATOLOGICAL DATA (WS FORM: F-6) , PAGE 2
STATION: YUMA AZ
MONTH: JANUARY
YEAR: 2024
LATITUDE: 32 39 N
LONGITUDE: 114 37 W
[TEMPERATURE DATA] [PRECIPITATION DATA] SYMBOLS USED IN COLUMN 16
AVERAGE MONTHLY: 57.5 TOTAL FOR MONTH: 1.31 1 = FOG OR MIST
DPTR FM NORMAL: -1.3 DPTR FM NORMAL: 0.92 2 = FOG REDUCING VISIBILITY
HIGHEST: 78 ON 29 GRTST 24HR 1.07 ON 22-22 TO 1/4 MILE OR LESS
LOWEST: 36 ON 9 3 = THUNDER
SNOW, ICE PELLETS, HAIL 4 = ICE PELLETS
TOTAL MONTH: 0.0 INCH 5 = HAIL
GRTST 24HR 0.0 6 = FREEZING RAIN OR DRIZZLE
GRTST DEPTH: 0 7 = DUSTSTORM OR SANDSTORM:
VSBY 1/2 MILE OR LESS
8 = SMOKE OR HAZE
[NO. OF DAYS WITH] [WEATHER - DAYS WITH] 9 = BLOWING SNOW
X = TORNADO
MAX 32 OR BELOW: 0 0.01 INCH OR MORE: 4
MAX 90 OR ABOVE: 0 0.10 INCH OR MORE: 2
MIN 32 OR BELOW: 0 0.50 INCH OR MORE: 1
MIN 0 OR BELOW: 0 1.00 INCH OR MORE: 1
[HDD (BASE 65) ]
TOTAL THIS MO. 210 CLEAR (SCALE 0-3) 23
DPTR FM NORMAL 15 PTCLDY (SCALE 4-7) 8
TOTAL FM JUL 1 391 CLOUDY (SCALE 8-10) 0
DPTR FM NORMAL -112
[CDD (BASE 65) ]
TOTAL THIS MO. 1
DPTR FM NORMAL -4 [PRESSURE DATA]
TOTAL FM JAN 1 1 HIGHEST SLP 30.31 ON 9
DPTR FM NORMAL -4 LOWEST SLP 29.70 ON 22
[REMARKS]
#FINAL-01-24#