511
CXUS56 KMTR 020218
CF6OAK
PRELIMINARY LOCAL CLIMATOLOGICAL DATA (WS FORM: F-6)
STATION: OAKLAND AIRPORT
MONTH: MAY
YEAR: 2020
LATITUDE: 37 43 N
LONGITUDE: 122 13 W
TEMPERATURE IN F: :PCPN: SNOW: WIND :SUNSHINE: SKY :PK WND
================================================================================
1 2 3 4 5 6A 6B 7 8 9 10 11 12 13 14 15 16 17 18
12Z AVG MX 2MIN
DY MAX MIN AVG DEP HDD CDD WTR SNW DPTH SPD SPD DIR MIN PSBL S-S WX SPD DR
================================================================================
1 74 50 62 3 3 0 0.00 M M 10.7 22 270 M M 3 25 270
2 72 57 65 6 0 0 0.00 M M 9.8 21 280 M M 8 24 280
3 69 50 60 1 5 0 0.00 M M 8.6 20 280 M M 2 23 260
4 74 48 61 2 4 0 0.00 M M 7.9 22 280 M M 2 24 290
5 70 50 60 1 5 0 0.00 M M 12.1 25 260 M M 4 29 260
6 79 50 65 6 0 0 0.00 0.0 M 8.7 20 280 M M 3 23 280
7 85 52 69 10 0 4 0.00 M M 6.9 21 300 M M 4 24 300
8 87 53 70 11 0 5 0.00 M M 7.4 20 290 M M 5 22 300
9 67 53 60 1 5 0 0.00 M M 10.7 21 300 M M 6 26 290
10 68 57 63 4 2 0 0.00 M M 11.1 22 300 M M 8 26 300
11 73 53 63 4 2 0 0.08 M M 12.1 30 240 M M 8 1 34 240
12 68 58 63 4 2 0 0.03 M M 12.6 22 280 M M 8 1 25 270
13 69 55 62 3 3 0 T M M 9.7 23 230 M M 8 26 230
14 69 59 64 5 1 0 0.01 M M 7.4 18 280 M M 9 1 22 250
15 71 57 64 5 1 0 0.00 M M 12.6 23 280 M M 5 26 280
16 75 58 67 8 0 2 0.01 M M 10.9 20 190 M M 8 22 190
17 74 62 68 9 0 3 0.26 0.0 M 15.2 28 230 M M 8 18 33 230
18 69 59 64 5 1 0 0.02 0.0 M 12.7 20 250 M M 6 1 23 260
19 68 58 63 3 2 0 T M M 15.2 30 270 M M 6 33 280
20 71 56 64 4 1 0 0.00 M M 9.1 18 260 M M 5 24 240
21 73 54 64 4 1 0 0.00 M M 9.7 18 280 M M 3 21 290
22 72 55 64 4 1 0 0.00 M M 9.3 18 260 M M 4 22 270
23 77 51 64 4 1 0 0.00 M M 6.8 21 280 M M 3 24 280
24 85 53 69 9 0 4 0.00 0.0 M 5.8 18 290 M M 3 21 300
25 92 58 75 15 0 10 0.00 0.0 M 6.6 16 300 M M 0 19 310
26 91 62 77 17 0 12 0.00 M M 7.2 16 300 M M 1 20 310
27 82 57 70 10 0 5 0.00 M M 10.2 20 290 M M 1 23 290
28 72 57 65 5 0 0 0.00 M M 10.4 22 300 M M 6 26 290
29 74 59 67 7 0 2 0.00 M M 13.5 30 230 M M 9 34 230
30 74 60 67 7 0 2 0.03 M M 10.2 22 170 M M 8 25 170
31 70 59 65 5 0 0 0.00 M M 9.6 17 280 M M 8 21 290
================================================================================
SM 2314 1720 40 49 0.44 0.0 310.7 M 162
================================================================================
AV 74.6 55.5 10.0 FASTST M M 5 MAX(MPH)
MISC ----> # 30 240 # 34 240
================================================================================
NOTES:
# LAST OF SEVERAL OCCURRENCES
COLUMN 17 PEAK WIND IN M.P.H.
PRELIMINARY LOCAL CLIMATOLOGICAL DATA (WS FORM: F-6) , PAGE 2
STATION: OAKLAND AIRPORT
MONTH: MAY
YEAR: 2020
LATITUDE: 37 43 N
LONGITUDE: 122 13 W
[TEMPERATURE DATA] [PRECIPITATION DATA] SYMBOLS USED IN COLUMN 16
AVERAGE MONTHLY: 65.1 TOTAL FOR MONTH: 0.44 1 = FOG OR MIST
DPTR FM NORMAL: 5.7 DPTR FM NORMAL: -0.24 2 = FOG REDUCING VISIBILITY
HIGHEST: 92 ON 25 GRTST 24HR 0.28 ON 17-18 TO 1/4 MILE OR LESS
LOWEST: 48 ON 4 3 = THUNDER
SNOW, ICE PELLETS, HAIL 4 = ICE PELLETS
TOTAL MONTH: 0.0 INCH 5 = HAIL
GRTST 24HR 0.0 6 = FREEZING RAIN OR DRIZZLE
GRTST DEPTH: M ON M 7 = DUSTSTORM OR SANDSTORM:
VSBY 1/2 MILE OR LESS
8 = SMOKE OR HAZE
[NO. OF DAYS WITH] [WEATHER - DAYS WITH] 9 = BLOWING SNOW
X = TORNADO
MAX 32 OR BELOW: 0 0.01 INCH OR MORE: 7
MAX 90 OR ABOVE: 2 0.10 INCH OR MORE: 1
MIN 32 OR BELOW: 0 0.50 INCH OR MORE: 0
MIN 0 OR BELOW: 0 1.00 INCH OR MORE: 0
[HDD (BASE 65) ]
TOTAL THIS MO. 40 CLEAR (SCALE 0-3) 8
DPTR FM NORMAL -144 PTCLDY (SCALE 4-7) 21
TOTAL FM JUL 1 1928 CLOUDY (SCALE 8-10) 2
DPTR FM NORMAL -840
[CDD (BASE 65) ]
TOTAL THIS MO. 49
DPTR FM NORMAL 39 [PRESSURE DATA]
TOTAL FM JAN 1 53 HIGHEST SLP 30.21 ON 6
DPTR FM NORMAL 37 LOWEST SLP 29.80 ON 18
[REMARKS]
#FINAL-05-20#