000
CXUS53 KOAX 011523
CF6OAX
PRELIMINARY LOCAL CLIMATOLOGICAL DATA (WS FORM: F-6)
STATION: VALLEY NWS NE
MONTH: OCTOBER
YEAR: 2021
LATITUDE: 41 19 N
LONGITUDE: 96 22 W
TEMPERATURE IN F: :PCPN: SNOW: WIND :SUNSHINE: SKY :PK WND
================================================================================
1 2 3 4 5 6A 6B 7 8 9 10 11 12 13 14 15 16 17 18
12Z AVG MX 2MIN
DY MAX MIN AVG DEP HDD CDD WTR SNW DPTH SPD SPD DIR MIN PSBL S-S WX SPD DR
================================================================================
1 73 64 69 8 0 4 T 0.0 0 M M M M M M 16 M
2 68 61 65 4 0 0 0.01 0.0 0 M M M M M M 16 M
3 79 54 67 7 0 2 0.00 0.0 0 M M M M M M 23 M
4 80 49 65 5 0 0 0.00 0.0 0 M M M M M M 22 M
5 77 48 63 4 2 0 0.00 0.0 0 M M M M M M 17 M
6 74 56 65 6 0 0 0.00 0.0 0 M M M M M M 18 M
7 78 59 69 11 0 4 0.00 0.0 0 M M M M M M 1 16 M
8 85 60 73 15 0 8 0.00 0.0 0 M M M M M M 14 M
9 75 63 69 12 0 4 0.00 0.0 0 M M M M M M 24 M
10 68 53 61 4 4 0 0.00 0.0 0 M M M M M M 24 M
11 75 48 62 6 3 0 0.00 0.0 0 M M M M M M 18 M
12 79 43 61 5 4 0 0.00 0.0 0 M M M M M M 26 M
13 65 50 58 2 7 0 0.87 0.0 0 M M M M M M 3 40 M
14 63 41 52 -3 13 0 T 0.0 0 M M M M M M 21 M
15 61 41 51 -4 14 0 0.03 0.0 0 M M M M M M 24 M
16 67 38 53 -1 12 0 0.00 0.0 0 M M M M M M 23 M
17 76 41 59 5 6 0 0.00 0.0 0 M M M M M M 17 M
18 76 48 62 9 3 0 0.00 0.0 0 M M M M M M 30 M
19 77 55 66 13 0 1 0.00 0.0 0 M M M M M M 26 M
20 63 43 53 1 12 0 0.00 0.0 0 M M M M M M 29 M
21 53 36 45 -7 20 0 0.00 0.0 0 M M M M M M 30 M
22 57 35 46 -5 19 0 0.00 0.0 0 M M M M M M 12 20 M
23 60 38 49 -2 16 0 0.00 0.0 0 M M M M M M 24 M
24 52 44 48 -2 17 0 3.10 0.0 0 M M M M M M 13 28 M
25 56 42 49 -1 16 0 0.00 0.0 0 M M M M M M 17 M
26 58 43 51 1 14 0 T 0.0 0 M M M M M M 36 M
27 58 49 54 5 11 0 1.36 0.0 0 M M M M M M 3 33 M
28 57 47 52 3 13 0 0.01 0.0 0 M M M M M M 39 M
29 61 39 50 2 15 0 0.00 0.0 0 M M M M M M 29 M
30 69 35 52 4 13 0 0.00 0.0 0 M M M M M M 1 38 M
31 49 37 43 -4 22 0 0.00 0.0 0 M M M M M M 26 M
================================================================================
SM 2089 1460 256 23 5.38 0.0 M M M
================================================================================
AV 67.4 47.1 M FASTST M M M MAX(MPH)
MISC ----> M M 40 9999
================================================================================
NOTES:
# LAST OF SEVERAL OCCURRENCES
COLUMN 17 PEAK WIND IN M.P.H.
PRELIMINARY LOCAL CLIMATOLOGICAL DATA (WS FORM: F-6) , PAGE 2
STATION: VALLEY NWS NE
MONTH: OCTOBER
YEAR: 2021
LATITUDE: 41 19 N
LONGITUDE: 96 22 W
[TEMPERATURE DATA] [PRECIPITATION DATA] SYMBOLS USED IN COLUMN 16
AVERAGE MONTHLY: 57.2 TOTAL FOR MONTH: 5.38 1 = FOG OR MIST
DPTR FM NORMAL: 3.0 DPTR FM NORMAL: 3.01 2 = FOG REDUCING VISIBILITY
HIGHEST: 85 ON 8 GRTST 24HR 3.10 ON 24-24 TO 1/4 MILE OR LESS
LOWEST: 35 ON 30,22 3 = THUNDER
SNOW, ICE PELLETS, HAIL 4 = ICE PELLETS
TOTAL MONTH: 0.0 INCH 5 = HAIL
GRTST 24HR 0.0 6 = FREEZING RAIN OR DRIZZLE
GRTST DEPTH: 0 7 = DUSTSTORM OR SANDSTORM:
VSBY 1/2 MILE OR LESS
8 = SMOKE OR HAZE
[NO. OF DAYS WITH] [WEATHER - DAYS WITH] 9 = BLOWING SNOW
X = TORNADO
MAX 32 OR BELOW: 0 0.01 INCH OR MORE: 6
MAX 90 OR ABOVE: 0 0.10 INCH OR MORE: 3
MIN 32 OR BELOW: 0 0.50 INCH OR MORE: 3
MIN 0 OR BELOW: 0 1.00 INCH OR MORE: 2
[HDD (BASE 65) ]
TOTAL THIS MO. 256 CLEAR (SCALE 0-3) 0
DPTR FM NORMAL -100 PTCLDY (SCALE 4-7) 0
TOTAL FM JUL 1 276 CLOUDY (SCALE 8-10) 31
DPTR FM NORMAL -159
[CDD (BASE 65) ]
TOTAL THIS MO. 23
DPTR FM NORMAL 3 [PRESSURE DATA]
TOTAL FM JAN 1 1424 HIGHEST SLP M ON M
DPTR FM NORMAL 221 LOWEST SLP M ON M
[REMARKS]
#FINAL-10-21#