000
CXUS53 KGID 011408
CF6ODX
PRELIMINARY LOCAL CLIMATOLOGICAL DATA (WS FORM: F-6)
STATION: ORD NE
MONTH: FEBRUARY
YEAR: 2022
LATITUDE: 41 37 N
LONGITUDE: 98 57 W
TEMPERATURE IN F: :PCPN: SNOW: WIND :SUNSHINE: SKY :PK WND
================================================================================
1 2 3 4 5 6A 6B 7 8 9 10 11 12 13 14 15 16 17 18
12Z AVG MX 2MIN
DY MAX MIN AVG DEP HDD CDD WTR SNW DPTH SPD SPD DIR MIN PSBL S-S WX SPD DR
================================================================================
1 35 15 25 0 40 0 0.00 M M 15.8 25 360 M M 4 35 10
2 15 5 10 -15 55 0 0.00 M M 13.3 24 10 M M 4 30 20
3 20 -9 6 -19 59 0 0.00 M M 5.8 15 200 M M 1 21 180
4 32 0 16 -9 49 0 0.00 M M 6.9 20 350 M M 3 27 320
5 61 16 39 14 26 0 T M M 6.4 16 340 M M 2 21 330
6 44 21 33 7 32 0 T M M 14.3 37 340 M M 3 50 340
7 61 26 44 18 21 0 0.00 M M 9.7 21 290 M M 3 29 280
8 59 24 42 16 23 0 0.00 M M 14.5 35 320 M M 1 48 320
9 51 25 38 12 27 0 T M M 14.5 30 330 M M 3 39 340
10 63 17 40 14 25 0 0.00 M M 11.2 29 280 M M 3 1 37 280
11 47 11 29 3 36 0 T M M 20.9 35 340 M M 4 45 340
12 40 4 22 -4 43 0 0.00 M M 8.2 24 310 M M 5 33 300
13 45 10 28 1 37 0 0.00 M M 8.3 22 190 M M 2 31 190
14 45 19 32 5 33 0 0.00 M M 8.9 17 140 M M 0 25 130
15 53 21 37 10 28 0 0.00 M M 8.3 20 340 M M 0 29 340
16 37 21 29 1 36 0 T M M 18.3 28 10 M M 6 1 36 360
17 34 8 21 -7 44 0 0.00 M M 12.8 29 360 M M 2 38 360
18 59 25 42 14 23 0 0.00 M M 16.7 32 360 M M 4 45 300
19 46 17 32 4 33 0 0.00 M M 15.0 29 180 M M 4 39 180
20 65 25 45 16 20 0 0.00 M M 6.5 21 350 M M 0 27 340
21 32 1 17 -12 48 0 T M M 20.6 33 340 M M 8 189 44 350
22 8 -5 2 -27 63 0 T M M 24.9 33 340 M M 6 47 340
23 11 -6 3 -27 62 0 T M M 10.8 22 340 M M 5 29 330
24 13 -7 3 -27 62 0 0.01 M M 5.9 15 350 M M 6 8 18 340
25 34 -11 12 -18 53 0 0.00 M M 5.3 15 230 M M 0 21 230
26 50 1 26 -5 39 0 0.00 M M 6.5 22 270 M M 0 32 270
27 63 5 34 3 31 0 0.00 M M 6.2 20 260 M M 0 25 260
28 69 18 44 12 21 0 0.00 M M 5.2 17 280 M M 0 24 240
================================================================================
SM 1192 297 1069 0 0.01 M 321.7 M 79
================================================================================
AV 42.6 10.6 11.5 FASTST M M 3 MAX(MPH)
MISC ----> 37 340 50 340
================================================================================
NOTES:
# LAST OF SEVERAL OCCURRENCES
COLUMN 17 PEAK WIND IN M.P.H.
PRELIMINARY LOCAL CLIMATOLOGICAL DATA (WS FORM: F-6) , PAGE 2
STATION: ORD NE
MONTH: FEBRUARY
YEAR: 2022
LATITUDE: 41 37 N
LONGITUDE: 98 57 W
[TEMPERATURE DATA] [PRECIPITATION DATA] SYMBOLS USED IN COLUMN 16
AVERAGE MONTHLY: 26.6 TOTAL FOR MONTH: 0.01 1 = FOG OR MIST
DPTR FM NORMAL: -0.9 DPTR FM NORMAL: -0.49 2 = FOG REDUCING VISIBILITY
HIGHEST: 69 ON 28 GRTST 24HR 0.01 ON 24-24 TO 1/4 MILE OR LESS
LOWEST: -11 ON 25 3 = THUNDER
SNOW, ICE PELLETS, HAIL 4 = ICE PELLETS
TOTAL MONTH: M 5 = HAIL
GRTST 24HR M ON M 6 = FREEZING RAIN OR DRIZZLE
GRTST DEPTH: M ON M 7 = DUSTSTORM OR SANDSTORM:
VSBY 1/2 MILE OR LESS
8 = SMOKE OR HAZE
[NO. OF DAYS WITH] [WEATHER - DAYS WITH] 9 = BLOWING SNOW
X = TORNADO
MAX 32 OR BELOW: 7 0.01 INCH OR MORE: 1
MAX 90 OR ABOVE: 0 0.10 INCH OR MORE: 0
MIN 32 OR BELOW: 28 0.50 INCH OR MORE: 0
MIN 0 OR BELOW: 6 1.00 INCH OR MORE: 0
[HDD (BASE 65) ]
TOTAL THIS MO. 1069 CLEAR (SCALE 0-3) 15
DPTR FM NORMAL 19 PTCLDY (SCALE 4-7) 13
TOTAL FM JUL 1 4444 CLOUDY (SCALE 8-10) 0
DPTR FM NORMAL -574
[CDD (BASE 65) ]
TOTAL THIS MO. 0
DPTR FM NORMAL 0 [PRESSURE DATA]
TOTAL FM JAN 1 0 HIGHEST SLP 30.79 ON 23
DPTR FM NORMAL 0 LOWEST SLP 29.61 ON 10
[REMARKS]
SUBSTITUTED LIQUID PRECIPITATION AMOUNT (.01) FOR 02/24/2022 FROM LOCAL COOPERATIVE OBSERVER
(ORD#2, SITE # 25-6336) DUE TO AUTOMATED GAUGE CAPTURE UNDER-REPRESENTING FROM
SNOW EVENT.
#FINAL-02-22#