240
CXUS53 KOAX 011030
CF6OFK
PRELIMINARY LOCAL CLIMATOLOGICAL DATA (WS FORM: F-6)
STATION: NORFOLK NE
MONTH: JANUARY
YEAR: 2021
LATITUDE: 41 58 N
LONGITUDE: 97 26 W
TEMPERATURE IN F: :PCPN: SNOW: WIND :SUNSHINE: SKY :PK WND
================================================================================
1 2 3 4 5 6A 6B 7 8 9 10 11 12 13 14 15 16 17 18
12Z AVG MX 2MIN
DY MAX MIN AVG DEP HDD CDD WTR SNW DPTH SPD SPD DIR MIN PSBL S-S WX SPD DR
================================================================================
1 31 9 20 -2 45 0 0.00 0.0 5 4.5 12 330 M M 1 128 15 330
2 34 4 19 -3 46 0 0.00 0.0 5 2.5 13 180 M M 2 128 17 180
3 31 12 22 0 43 0 0.00 0.0 5 2.4 13 190 M M 1 128 17 180
4 43 16 30 8 35 0 0.00 0.0 5 7.2 17 300 M M 1 18 24 300
5 41 16 29 7 36 0 T 0.0 3 9.0 20 160 M M 1 29 150
6 36 33 35 13 30 0 0.14 T 2 5.3 12 100 M M 10 12 16 100
7 33 27 30 8 35 0 0.04 0.5 2 6.4 13 120 M M 10 12 17 120
8 30 26 28 6 37 0 0.00 0.0 2 1.5 9 200 M M 10 18 11 210
9 30 26 28 6 37 0 T T 1 4.7 9 340 M M 10 1 12 330
10 35 24 30 8 35 0 0.00 0.0 1 6.2 15 190 M M 9 1 19 200
11 44 25 35 13 30 0 0.00 0.0 1 9.9 17 250 M M 0 22 220
12 49 23 36 14 29 0 0.00 0.0 1 5.7 14 210 M M 0 16 210
13 57 28 43 21 22 0 T 0.0 1 5.4 17 290 M M 1 24 280
14 46 31 39 17 26 0 0.01 T 0 28.1 48 330 M M 8 66 320
15 31 27 29 7 36 0 0.07 1.2 1 30.2 51 330 M M 10 67 340
16 32 23 28 6 37 0 0.00 0.0 1 11.6 20 310 M M 8 26 330
17 42 24 33 11 32 0 0.00 0.0 1 11.3 25 320 M M 3 34 330
18 38 22 30 8 35 0 0.03 0.1 0 4.6 21 320 M M 10 8 29 310
19 39 17 28 6 37 0 0.00 0.0 T 12.2 31 310 M M 5 43 290
20 56 22 39 17 26 0 0.00 0.0 0 13.8 25 230 M M 0 37 230
21 45 20 33 10 32 0 0.00 0.0 0 9.9 25 320 M M 0 32 320
22 30 17 24 1 41 0 T T 0 4.9 13 340 M M 6 17 350
23 31 17 24 1 41 0 T T 0 9.6 20 150 M M 9 18 25 160
24 28 23 26 3 39 0 T T 0 9.0 17 350 M M 10 1 23 350
25 26 15 21 -2 44 0 0.44 6.6 0 12.5 23 20 M M 10 18 31 20
26 21 5 13 -10 52 0 0.01 T 6 9.3 21 20 M M 7 8 26 10
27 21 7 14 -9 51 0 0.00 0.0 6 6.0 18 180 M M 5 18 25 180
28 28 16 22 -1 43 0 0.00 0.0 6 15.8 25 190 M M 10 18 32 190
29 30 22 26 3 39 0 0.00 0.0 5 8.9 14 160 M M 8 18 18 160
30 35 28 32 9 33 0 T 0.0 5 16.0 31 350 M M 10 168 38 340
31 30 18 24 1 41 0 0.00 0.0 5 15.0 28 340 M M 9 18 37 330
================================================================================
SM 1103 623 1145 0 0.74 8.4 299.4 M 184
================================================================================
AV 35.6 20.1 9.7 FASTST M M 6 MAX(MPH)
MISC ----> 51 330 67 340
================================================================================
NOTES:
# LAST OF SEVERAL OCCURRENCES
COLUMN 17 PEAK WIND IN M.P.H.
PRELIMINARY LOCAL CLIMATOLOGICAL DATA (WS FORM: F-6) , PAGE 2
STATION: NORFOLK NE
MONTH: JANUARY
YEAR: 2021
LATITUDE: 41 58 N
LONGITUDE: 97 26 W
[TEMPERATURE DATA] [PRECIPITATION DATA] SYMBOLS USED IN COLUMN 16
AVERAGE MONTHLY: 27.8 TOTAL FOR MONTH: 0.74 1 = FOG OR MIST
DPTR FM NORMAL: 5.2 DPTR FM NORMAL: 0.15 2 = FOG REDUCING VISIBILITY
HIGHEST: 57 ON 13 GRTST 24HR 0.44 ON 25-25 TO 1/4 MILE OR LESS
LOWEST: 4 ON 2 3 = THUNDER
SNOW, ICE PELLETS, HAIL 4 = ICE PELLETS
TOTAL MONTH: 8.4 INCHES 5 = HAIL
GRTST 24HR 6.6 ON 25-25 6 = FREEZING RAIN OR DRIZZLE
GRTST DEPTH: 6 ON 27,26 7 = DUSTSTORM OR SANDSTORM:
VSBY 1/2 MILE OR LESS
8 = SMOKE OR HAZE
[NO. OF DAYS WITH] [WEATHER - DAYS WITH] 9 = BLOWING SNOW
X = TORNADO
MAX 32 OR BELOW: 15 0.01 INCH OR MORE: 7
MAX 90 OR ABOVE: 0 0.10 INCH OR MORE: 2
MIN 32 OR BELOW: 30 0.50 INCH OR MORE: 0
MIN 0 OR BELOW: 0 1.00 INCH OR MORE: 0
[HDD (BASE 65) ]
TOTAL THIS MO. 1145 CLEAR (SCALE 0-3) 10
DPTR FM NORMAL -171 PTCLDY (SCALE 4-7) 8
TOTAL FM JUL 1 3549 CLOUDY (SCALE 8-10) 13
DPTR FM NORMAL -478
[CDD (BASE 65) ]
TOTAL THIS MO. 0
DPTR FM NORMAL 0 [PRESSURE DATA]
TOTAL FM JAN 1 0 HIGHEST SLP 30.55 ON 27
DPTR FM NORMAL 0 LOWEST SLP 29.49 ON 13
[REMARKS]
#FINAL-01-21#