000
CXHW52 PHFO 011250
CF6OGG
PRELIMINARY LOCAL CLIMATOLOGICAL DATA (WS FORM: F-6)
STATION: KAHULUI HI
MONTH: AUGUST
YEAR: 2021
LATITUDE: 20 53 N
LONGITUDE: 156 26 W
TEMPERATURE IN F: :PCPN: SNOW: WIND :SUNSHINE: SKY :PK WND
================================================================================
1 2 3 4 5 6A 6B 7 8 9 10 11 12 13 14 15 16 17 18
12Z AVG MX 2MIN
DY MAX MIN AVG DEP HDD CDD WTR SNW DPTH SPD SPD DIR MIN PSBL S-S WX SPD DR
================================================================================
1 87 73 80 -1 0 15 T M M 21.4 37 50 M M 2 46 40
2 87 74 81 0 0 16 T M M 18.3 33 60 M M 4 44 60
3 86 71 79 -2 0 14 0.07 M M 18.4 32 60 M M 5 1 40 60
4 87 72 80 -1 0 15 0.03 M M 18.0 30 70 M M 2 1 45 40
5 86 71 79 -2 0 14 T M M 19.1 30 70 M M 4 39 70
6 88 75 82 1 0 17 T M M 19.6 31 40 M M 3 37 40
7 88 73 81 0 0 16 0.00 M M 17.0 28 40 M M 2 31 30
8 88 72 80 -1 0 15 0.00 M M 16.1 29 30 M M 3 33 30
9 87 70 79 -2 0 14 T M M 14.6 24 30 M M 3 1 29 30
10 88 71 80 -1 0 15 T M M 15.3 26 30 M M 7 32 30
11 88 74 81 0 0 16 0.00 M M 13.3 24 40 M M 4 28 40
12 87 73 80 -1 0 15 0.00 M M 17.0 29 40 M M 2 34 30
13 88 72 80 -1 0 15 0.01 M M 15.5 33 30 M M 3 39 30
14 87 73 80 -1 0 15 0.01 M M 16.5 29 40 M M 3 32 40
15 87 73 80 -1 0 15 0.00 M M 13.9 24 50 M M 4 29 40
16 86 63 75 -6 0 10 0.00 M M 8.0 17 40 M M 2 25 20
17 89 64 77 -4 0 12 0.13 M M 5.8 18 40 M M 3 8 22 30
18 89 65 77 -4 0 12 0.00 M M 11.1 25 30 M M 2 29 30
19 89 72 81 0 0 16 0.00 M M 16.9 33 40 M M 2 42 40
20 88 73 81 0 0 16 0.00 M M 16.7 28 30 M M 3 31 30
21 88 74 81 0 0 16 0.00 M M 13.9 24 30 M M 4 28 40
22 87 72 80 -1 0 15 0.15 M M 12.8 22 30 M M 7 18 28 40
23 86 72 79 -2 0 14 0.26 M M 13.5 26 230 M M 8 18 35 210
24 88 72 80 -1 0 15 0.00 M M 17.3 31 40 M M 5 40 40
25 88 73 81 0 0 16 T M M 15.8 29 50 M M 3 37 50
26 87 72 80 -1 0 15 T M M 16.0 29 40 M M 4 35 40
27 89 73 81 0 0 16 T M M 14.0 26 40 M M 4 31 30
28 88 67 78 -3 0 13 0.00 M M 14.4 29 40 M M 1 35 40
29 87 65 76 -5 0 11 0.00 M M 11.3 22 30 M M 2 25 20
30 87 71 79 -2 0 14 T M M 7.9 16 30 M M 3 21 10
31 88 67 78 -3 0 13 0.00 M M 10.5 22 30 M M 2 26 40
================================================================================
SM 2713 2202 0 451 0.66 M 459.9 M 106
================================================================================
AV 87.5 71.0 14.8 FASTST M M 3 MAX(MPH)
MISC ----> 37 50 46 40
================================================================================
NOTES:
# LAST OF SEVERAL OCCURRENCES
COLUMN 17 PEAK WIND IN M.P.H.
PRELIMINARY LOCAL CLIMATOLOGICAL DATA (WS FORM: F-6) , PAGE 2
STATION: KAHULUI HI
MONTH: AUGUST
YEAR: 2021
LATITUDE: 20 53 N
LONGITUDE: 156 26 W
[TEMPERATURE DATA] [PRECIPITATION DATA] SYMBOLS USED IN COLUMN 16
AVERAGE MONTHLY: 79.3 TOTAL FOR MONTH: 0.66 1 = FOG OR MIST
DPTR FM NORMAL: -1.8 DPTR FM NORMAL: 0.13 2 = FOG REDUCING VISIBILITY
HIGHEST: 89 ON 27,19 GRTST 24HR 0.39 ON 22-23 TO 1/4 MILE OR LESS
LOWEST: 63 ON 16 3 = THUNDER
SNOW, ICE PELLETS, HAIL 4 = ICE PELLETS
TOTAL MONTH: M 5 = HAIL
GRTST 24HR M ON M 6 = FREEZING RAIN OR DRIZZLE
GRTST DEPTH: M ON M 7 = DUSTSTORM OR SANDSTORM:
VSBY 1/2 MILE OR LESS
8 = SMOKE OR HAZE
[NO. OF DAYS WITH] [WEATHER - DAYS WITH] 9 = BLOWING SNOW
X = TORNADO
MAX 32 OR BELOW: 0 0.01 INCH OR MORE: 7
MAX 90 OR ABOVE: 0 0.10 INCH OR MORE: 3
MIN 32 OR BELOW: 0 0.50 INCH OR MORE: 0
MIN 0 OR BELOW: 0 1.00 INCH OR MORE: 0
[HDD (BASE 65) ]
TOTAL THIS MO. 0 CLEAR (SCALE 0-3) 16
DPTR FM NORMAL 0 PTCLDY (SCALE 4-7) 15
TOTAL FM JUL 1 0 CLOUDY (SCALE 8-10) 0
DPTR FM NORMAL 0
[CDD (BASE 65) ]
TOTAL THIS MO. 451
DPTR FM NORMAL -48 [PRESSURE DATA]
TOTAL FM JAN 1 2751 HIGHEST SLP 30.16 ON 6
DPTR FM NORMAL -96 LOWEST SLP 29.90 ON 31
[REMARKS]
#FINAL-08-21#