000
CXHW52 PHFO 011250
CF6OGG
PRELIMINARY LOCAL CLIMATOLOGICAL DATA (WS FORM: F-6)
STATION: KAHULUI HI
MONTH: AUGUST
YEAR: 2020
LATITUDE: 20 53 N
LONGITUDE: 156 26 W
TEMPERATURE IN F: :PCPN: SNOW: WIND :SUNSHINE: SKY :PK WND
================================================================================
1 2 3 4 5 6A 6B 7 8 9 10 11 12 13 14 15 16 17 18
12Z AVG MX 2MIN
DY MAX MIN AVG DEP HDD CDD WTR SNW DPTH SPD SPD DIR MIN PSBL S-S WX SPD DR
================================================================================
1 90 74 82 2 0 17 0.00 0.0 M 15.2 28 40 M M M 32 30
2 90 74 82 2 0 17 T 0.0 M 17.6 28 50 M M M 37 70
3 93 73 83 3 0 18 T 0.0 M 18.2 32 40 M M M 37 30
4 91 74 83 3 0 18 0.00 0.0 M 14.5 26 40 M M M 31 40
5 92 77 85 5 0 20 T 0.0 M 18.8 35 40 M M M 42 40
6 91 76 84 4 0 19 0.02 0.0 M 15.0 29 40 M M M 35 30
7 92 77 85 5 0 20 0.00 0.0 M 18.1 29 70 M M M 38 80
8 93 78 86 6 0 21 0.00 0.0 M 19.4 32 50 M M M 43 50
9 89 77 83 3 0 18 T 0.0 M 19.0 29 60 M M M 8 38 50
10 93 77 85 5 0 20 T 0.0 M 17.7 28 60 M M M 37 70
11 94 77 86 6 0 21 0.00 0.0 M 16.7 29 50 M M M 36 50
12 91 75 83 3 0 18 0.00 0.0 M 16.0 30 40 M M M 36 40
13 92 76 84 4 0 19 0.00 0.0 M 15.0 29 40 M M M 36 30
14 91 75 83 3 0 18 T 0.0 M 14.4 28 40 M M M 33 50
15 92 70 81 1 0 16 0.00 0.0 M 14.4 30 40 M M M 37 40
16 89 76 83 3 0 18 0.00 0.0 M 13.5 23 30 M M M 27 30
17 90 75 83 3 0 18 0.00 0.0 M 14.4 24 40 M M M 29 40
18 91 77 84 4 0 19 0.00 0.0 M 15.0 28 40 M M M 35 40
19 91 74 83 3 0 18 0.00 0.0 M 15.2 28 90 M M M 36 90
20 92 78 85 5 0 20 0.00 0.0 M 17.3 31 40 M M M 40 40
21 90 78 84 4 0 19 0.00 0.0 M 15.7 29 40 M M M 33 40
22 92 77 85 5 0 20 T 0.0 M 15.2 28 40 M M M 8 34 70
23 93 78 86 6 0 21 0.00 0.0 M 17.3 30 40 M M M 36 40
24 93 78 86 6 0 21 0.00 0.0 M 16.2 29 40 M M M 35 60
25 92 77 85 5 0 20 0.00 0.0 M 17.3 30 40 M M M 37 40
26 94 77 86 6 0 21 0.00 0.0 M 17.9 32 40 M M M 37 40
27 91 77 84 4 0 19 T 0.0 M 16.9 30 40 M M M 38 40
28 94 69 82 2 0 17 0.00 0.0 M 14.6 30 40 M M M 37 80
29 93 76 85 5 0 20 0.01 0.0 M 17.8 33 40 M M M 40 40
30 92 76 84 4 0 19 T 0.0 M 19.6 35 40 M M M 8 42 40
31 91 71 81 1 0 16 0.00 0.0 M 17.3 31 80 M M M 42 70
================================================================================
SM 2842 2344 0 586 0.03 0.0 511.2 M M
================================================================================
AV 91.7 75.6 16.5 FASTST M M 0 MAX(MPH)
MISC ----> # 35 40 # 43 50
================================================================================
NOTES:
# LAST OF SEVERAL OCCURRENCES
COLUMN 17 PEAK WIND IN M.P.H.
PRELIMINARY LOCAL CLIMATOLOGICAL DATA (WS FORM: F-6) , PAGE 2
STATION: KAHULUI HI
MONTH: AUGUST
YEAR: 2020
LATITUDE: 20 53 N
LONGITUDE: 156 26 W
[TEMPERATURE DATA] [PRECIPITATION DATA] SYMBOLS USED IN COLUMN 16
AVERAGE MONTHLY: 83.7 TOTAL FOR MONTH: 0.03 1 = FOG OR MIST
DPTR FM NORMAL: 3.9 DPTR FM NORMAL: -0.47 2 = FOG REDUCING VISIBILITY
HIGHEST: 94 ON 28,26 GRTST 24HR 0.02 ON 6- 6 TO 1/4 MILE OR LESS
LOWEST: 69 ON 28 3 = THUNDER
SNOW, ICE PELLETS, HAIL 4 = ICE PELLETS
TOTAL MONTH: 0.0 INCH 5 = HAIL
GRTST 24HR 0.0 6 = FREEZING RAIN OR DRIZZLE
GRTST DEPTH: M ON M 7 = DUSTSTORM OR SANDSTORM:
VSBY 1/2 MILE OR LESS
8 = SMOKE OR HAZE
[NO. OF DAYS WITH] [WEATHER - DAYS WITH] 9 = BLOWING SNOW
X = TORNADO
MAX 32 OR BELOW: 0 0.01 INCH OR MORE: 2
MAX 90 OR ABOVE: 29 0.10 INCH OR MORE: 0
MIN 32 OR BELOW: 0 0.50 INCH OR MORE: 0
MIN 0 OR BELOW: 0 1.00 INCH OR MORE: 0
[HDD (BASE 65) ]
TOTAL THIS MO. 0 CLEAR (SCALE 0-3) 0
DPTR FM NORMAL 0 PTCLDY (SCALE 4-7) 0
TOTAL FM JUL 1 0 CLOUDY (SCALE 8-10) 0
DPTR FM NORMAL 0
[CDD (BASE 65) ]
TOTAL THIS MO. 586
DPTR FM NORMAL 130 [PRESSURE DATA]
TOTAL FM JAN 1 3144 HIGHEST SLP 30.11 ON 9
DPTR FM NORMAL 602 LOWEST SLP 29.88 ON 12
[REMARKS]
#FINAL-08-20#