000
CXUS53 KEAX 010836
CF6OJC
PRELIMINARY LOCAL CLIMATOLOGICAL DATA (WS FORM: F-6)
STATION: JOHNSON COUNTY EXECUTIVE KS
MONTH: JANUARY
YEAR: 2022
LATITUDE: 38 50 N
LONGITUDE: 94 44 W
TEMPERATURE IN F: :PCPN: SNOW: WIND :SUNSHINE: SKY :PK WND
================================================================================
1 2 3 4 5 6A 6B 7 8 9 10 11 12 13 14 15 16 17 18
12Z AVG MX 2MIN
DY MAX MIN AVG DEP HDD CDD WTR SNW DPTH SPD SPD DIR MIN PSBL S-S WX SPD DR
================================================================================
1 34 9 22 -8 43 0 0.07 M M 16.4 24 350 M M 10 1468 33 360
2 19 3 11 -19 54 0 T M M 7.5 21 350 M M 3 18 30 360
3 42 10 26 -4 39 0 0.00 M M 7.2 14 180 M M 0 19 190
4 47 30 39 9 26 0 0.00 M M 14.2 25 200 M M 0 41 220
5 33 14 24 -6 41 0 T M M 12.1 25 320 M M 3 40 330
6 16 8 12 -18 53 0 T M M 11.1 20 360 M M 5 28 10
7 24 8 16 -14 49 0 0.00 M M 7.7 16 150 M M 3 24 150
8 45 23 34 4 31 0 0.02 M M 9.9 18 350 M M 9 18 26 340
9 36 17 27 -3 38 0 0.00 M M 9.4 24 360 M M 1 35 360
10 46 19 33 3 32 0 0.00 M M 4.9 10 330 M M 0 15 330
11 59 26 43 13 22 0 0.00 M M 9.7 24 210 M M 0 38 210
12 55 31 43 13 22 0 0.00 M M 6.6 16 280 M M 0 22 270
13 58 37 48 18 17 0 0.00 M M 7.4 16 330 M M 0 24 330
14 50 32 41 11 24 0 0.08 M M 7.3 18 330 M M 6 1 26 320
15 32 21 27 -3 38 0 M M M 14.3 26 20 M M 10 1 35 20
16 36 18 27 -3 38 0 0.00 M M 6.5 14 260 M M 7 1 20 250
17 44 28 36 6 29 0 0.00 M M 7.7 13 300 M M 1 20 290
18 56 36 46 16 19 0 0.00 M M 8.1 16 210 M M 0 21 210
19 44 11 28 -2 37 0 0.00 M M 18.1 28 10 M M 5 36 10
20 20 6 13 -17 52 0 0.00 M M 8.8 21 10 M M 0 28 10
21 25 3 14 -16 51 0 0.00 M M 6.3 14 180 M M 0 19 170
22 48 21 35 5 30 0 0.00 M M 6.8 14 240 M M 1 23 240
23 41 34 38 8 27 0 0.00 M M 8.8 18 330 M M 3 26 330
24 55 21 38 8 27 0 0.00 M M 12.3 25 10 M M 4 33 350
25 25 12 19 -11 46 0 0.00 M M 9.6 17 30 M M 0 23 30
26 33 9 21 -9 44 0 0.00 M M 7.7 16 200 M M 3 24 160
27 44 27 36 6 29 0 T M M 8.4 23 360 M M 4 8 30 350
28 32 18 25 -5 40 0 0.00 M M 8.0 18 350 M M 3 26 360
29 55 19 37 7 28 0 0.00 M M 8.2 16 240 M M 0 24 260
30 48 30 39 8 26 0 0.00 M M 4.8 13 350 M M 0 19 350
31 66 26 46 15 19 0 0.00 M M 9.7 18 200 M M 0 27 200
================================================================================
SM 1268 607 1071 0 0.17 M 285.5 M 81
================================================================================
AV 40.9 19.6 9.2 FASTST M M 3 MAX(MPH)
MISC ----> 28 10 41 220
================================================================================
NOTES:
# LAST OF SEVERAL OCCURRENCES
COLUMN 17 PEAK WIND IN M.P.H.
PRELIMINARY LOCAL CLIMATOLOGICAL DATA (WS FORM: F-6) , PAGE 2
STATION: JOHNSON COUNTY EXECUTIVE KS
MONTH: JANUARY
YEAR: 2022
LATITUDE: 38 50 N
LONGITUDE: 94 44 W
[TEMPERATURE DATA] [PRECIPITATION DATA] SYMBOLS USED IN COLUMN 16
AVERAGE MONTHLY: 30.2 TOTAL FOR MONTH: 0.17 1 = FOG OR MIST
DPTR FM NORMAL: 0.2 DPTR FM NORMAL: -0.89 2 = FOG REDUCING VISIBILITY
HIGHEST: 66 ON 31 GRTST 24HR 0.43 ON 1- 1 TO 1/4 MILE OR LESS
LOWEST: 3 ON 21, 2 3 = THUNDER
SNOW, ICE PELLETS, HAIL 4 = ICE PELLETS
TOTAL MONTH: M 5 = HAIL
GRTST 24HR M ON M 6 = FREEZING RAIN OR DRIZZLE
GRTST DEPTH: M ON M 7 = DUSTSTORM OR SANDSTORM:
VSBY 1/2 MILE OR LESS
8 = SMOKE OR HAZE
[NO. OF DAYS WITH] [WEATHER - DAYS WITH] 9 = BLOWING SNOW
X = TORNADO
MAX 32 OR BELOW: 8 0.01 INCH OR MORE: 3
MAX 90 OR ABOVE: 0 0.10 INCH OR MORE: 0
MIN 32 OR BELOW: 28 0.50 INCH OR MORE: 0
MIN 0 OR BELOW: 0 1.00 INCH OR MORE: 0
[HDD (BASE 65) ]
TOTAL THIS MO. 1071 CLEAR (SCALE 0-3) 20
DPTR FM NORMAL -15 PTCLDY (SCALE 4-7) 8
TOTAL FM JUL 1 2419 CLOUDY (SCALE 8-10) 3
DPTR FM NORMAL -598
[CDD (BASE 65) ]
TOTAL THIS MO. 0
DPTR FM NORMAL 0 [PRESSURE DATA]
TOTAL FM JAN 1 0 HIGHEST SLP 30.75 ON 20
DPTR FM NORMAL 0 LOWEST SLP 29.60 ON 4
[REMARKS]
#FINAL-01-22#