000
CXUS56 KSGX 181045
CF6OKB
PRELIMINARY LOCAL CLIMATOLOGICAL DATA (WS FORM: F-6)
STATION: OCEANSIDE AIRPORT CA
MONTH: APRIL
YEAR: 2024
LATITUDE: 33 13 N
LONGITUDE: 117 21 W
TEMPERATURE IN F: :PCPN: SNOW: WIND :SUNSHINE: SKY :PK WND
================================================================================
1 2 3 4 5 6A 6B 7 8 9 10 11 12 13 14 15 16 17 18
12Z AVG MX 2MIN
DY MAX MIN AVG DEP HDD CDD WTR SNW DPTH SPD SPD DIR MIN PSBL S-S WX SPD DR
================================================================================
1 66 44 55 -2 10 0 0.00 M M 5.3 18 290 M M 1 1 25 290
2 71 43 57 0 8 0 0.00 M M 3.8 14 260 M M 0 1 21 250
3 73 45 59 2 6 0 0.00 M M 4.6 14 250 M M 3 18 18 240
4 66 50 58 1 7 0 0.03 M M 7.2 18 290 M M 10 1 28 310
5 60 46 53 -4 12 0 0.30 M M 7.5 22 260 M M 6 1 30 290
6 64 42 53 -4 12 0 0.00 M M 4.6 13 250 M M 1 18 19 230
7 65 41 53 -4 12 0 0.00 M M 5.4 15 260 M M 0 1 23 250
8 65 41 53 -5 12 0 0.00 M M 5.6 16 260 M M 1 1 22 260
9 74 40 57 -1 8 0 0.00 M M 5.4 16 280 M M 0 18 22 270
10 75 44 60 2 5 0 0.00 M M 4.1 12 240 M M 1 18 16 260
11 67 52 60 2 5 0 0.00 M M 5.0 14 250 M M 7 128 20 250
12 64 56 60 2 5 0 T M M 5.1 14 210 M M 10 18 18 210
13 69 46 58 0 7 0 0.09 M M 6.8 24 310 M M 10 18 34 300
14 66 41 54 -4 11 0 0.02 M M 5.0 17 250 M M 6 128 24 270
15 68 47 58 0 7 0 0.00 M M 5.4 21 290 M M 3 1 26 290
16 72 44 58 0 7 0 0.00 M M 4.7 17 270 M M 0 18 22 260
17 69 44 57 -1 8 0 0.00 M M 4.3 14 260 M M 0 18 19 250
================================================================================
SM 1154 766 142 0 0.44 M 89.8 M 59
================================================================================
AV 67.9 45.1 5.3 FASTST M M 3 MAX(MPH)
MISC ----> 24 310 34 300
================================================================================
NOTES:
# LAST OF SEVERAL OCCURRENCES
COLUMN 17 PEAK WIND IN M.P.H.
PRELIMINARY LOCAL CLIMATOLOGICAL DATA (WS FORM: F-6) , PAGE 2
STATION: OCEANSIDE AIRPORT CA
MONTH: APRIL
YEAR: 2024
LATITUDE: 33 13 N
LONGITUDE: 117 21 W
[TEMPERATURE DATA] [PRECIPITATION DATA] SYMBOLS USED IN COLUMN 16
AVERAGE MONTHLY: 56.5 TOTAL FOR MONTH: 0.44 1 = FOG OR MIST
DPTR FM NORMAL: -1.1 DPTR FM NORMAL: -0.11 2 = FOG REDUCING VISIBILITY
HIGHEST: 75 ON 10 GRTST 24HR 0.33 ON 4- 5 TO 1/4 MILE OR LESS
LOWEST: 40 ON 9 3 = THUNDER
SNOW, ICE PELLETS, HAIL 4 = ICE PELLETS
TOTAL MONTH: M 5 = HAIL
GRTST 24HR M ON M 6 = FREEZING RAIN OR DRIZZLE
GRTST DEPTH: M ON M 7 = DUSTSTORM OR SANDSTORM:
VSBY 1/2 MILE OR LESS
8 = SMOKE OR HAZE
[NO. OF DAYS WITH] [WEATHER - DAYS WITH] 9 = BLOWING SNOW
X = TORNADO
MAX 32 OR BELOW: 0 0.01 INCH OR MORE: 4
MAX 90 OR ABOVE: 0 0.10 INCH OR MORE: 1
MIN 32 OR BELOW: 0 0.50 INCH OR MORE: 0
MIN 0 OR BELOW: 0 1.00 INCH OR MORE: 0
[HDD (BASE 65) ]
TOTAL THIS MO. 142 CLEAR (SCALE 0-3) 11
DPTR FM NORMAL 14 PTCLDY (SCALE 4-7) 3
TOTAL FM JUL 1 1443 CLOUDY (SCALE 8-10) 3
DPTR FM NORMAL -315
[CDD (BASE 65) ]
TOTAL THIS MO. 0
DPTR FM NORMAL 0 [PRESSURE DATA]
TOTAL FM JAN 1 0 HIGHEST SLP M ON M
DPTR FM NORMAL -3 LOWEST SLP 29.81 ON 1
[REMARKS]