000
CXUS54 KOUN 011343
CF6OKC
PRELIMINARY LOCAL CLIMATOLOGICAL DATA (WS FORM: F-6)
STATION: OKLAHOMA CITY
MONTH: AUGUST
YEAR: 2022
LATITUDE: 35 24 N
LONGITUDE: 97 36 W
TEMPERATURE IN F: :PCPN: SNOW: WIND :SUNSHINE: SKY :PK WND
================================================================================
1 2 3 4 5 6A 6B 7 8 9 10 11 12 13 14 15 16 17 18
12Z AVG MX 2MIN
DY MAX MIN AVG DEP HDD CDD WTR SNW DPTH SPD SPD DIR MIN PSBL S-S WX SPD DR
================================================================================
1 93 76 85 3 0 20 0.01 0.0 0 12.9 25 230 M M 7 32 220
2 103 72 88 6 0 23 0.00 0.0 0 13.4 22 190 M M 2 29 190
3 104 76 90 8 0 25 0.00 0.0 0 14.1 23 180 M M 4 33 220
4 99 76 88 6 0 23 0.00 0.0 0 12.6 23 110 M M 5 29 130
5 102 75 89 7 0 24 0.21 0.0 0 10.8 29 200 M M 5 3 40 200
6 100 76 88 6 0 23 0.00 0.0 0 12.2 20 150 M M 2 23 150
7 99 73 86 4 0 21 0.00 0.0 0 10.4 20 180 M M 5 25 190
8 100 73 87 5 0 22 0.00 0.0 0 8.8 21 210 M M 7 24 220
9 98 72 85 3 0 20 T 0.0 0 6.3 24 340 M M 7 3 29 10
10 98 71 85 3 0 20 0.00 0.0 0 5.2 16 30 M M 5 20 30
11 96 71 84 2 0 19 0.00 0.0 0 6.5 15 110 M M 1 20 110
12 95 70 83 1 0 18 0.00 0.0 0 8.1 16 110 M M 2 21 110
13 97 72 85 4 0 20 0.00 0.0 0 8.6 16 180 M M 2 21 190
14 99 68 84 3 0 19 0.00 0.0 0 8.1 16 160 M M 1 23 150
15 99 70 85 4 0 20 0.00 0.0 0 8.1 18 200 M M 2 25 210
16 103 72 88 7 0 23 0.07 0.0 0 9.9 20 230 M M 5 3 32 250
17 80 71 76 -5 0 11 0.00 0.0 0 12.1 24 340 M M 9 29 340
18 87 68 78 -3 0 13 0.00 0.0 0 7.9 16 70 M M 6 20 60
19 92 60 76 -4 0 11 0.00 0.0 0 5.9 13 140 M M 4 17 150
20 97 66 82 2 0 17 0.01 0.0 0 9.1 28 240 M M 8 35 220
21 76 69 73 -7 0 8 0.20 0.0 0 3.7 13 350 M M 10 1 15 350
22 91 69 80 0 0 15 0.00 0.0 0 10.3 21 50 M M 7 1 26 40
23 88 70 79 -1 0 14 0.00 0.0 0 7.4 16 50 M M 6 22 40
24 93 70 82 3 0 17 0.00 0.0 0 6.7 15 120 M M 4 21 80
25 94 66 80 1 0 15 0.00 0.0 0 5.5 15 50 M M 2 19 40
26 94 63 79 0 0 14 0.00 0.0 0 5.0 13 180 M M 2 17 190
27 95 68 82 3 0 17 0.00 0.0 0 9.6 20 160 M M 4 26 190
28 99 66 83 5 0 18 0.97 0.0 0 14.0 39 320 M M 8 13 47 320
29 95 67 81 3 0 16 0.57 0.0 0 9.6 28 140 M M 8 3 33 150
30 93 67 80 2 0 15 0.00 0.0 0 7.9 18 70 M M 7 24 50
31 93 72 83 5 0 18 0.00 0.0 0 7.3 16 210 M M 7 21 50
================================================================================
SM 2952 2175 0 559 2.04 0.0 278.0 M 154
================================================================================
AV 95.2 70.2 9.0 FASTST M M 5 MAX(MPH)
MISC ----> 39 320 47 320
================================================================================
NOTES:
# LAST OF SEVERAL OCCURRENCES
COLUMN 17 PEAK WIND IN M.P.H.
PRELIMINARY LOCAL CLIMATOLOGICAL DATA (WS FORM: F-6) , PAGE 2
STATION: OKLAHOMA CITY
MONTH: AUGUST
YEAR: 2022
LATITUDE: 35 24 N
LONGITUDE: 97 36 W
[TEMPERATURE DATA] [PRECIPITATION DATA] SYMBOLS USED IN COLUMN 16
AVERAGE MONTHLY: 82.7 TOTAL FOR MONTH: 2.04 1 = FOG OR MIST
DPTR FM NORMAL: 2.0 DPTR FM NORMAL: -1.56 2 = FOG REDUCING VISIBILITY
HIGHEST: 104 ON 3 GRTST 24HR 1.52 ON 28-29 TO 1/4 MILE OR LESS
LOWEST: 60 ON 19 3 = THUNDER
SNOW, ICE PELLETS, HAIL 4 = ICE PELLETS
TOTAL MONTH: 0.0 INCH 5 = HAIL
GRTST 24HR 0.0 6 = FREEZING RAIN OR DRIZZLE
GRTST DEPTH: 0 7 = DUSTSTORM OR SANDSTORM:
VSBY 1/2 MILE OR LESS
8 = SMOKE OR HAZE
[NO. OF DAYS WITH] [WEATHER - DAYS WITH] 9 = BLOWING SNOW
X = TORNADO
MAX 32 OR BELOW: 0 0.01 INCH OR MORE: 7
MAX 90 OR ABOVE: 27 0.10 INCH OR MORE: 4
MIN 32 OR BELOW: 0 0.50 INCH OR MORE: 2
MIN 0 OR BELOW: 0 1.00 INCH OR MORE: 0
[HDD (BASE 65) ]
TOTAL THIS MO. 0 CLEAR (SCALE 0-3) 9
DPTR FM NORMAL 0 PTCLDY (SCALE 4-7) 20
TOTAL FM JUL 1 0 CLOUDY (SCALE 8-10) 2
DPTR FM NORMAL 0
[CDD (BASE 65) ]
TOTAL THIS MO. 559
DPTR FM NORMAL 74 [PRESSURE DATA]
TOTAL FM JAN 1 1964 HIGHEST SLP 30.10 ON 10
DPTR FM NORMAL 409 LOWEST SLP 29.65 ON 28
[REMARKS]
#FINAL-08-22#