000
CXUS55 KSEW 011030
CF6OLM
PRELIMINARY LOCAL CLIMATOLOGICAL DATA (WS FORM: F-6)
STATION: OLYMPIA WA AIRPORT
MONTH: JANUARY
YEAR: 2022
LATITUDE: 46 58 N
LONGITUDE: 122 54 W
TEMPERATURE IN F: :PCPN: SNOW: WIND :SUNSHINE: SKY :PK WND
================================================================================
1 2 3 4 5 6A 6B 7 8 9 10 11 12 13 14 15 16 17 18
12Z AVG MX 2MIN
DY MAX MIN AVG DEP HDD CDD WTR SNW DPTH SPD SPD DIR MIN PSBL S-S WX SPD DR
================================================================================
1 36 7 22 -17 43 0 0.00 M M 4.9 14 210 M M 5 128 22 220
2 44 35 40 1 25 0 1.15 M M 14.1 28 150 M M 8 1 41 160
3 44 30 37 -2 28 0 0.89 M M 8.5 20 180 M M 9 18 27 180
4 41 33 37 -2 28 0 0.17 M M 6.9 24 170 M M 9 18 33 180
5 40 34 37 -2 28 0 0.58 M M 1.7 9 60 M M 9 1 12 60
6 53 34 44 5 21 0 3.99 M M 13.0 26 180 M M 10 1 50 170
7 50 37 44 5 21 0 0.78 M M 12.9 26 190 M M 10 1 41 180
8 47 29 38 -1 27 0 T M M 4.3 13 210 M M 6 12 19 210
9 48 28 38 -1 27 0 0.00 M M 0.9 6 100 M M 8 12 7 100
10 51 27 39 0 26 0 0.20 M M 4.5 17 210 M M 8 126 28 210
11 54 48 51 12 14 0 1.14 M M 12.5 22 180 M M 10 1 30 210
12 61 41 51 11 14 0 0.80 M M 5.3 15 190 M M 7 12 22 210
13 56 39 48 8 17 0 0.36 M M 3.5 12 190 M M 9 12 16 220
14 54 38 46 6 19 0 0.00 M M 0.8 7 20 M M 7 12 7 360
15 45 39 42 2 23 0 0.00 M M 2.8 8 40 M M 10 128 10 20
16 44 42 43 3 22 0 0.00 M M 3.7 8 40 M M 10 1 12 40
17 52 40 46 6 19 0 0.00 M M 6.6 15 210 M M 8 1 19 210
18 53 42 48 8 17 0 0.01 M M 5.5 12 200 M M 9 1 16 220
19 53 41 47 7 18 0 0.03 M M 2.6 16 200 M M 10 18 24 210
20 55 35 45 5 20 0 0.29 M M 9.7 21 230 M M 8 18 29 260
21 50 36 43 3 22 0 0.00 M M 2.0 9 10 M M 8 12 12 70
22 48 36 42 2 23 0 0.00 M M 5.8 14 30 M M 8 12 17 30
23 42 39 41 1 24 0 0.00 M M 4.6 9 20 M M 10 128 13 70
24 41 35 38 -2 27 0 0.00 M M 3.9 10 50 M M 10 128 14 50
25 42 37 40 0 25 0 0.00 M M 4.3 9 20 M M 9 18 13 20
26 43 32 38 -2 27 0 0.00 M M 5.7 10 50 M M 8 128 15 70
27 49 26 38 -2 27 0 0.00 M M 2.3 8 30 M M 6 128 10 60
28 56 24 40 0 25 0 0.00 M M 2.7 10 210 M M 0 18 14 220
29 56 29 43 3 22 0 0.02 M M 3.3 8 220 M M 2 12 230
30 51 37 44 4 21 0 0.33 M M 9.1 24 190 M M 8 1 35 170
31 49 32 41 1 24 0 0.04 M M 8.8 18 260 M M 6 1 27 250
================================================================================
SM 1508 1062 724 0 10.78 M 177.2 M 245
================================================================================
AV 48.6 34.3 5.7 FASTST M M 8 MAX(MPH)
MISC ----> 28 150 50 170
================================================================================
NOTES:
# LAST OF SEVERAL OCCURRENCES
COLUMN 17 PEAK WIND IN M.P.H.
PRELIMINARY LOCAL CLIMATOLOGICAL DATA (WS FORM: F-6) , PAGE 2
STATION: OLYMPIA WA AIRPORT
MONTH: JANUARY
YEAR: 2022
LATITUDE: 46 58 N
LONGITUDE: 122 54 W
[TEMPERATURE DATA] [PRECIPITATION DATA] SYMBOLS USED IN COLUMN 16
AVERAGE MONTHLY: 41.5 TOTAL FOR MONTH: 10.78 1 = FOG OR MIST
DPTR FM NORMAL: 1.9 DPTR FM NORMAL: 2.98 2 = FOG REDUCING VISIBILITY
HIGHEST: 61 ON 12 GRTST 24HR 4.05 ON 5- 6 TO 1/4 MILE OR LESS
LOWEST: 7 ON 1 3 = THUNDER
SNOW, ICE PELLETS, HAIL 4 = ICE PELLETS
TOTAL MONTH: M 5 = HAIL
GRTST 24HR M ON M 6 = FREEZING RAIN OR DRIZZLE
GRTST DEPTH: M ON M 7 = DUSTSTORM OR SANDSTORM:
VSBY 1/2 MILE OR LESS
8 = SMOKE OR HAZE
[NO. OF DAYS WITH] [WEATHER - DAYS WITH] 9 = BLOWING SNOW
X = TORNADO
MAX 32 OR BELOW: 0 0.01 INCH OR MORE: 16
MAX 90 OR ABOVE: 0 0.10 INCH OR MORE: 12
MIN 32 OR BELOW: 10 0.50 INCH OR MORE: 7
MIN 0 OR BELOW: 0 1.00 INCH OR MORE: 3
[HDD (BASE 65) ]
TOTAL THIS MO. 724 CLEAR (SCALE 0-3) 2
DPTR FM NORMAL -63 PTCLDY (SCALE 4-7) 11
TOTAL FM JUL 1 2780 CLOUDY (SCALE 8-10) 18
DPTR FM NORMAL -249
[CDD (BASE 65) ]
TOTAL THIS MO. 0
DPTR FM NORMAL 0 [PRESSURE DATA]
TOTAL FM JAN 1 0 HIGHEST SLP 30.68 ON 21
DPTR FM NORMAL 0 LOWEST SLP 29.25 ON 7
[REMARKS]
#FINAL-01-22#