000
CXUS53 KOAX 010945
CLMOMA
CLIMATE REPORT
NATIONAL WEATHER SERVICE OMAHA/VALLEY NE
445 AM CDT THU JUN 01 2023
...................................
...THE OMAHA NE CLIMATE SUMMARY FOR THE MONTH OF MAY 2023...
CLIMATE NORMAL PERIOD 1991 TO 2020
CLIMATE RECORD PERIOD 1871 TO 2023
WEATHER OBSERVED NORMAL DEPART
VALUE DATE(S) VALUE FROM
NORMAL
................................................
TEMPERATURE (F)
HIGHEST 91 05/30
LOWEST 34 05/02
05/03
AVG. MAXIMUM 79.5 74.6 4.9
AVG. MINIMUM 54.1 52.7 1.4
MEAN 66.8 63.6 3.2
DAYS MAX >= 90 1
DAYS MAX <= 32 0
DAYS MIN <= 32 0
DAYS MIN <= 0 0
PRECIPITATION (INCHES)
RECORD
MAXIMUM 11.29 1883
MINIMUM 0.55 1989
TOTALS 0.17R 4.66 -4.49
DAYS >= .01 3
DAYS >= .10 1
DAYS >= .50 0
DAYS >= 1.00 0
GREATEST
24 HR. TOTAL 0.11 05/11 TO 05/11
SNOWFALL (INCHES)
RECORDS
TOTAL 3.1 2013
TOTALS 0.0 0.1 -0.1
SINCE 7/1 13.8
DAYS >= 1.0 0
GREATEST
SNOW DEPTH 0
24 HR TOTAL MM
DEGREE DAYS
HEATING TOTAL 68 132 -64
SINCE 7/1 5936 5822 114
COOLING TOTAL 131 90 41
SINCE 1/1 152 106 46
................................................
WIND (MPH)
AVERAGE WIND SPEED 9.3
HIGHEST WIND SPEED/DIRECTION 31/130 DATE 05/12
HIGHEST GUST SPEED/DIRECTION 40/340 DATE 05/01
40/120 05/12
SKY COVER
AVERAGE SKY COVER 0.50
WEATHER CONDITIONS. NUMBER OF DAYS WITH
THUNDERSTORM 5 MIXED PRECIP 0
HEAVY RAIN 0 RAIN 1
LIGHT RAIN 11 FREEZING RAIN 0
LT FREEZING RAIN 0 HAIL 0
HEAVY SNOW 0 SNOW 0
LIGHT SNOW 0 SLEET 0
FOG 7 FOG W/VIS <= 1/4 MILE 1
HAZE 7
- INDICATES NEGATIVE NUMBERS.
R INDICATES RECORD WAS SET OR TIED.
MM INDICATES DATA IS MISSING.
T INDICATES TRACE AMOUNT.
&&
MAY IN OMAHA WAS BOTH SIGNIFICANTLY WARMER AND DRIER THAN NORMAL.
THE MONTH ENDED UP 3.2 DEGREES ABOVE NORMAL FOR AVERAGE TEMPERATURE
AND 4.49 INCHES BELOW NORMAL FOR PRECIPITATION. IT WAS THE DRIEST
MAY ON RECORD AND THE 20TH WARMEST. NO NEW DAILY RECORDS WERE SET
DURING THE MONTH.
$$
DEWALD