000
CXAK56 PAFG 010949
CF6OME
PRELIMINARY LOCAL CLIMATOLOGICAL DATA (WS FORM: F-6)
STATION: NOME AK
MONTH: JULY
YEAR: 2023
LATITUDE: 64 30 N
LONGITUDE: 165 26 W
TEMPERATURE IN F: :PCPN: SNOW: WIND :SUNSHINE: SKY :PK WND
================================================================================
1 2 3 4 5 6A 6B 7 8 9 10 11 12 13 14 15 16 17 18
12Z AVG MX 2MIN
DY MAX MIN AVG DEP HDD CDD WTR SNW DPTH SPD SPD DIR MIN PSBL S-S WX SPD DR
================================================================================
1 63 43 53 1 12 0 0.00 M M 8.0 17 250 M M 0 21 260
2 64 52 58 6 7 0 T M M 10.1 22 130 M M 6 28 130
3 63 52 58 5 7 0 T M M 9.7 20 120 M M 5 25 110
4 57 49 53 0 12 0 0.02 M M 8.1 14 200 M M 5 18 130
5 57 49 53 0 12 0 0.08 M M 5.9 12 230 M M 6 1 17 230
6 58 49 54 1 11 0 0.11 M M 8.3 17 200 M M 8 1 24 170
7 54 48 51 -2 14 0 T M M 5.5 10 200 M M 9 19 160
8 53 49 51 -2 14 0 0.42 M M 17.0 29 130 M M 10 1 38 130
9 53 49 51 -2 14 0 0.10 M M 10.7 15 130 M M 10 1 22 140
10 54 50 52 -1 13 0 0.07 M M 6.9 14 150 M M 10 1 17 110
11 57 46 52 -1 13 0 0.00 M M 11.9 23 260 M M 7 28 240
12 49 45 47 -5 18 0 T M M 8.0 17 280 M M 10 1 22 290
13 52 47 50 -2 15 0 0.52 M M 11.6 21 100 M M 10 1 29 110
14 49 45 47 -5 18 0 0.22 M M 16.6 28 240 M M 10 1 33 250
15 55 47 51 -1 14 0 0.00 M M 5.7 14 260 M M 9 17 250
16 66 46 56 4 9 0 0.00 M M 7.1 17 310 M M 3 23 320
17 58 44 51 -1 14 0 0.00 M M 5.0 12 180 M M 4 16 170
18 53 49 51 -1 14 0 0.00 M M 6.0 10 130 M M 10 1 M M
19 53 49 51 -1 14 0 0.20 M M 6.2 9 120 M M 10 1 M M
20 50 47 49 -3 16 0 0.31 M M 8.2 16 140 M M 10 1 20 150
21 53 48 51 -1 14 0 0.10 M M 7.1 10 120 M M 10 1 15 170
22 60 51 56 4 9 0 0.27 M M 9.1 17 130 M M 10 1 23 130
23 60 52 56 4 9 0 0.00 M M 7.7 14 140 M M 6 19 150
24 62 50 56 5 9 0 0.00 M M 5.5 13 230 M M 6 M M
25 57 53 55 4 10 0 0.05 M M 10.8 22 150 M M 10 1 33 160
26 58 53 56 5 9 0 0.20 M M 13.2 20 140 M M 10 1 25 140
27 56 52 54 3 11 0 0.24 M M 9.2 16 150 M M 10 1 22 140
28 59 50 55 4 10 0 0.28 M M 9.2 17 260 M M 8 1 22 270
29 53 48 51 0 14 0 0.17 M M 12.4 18 270 M M 10 1 24 270
30 54 47 51 0 14 0 0.01 M M 7.4 13 140 M M 10 1 19 180
31 55 49 52 1 13 0 0.02 M M 9.0 14 160 M M 10 1 25 180
================================================================================
SM 1745 1508 383 0 3.39 M 277.1 M 252
================================================================================
AV 56.3 48.6 8.9 FASTST M M 8 MAX(MPH)
MISC ----> 29 130 38 130
================================================================================
NOTES:
# LAST OF SEVERAL OCCURRENCES
COLUMN 17 PEAK WIND IN M.P.H.
PRELIMINARY LOCAL CLIMATOLOGICAL DATA (WS FORM: F-6) , PAGE 2
STATION: NOME AK
MONTH: JULY
YEAR: 2023
LATITUDE: 64 30 N
LONGITUDE: 165 26 W
[TEMPERATURE DATA] [PRECIPITATION DATA] SYMBOLS USED IN COLUMN 16
AVERAGE MONTHLY: 52.5 TOTAL FOR MONTH: 3.39 1 = FOG OR MIST
DPTR FM NORMAL: 0.5 DPTR FM NORMAL: 1.04 2 = FOG REDUCING VISIBILITY
HIGHEST: 66 ON 16 GRTST 24HR 0.55 ON 13-14 TO 1/4 MILE OR LESS
LOWEST: 43 ON 1 3 = THUNDER
SNOW, ICE PELLETS, HAIL 4 = ICE PELLETS
TOTAL MONTH: M 5 = HAIL
GRTST 24HR M ON M 6 = FREEZING RAIN OR DRIZZLE
GRTST DEPTH: M ON M 7 = DUSTSTORM OR SANDSTORM:
VSBY 1/2 MILE OR LESS
8 = SMOKE OR HAZE
[NO. OF DAYS WITH] [WEATHER - DAYS WITH] 9 = BLOWING SNOW
X = TORNADO
MAX 32 OR BELOW: 0 0.01 INCH OR MORE: 19
MAX 90 OR ABOVE: 0 0.10 INCH OR MORE: 13
MIN 32 OR BELOW: 0 0.50 INCH OR MORE: 1
MIN 0 OR BELOW: 0 1.00 INCH OR MORE: 0
[HDD (BASE 65) ]
TOTAL THIS MO. 383 CLEAR (SCALE 0-3) 2
DPTR FM NORMAL -22 PTCLDY (SCALE 4-7) 9
TOTAL FM JUL 1 383 CLOUDY (SCALE 8-10) 20
DPTR FM NORMAL -21
[CDD (BASE 65) ]
TOTAL THIS MO. 0
DPTR FM NORMAL -2 [PRESSURE DATA]
TOTAL FM JAN 1 0 HIGHEST SLP M ON M
DPTR FM NORMAL -3 LOWEST SLP 29.47 ON 9
[REMARKS]
#FINAL-07-23#