000
CXAK56 PAFG 011648
CF6OME
PRELIMINARY LOCAL CLIMATOLOGICAL DATA (WS FORM: F-6)
STATION: NOME AK
MONTH: APRIL
YEAR: 2023
LATITUDE: 64 30 N
LONGITUDE: 165 26 W
TEMPERATURE IN F: :PCPN: SNOW: WIND :SUNSHINE: SKY :PK WND
================================================================================
1 2 3 4 5 6A 6B 7 8 9 10 11 12 13 14 15 16 17 18
12Z AVG MX 2MIN
DY MAX MIN AVG DEP HDD CDD WTR SNW DPTH SPD SPD DIR MIN PSBL S-S WX SPD DR
================================================================================
1 30 15 23 9 42 0 0.33 M M 15.9 28 250 M M 10 12 32 250
2 16 -7 5 -9 60 0 T M M 10.7 26 260 M M 3 189 29 260
3 18 -8 5 -10 60 0 T M M 5.3 15 30 M M 8 18 17 30
4 10 -12 -1 -16 66 0 T M M 1.8 13 330 M M 0 15 40
5 7 -20 -6 -22 71 0 T M M 1.1 7 320 M M 0 18 7 320
6 2 -23 -10 -26 75 0 T M M 1.5 9 10 M M 1 18 11 360
7 -2 -21 -11 -28 76 0 T M M 3.4 12 330 M M 3 18 12 270
8 -1 -30 -15 -33 80 0 0.02 M M 4.1 10 80 M M 4 18 14 310
9 0 -16 -8 -26 73 0 0.03 M M 8.4 18 290 M M 6 18 22 300
10 0 -26 -13 -32 78 0 0.00 M M 2.3 8 100 M M 0 10 100
11 4 -21 -8 -28 73 0 0.00 M M 3.4 10 30 M M 0 12 40
12 9 -19 -5 -25 70 0 0.00 M M 2.7 12 350 M M 0 13 350
13 12 -20 -4 -25 69 0 0.00 M M 2.6 12 340 M M 0 12 340
14 14 -15 0 -22 65 0 0.00 M M 11.0 26 10 M M 1 1 30 20
15 21 -5 8 -14 57 0 0.00 M M 4.6 16 330 M M 0 17 330
16 19 -10 5 -18 60 0 0.00 M M 5.9 22 320 M M 0 25 320
17 20 -8 6 -18 59 0 0.00 M M 2.5 15 320 M M 0 15 320
18 18 -11 4 -20 61 0 0.00 M M 2.4 8 280 M M 0 9 280
19 27 -7 10 -15 55 0 0.00 M M 1.4 7 10 M M 0 7 10
20 38 1 20 -6 45 0 0.00 M M 0.5 7 290 M M 0 7 310
21 33 8 21 -5 44 0 0.00 M M 1.5 6 290 M M 0 7 280
22 34 11 23 -4 42 0 0.00 M M 3.8 13 20 M M 0 16 30
23 31 16 24 -4 41 0 0.00 M M 8.1 25 40 M M 0 30 40
24 26 13 20 -8 45 0 0.00 M M 16.9 31 40 M M 1 38 40
25 29 17 23 -6 42 0 0.00 M M 14.2 21 40 M M 3 23 30
26 35 22 29 0 36 0 0.00 M M 9.3 21 30 M M 2 26 30
27 26 16 21 -9 44 0 T M M 6.6 15 40 M M 7 19 40
28 32 25 29 -1 36 0 0.06 M M 11.0 18 90 M M 9 12 23 70
29 34 29 32 1 33 0 0.04 M M 11.3 16 90 M M 8 1 21 70
30 39 29 34 3 31 0 0.00 M M 14.9 24 40 M M 0 28 40
================================================================================
SM 581 -77 1689 0 0.48 M 189.1 M 66
================================================================================
AV 19.4 -2.6 6.3 FASTST M M 2 MAX(MPH)
MISC ----> 31 40 38 40
================================================================================
NOTES:
# LAST OF SEVERAL OCCURRENCES
COLUMN 17 PEAK WIND IN M.P.H.
PRELIMINARY LOCAL CLIMATOLOGICAL DATA (WS FORM: F-6) , PAGE 2
STATION: NOME AK
MONTH: APRIL
YEAR: 2023
LATITUDE: 64 30 N
LONGITUDE: 165 26 W
[TEMPERATURE DATA] [PRECIPITATION DATA] SYMBOLS USED IN COLUMN 16
AVERAGE MONTHLY: 8.4 TOTAL FOR MONTH: 0.48 1 = FOG OR MIST
DPTR FM NORMAL: -14.3 DPTR FM NORMAL: -0.26 2 = FOG REDUCING VISIBILITY
HIGHEST: 39 ON 30 GRTST 24HR 0.33 ON 1- 1 TO 1/4 MILE OR LESS
LOWEST: -30 ON 8 3 = THUNDER
SNOW, ICE PELLETS, HAIL 4 = ICE PELLETS
TOTAL MONTH: M 5 = HAIL
GRTST 24HR M ON M 6 = FREEZING RAIN OR DRIZZLE
GRTST DEPTH: M ON M 7 = DUSTSTORM OR SANDSTORM:
VSBY 1/2 MILE OR LESS
8 = SMOKE OR HAZE
[NO. OF DAYS WITH] [WEATHER - DAYS WITH] 9 = BLOWING SNOW
X = TORNADO
MAX 32 OR BELOW: 24 0.01 INCH OR MORE: 5
MAX 90 OR ABOVE: 0 0.10 INCH OR MORE: 1
MIN 32 OR BELOW: 30 0.50 INCH OR MORE: 0
MIN 0 OR BELOW: 18 1.00 INCH OR MORE: 0
[HDD (BASE 65) ]
TOTAL THIS MO. 1689 CLEAR (SCALE 0-3) 23
DPTR FM NORMAL 419 PTCLDY (SCALE 4-7) 5
TOTAL FM JUL 1 12177 CLOUDY (SCALE 8-10) 2
DPTR FM NORMAL 53
[CDD (BASE 65) ]
TOTAL THIS MO. 0
DPTR FM NORMAL 0 [PRESSURE DATA]
TOTAL FM JAN 1 0 HIGHEST SLP 30.52 ON 20
DPTR FM NORMAL 0 LOWEST SLP 29.44 ON 30
[REMARKS]
#FINAL-04-23#