000
CXUS51 KAKQ 010833
CF6ORF
PRELIMINARY LOCAL CLIMATOLOGICAL DATA (WS FORM: F-6)
STATION: NORFOLK VA
MONTH: JULY
YEAR: 2020
LATITUDE: 36 54 N
LONGITUDE: 76 12 W
TEMPERATURE IN F: :PCPN: SNOW: WIND :SUNSHINE: SKY :PK WND
================================================================================
1 2 3 4 5 6A 6B 7 8 9 10 11 12 13 14 15 16 17 18
12Z AVG MX 2MIN
DY MAX MIN AVG DEP HDD CDD WTR SNW DPTH SPD SPD DIR MIN PSBL S-S WX SPD DR
================================================================================
1 89 72 81 2 0 16 0.25 0.0 0 7.1 39 360 M M 3 1 51 360
2 87 71 79 0 0 14 0.00 0.0 0 4.3 12 350 M M 2 14 360
3 95 75 85 6 0 20 0.00 0.0 0 5.1 9 10 M M 0 13 360
4 87 75 81 2 0 16 0.00 0.0 0 7.2 17 70 M M 0 22 20
5 90 71 81 2 0 16 0.00 0.0 0 5.6 13 100 M M 1 15 130
6 96 73 85 5 0 20 0.00 0.0 0 8.3 16 190 M M 1 25 190
7 93 77 85 5 0 20 0.00 0.0 0 7.6 15 150 M M 2 8 23 130
8 90 77 84 4 0 19 0.00 0.0 0 7.2 17 90 M M 2 22 70
9 87 77 82 2 0 17 0.16 0.0 0 11.9 22 70 M M 4 18 27 70
10 95 76 86 6 0 21 T 0.0 0 8.2 16 200 M M 3 8 22 200
11 96 78 87 7 0 22 0.00 0.0 0 9.4 17 240 M M 1 24 260
12 93 74 84 4 0 19 0.00 0.0 0 6.4 12 220 M M 2 16 220
13 90 77 84 4 0 19 0.00 0.0 0 7.2 18 350 M M 1 26 360
14 91 73 82 2 0 17 0.00 0.0 0 5.6 14 30 M M 0 18 60
15 91 75 83 3 0 18 0.00 0.0 0 5.8 14 130 M M 0 18 130
16 89 73 81 1 0 16 0.00 0.0 0 6.3 15 140 M M 1 20 110
17 98 76 87 7 0 22 T 0.0 0 8.9 17 220 M M 2 23 350
18 96 79 88 8 0 23 0.00 0.0 0 7.6 16 260 M M 1 25 270
19 102 78 90 10 0 25 0.38 0.0 0 8.8 32 230 M M 2 1 40 230
20 100 82 91 11 0 26 0.00 0.0 0 8.9 17 220 M M 1 22 220
21 102 80 91 11 0 26 0.00 0.0 0 10.7 18 210 M M 2 24 210
22 101 79 90 10 0 25 0.01 0.0 0 9.8 21 220 M M 3 27 220
23 98 77 88 8 0 23 0.09 0.0 0 10.4 22 210 M M 1 27 220
24 91 77 84 4 0 19 T 0.0 0 7.8 13 230 M M 3 17 210
25 91 76 84 4 0 19 0.02 0.0 0 5.7 12 60 M M 1 14 20
26 98 78 88 8 0 23 0.00 0.0 0 6.8 16 200 M M 1 18 200
27 98 80 89 9 0 24 0.00 0.0 0 8.7 15 230 M M 0 18 220
28 102 78 90 10 0 25 0.10 0.0 0 8.1 24 20 M M 2 30 20
29 95 78 87 7 0 22 0.00 0.0 0 8.8 17 210 M M 3 23 210
30 98 77 88 9 0 23 0.00 0.0 0 8.1 15 200 M M 1 20 210
31 97 80 89 10 0 24 1.19 0.0 0 8.2 16 240 M M 7 1 21 240
================================================================================
SM 2926 2369 0 639 2.20 0.0 240.5 M 53
================================================================================
AV 94.4 76.4 7.8 FASTST M M 2 MAX(MPH)
MISC ----> # 39 360 # 51 360
================================================================================
NOTES:
# LAST OF SEVERAL OCCURRENCES
COLUMN 17 PEAK WIND IN M.P.H.
PRELIMINARY LOCAL CLIMATOLOGICAL DATA (WS FORM: F-6) , PAGE 2
STATION: NORFOLK VA
MONTH: JULY
YEAR: 2020
LATITUDE: 36 54 N
LONGITUDE: 76 12 W
[TEMPERATURE DATA] [PRECIPITATION DATA] SYMBOLS USED IN COLUMN 16
AVERAGE MONTHLY: 85.4 TOTAL FOR MONTH: 2.20 1 = FOG OR MIST
DPTR FM NORMAL: 5.8 DPTR FM NORMAL: -2.94 2 = FOG REDUCING VISIBILITY
HIGHEST: 102 ON 28,21 GRTST 24HR 1.19 ON 31-31 TO 1/4 MILE OR LESS
LOWEST: 71 ON 5, 2 3 = THUNDER
SNOW, ICE PELLETS, HAIL 4 = ICE PELLETS
TOTAL MONTH: 0.0 INCH 5 = HAIL
GRTST 24HR 0.0 6 = FREEZING RAIN OR DRIZZLE
GRTST DEPTH: 0 7 = DUSTSTORM OR SANDSTORM:
VSBY 1/2 MILE OR LESS
8 = SMOKE OR HAZE
[NO. OF DAYS WITH] [WEATHER - DAYS WITH] 9 = BLOWING SNOW
X = TORNADO
MAX 32 OR BELOW: 0 0.01 INCH OR MORE: 8
MAX 90 OR ABOVE: 26 0.10 INCH OR MORE: 5
MIN 32 OR BELOW: 0 0.50 INCH OR MORE: 1
MIN 0 OR BELOW: 0 1.00 INCH OR MORE: 1
[HDD (BASE 65) ]
TOTAL THIS MO. 0 CLEAR (SCALE 0-3) 29
DPTR FM NORMAL 0 PTCLDY (SCALE 4-7) 2
TOTAL FM JUL 1 0 CLOUDY (SCALE 8-10) 0
DPTR FM NORMAL 0
[CDD (BASE 65) ]
TOTAL THIS MO. 639
DPTR FM NORMAL 185 [PRESSURE DATA]
TOTAL FM JAN 1 1168 HIGHEST SLP 30.24 ON 16
DPTR FM NORMAL 233 LOWEST SLP 29.71 ON 11
[REMARKS]
#FINAL-07-20#