000
CXUS56 KMFR 010930
CF6OTH
PRELIMINARY LOCAL CLIMATOLOGICAL DATA (WS FORM: F-6)
STATION: NORTH BEND OR
MONTH: MARCH
YEAR: 2023
LATITUDE: 43 25 N
LONGITUDE: 124 15 W
TEMPERATURE IN F: :PCPN: SNOW: WIND :SUNSHINE: SKY :PK WND
================================================================================
1 2 3 4 5 6A 6B 7 8 9 10 11 12 13 14 15 16 17 18
12Z AVG MX 2MIN
DY MAX MIN AVG DEP HDD CDD WTR SNW DPTH SPD SPD DIR MIN PSBL S-S WX SPD DR
================================================================================
1 47 30 39 -9 26 0 0.00 M M 6.7 10 150 M M 5 12 12 150
2 48 36 42 -6 23 0 0.21 M M 8.0 23 280 M M 9 1 28 280
3 48 36 42 -6 23 0 0.10 M M 10.3 18 220 M M 9 1 24 220
4 47 33 40 -8 25 0 1.08 M M 11.5 21 150 M M 9 1 25 230
5 46 34 40 -8 25 0 0.72 M M 10.1 20 180 M M 9 1 26 200
6 45 37 41 -7 24 0 0.10 M M 8.2 16 150 M M 8 18 170
7 45 35 40 -8 25 0 0.34 M M 8.0 20 160 M M 10 1 24 150
8 47 32 40 -8 25 0 0.46 M M 9.6 20 190 M M 10 12 24 200
9 45 38 42 -6 23 0 0.99 M M 10.3 26 300 M M 10 1 31 300
10 49 38 44 -4 21 0 0.37 M M 12.6 32 260 M M 10 1 39 260
11 51 38 45 -3 20 0 0.11 M M 6.0 13 280 M M 6 15 280
12 58 41 50 2 15 0 0.24 M M 9.0 20 200 M M 10 1 29 220
13 54 36 45 -3 20 0 1.23 M M 9.7 25 200 M M 9 1 70 190
14 48 34 41 -7 24 0 0.00 M M 7.0 21 360 M M 2 24 360
15 53 37 45 -3 20 0 0.10 M M 9.3 22 360 M M 5 26 350
16 55 32 44 -4 21 0 0.00 M M 4.7 15 330 M M 0 16 330
17 51 35 43 -6 22 0 0.00 M M 5.7 15 260 M M 4 17 260
18 56 38 47 -2 18 0 T M M 4.0 9 280 M M 3 12 10 280
19 52 45 49 0 16 0 0.35 M M 6.4 21 260 M M 9 1 25 260
20 50 38 44 -5 21 0 0.44 M M 9.5 22 230 M M 7 1 26 240
21 57 35 46 -3 19 0 0.00 M M 8.6 26 350 M M 0 31 360
22 50 42 46 -3 19 0 0.05 M M 6.3 14 300 M M 10 12 16 300
23 49 39 44 -5 21 0 0.49 M M 9.4 27 280 M M 9 1 37 270
24 49 40 45 -4 20 0 0.09 M M 12.8 28 280 M M 8 1 37 290
25 47 36 42 -7 23 0 0.09 M M 8.7 23 290 M M 7 1 26 280
26 48 35 42 -7 23 0 0.02 M M 6.9 13 260 M M 5 16 270
27 46 35 41 -8 24 0 0.32 M M 8.3 16 130 M M 7 1 21 130
28 55 40 48 -1 17 0 0.74 M M 8.5 20 200 M M 7 1 25 200
29 55 39 47 -2 18 0 0.00 M M 6.4 17 320 M M 2 21 310
30 49 41 45 -4 20 0 T M M 8.3 13 260 M M 10 17 240
31 50 42 46 -3 19 0 0.71 M M 12.0 20 190 M M 10 1 33 200
================================================================================
SM 1550 1147 660 0 9.35 M 262.8 M 219
================================================================================
AV 50.0 37.0 8.5 FASTST M M 7 MAX(MPH)
MISC ----> 32 260 70 190
================================================================================
NOTES:
# LAST OF SEVERAL OCCURRENCES
COLUMN 17 PEAK WIND IN M.P.H.
PRELIMINARY LOCAL CLIMATOLOGICAL DATA (WS FORM: F-6) , PAGE 2
STATION: NORTH BEND OR
MONTH: MARCH
YEAR: 2023
LATITUDE: 43 25 N
LONGITUDE: 124 15 W
[TEMPERATURE DATA] [PRECIPITATION DATA] SYMBOLS USED IN COLUMN 16
AVERAGE MONTHLY: 43.5 TOTAL FOR MONTH: 9.35 1 = FOG OR MIST
DPTR FM NORMAL: -5.0 DPTR FM NORMAL: 1.86 2 = FOG REDUCING VISIBILITY
HIGHEST: 58 ON 12 GRTST 24HR 1.39 ON 12-13 TO 1/4 MILE OR LESS
LOWEST: 30 ON 1 3 = THUNDER
SNOW, ICE PELLETS, HAIL 4 = ICE PELLETS
TOTAL MONTH: M 5 = HAIL
GRTST 24HR M ON M 6 = FREEZING RAIN OR DRIZZLE
GRTST DEPTH: M ON M 7 = DUSTSTORM OR SANDSTORM:
VSBY 1/2 MILE OR LESS
8 = SMOKE OR HAZE
[NO. OF DAYS WITH] [WEATHER - DAYS WITH] 9 = BLOWING SNOW
X = TORNADO
MAX 32 OR BELOW: 0 0.01 INCH OR MORE: 23
MAX 90 OR ABOVE: 0 0.10 INCH OR MORE: 18
MIN 32 OR BELOW: 3 0.50 INCH OR MORE: 6
MIN 0 OR BELOW: 0 1.00 INCH OR MORE: 2
[HDD (BASE 65) ]
TOTAL THIS MO. 660 CLEAR (SCALE 0-3) 4
DPTR FM NORMAL 148 PTCLDY (SCALE 4-7) 11
TOTAL FM JUL 1 3619 CLOUDY (SCALE 8-10) 16
DPTR FM NORMAL 254
[CDD (BASE 65) ]
TOTAL THIS MO. 0
DPTR FM NORMAL 0 [PRESSURE DATA]
TOTAL FM JAN 1 0 HIGHEST SLP 30.46 ON 24
DPTR FM NORMAL 0 LOWEST SLP 29.64 ON 28
[REMARKS]
#FINAL-03-23#