000
CXUS53 KDMX 010810
CF6OTM
PRELIMINARY LOCAL CLIMATOLOGICAL DATA (WS FORM: F-6)
STATION: OTTUMWA IA
MONTH: AUGUST
YEAR: 2023
LATITUDE: 41 6 N
LONGITUDE: 92 27 W
TEMPERATURE IN F: :PCPN: SNOW: WIND :SUNSHINE: SKY :PK WND
================================================================================
1 2 3 4 5 6A 6B 7 8 9 10 11 12 13 14 15 16 17 18
12Z AVG MX 2MIN
DY MAX MIN AVG DEP HDD CDD WTR SNW DPTH SPD SPD DIR MIN PSBL S-S WX SPD DR
================================================================================
1 84 64 74 -1 0 9 0.02 0.0 0 8.6 16 150 M M 3 21 150
2 77 68 73 -2 0 8 0.22 0.0 0 5.6 13 90 M M 6 13 17 200
3 81 66 74 -1 0 9 0.00 0.0 0 4.2 12 80 M M 8 12 14 60
4 85 64 75 0 0 10 0.03 0.0 0 7.2 16 110 M M 3 1 21 110
5 84 66 75 1 0 10 0.00 0.0 0 7.9 16 60 M M 4 1 23 60
6 75 65 70 -4 0 5 0.68 0.0 0 8.0 15 360 M M 8 13 20 360
7 80 63 72 -2 0 7 0.01 0.0 0 8.7 16 330 M M 6 1 23 360
8 83 61 72 -2 0 7 0.00 0.0 0 4.8 14 320 M M 1 1 20 270
9 77 61 69 -5 0 4 T 0.0 0 4.0 13 240 M M 5 12 19 160
10 85 60 73 -1 0 8 0.00 0.0 0 4.1 9 180 M M 3 12 14 170
11 90 67 79 5 0 14 0.21 0.0 0 6.9 23 340 M M 2 13 32 320
12 87 61 74 0 0 9 0.00 0.0 0 5.1 13 340 M M 0 23 320
13 76 60 68 -6 0 3 0.02 0.0 0 4.3 13 160 M M 4 1 21 170
14 74 63 69 -5 0 4 0.01 0.0 0 11.0 18 360 M M 6 1 27 10
15 78 54 66 -7 0 1 0.00 0.0 0 9.0 18 340 M M 2 25 350
16 81 53 67 -6 0 2 0.00 0.0 0 9.7 16 180 M M 0 26 180
17 79 57 68 -5 0 3 0.00 0.0 0 13.1 26 320 M M 1 37 340
18 79 48 64 -9 1 0 0.00 0.0 0 6.3 13 170 M M 0 12 19 180
19 91 63 77 4 0 12 0.00 0.0 0 9.1 18 180 M M 0 3 25 170
20 93 72 83 10 0 18 0.00 0.0 0 6.6 14 70 M M 1 1 21 80
21 91 74 83 11 0 18 0.00 0.0 0 7.2 14 90 M M 3 1 21 100
22 94 69 82 10 0 17 0.00 0.0 0 5.6 10 150 M M 2 128 18 170
23 98 77 88 16 0 23 0.00 0.0 0 8.6 17 230 M M 0 1 25 220
24 103 76 90 18 0 25 0.00 0.0 0 8.9 18 240 M M 0 26 260
25 95 71 83 11 0 18 T 0.0 0 7.5 28 360 M M 1 39 350
26 88 63 76 4 0 11 0.00 0.0 0 9.7 17 10 M M 1 25 50
27 78 56 67 -4 0 2 0.00 0.0 0 6.4 15 30 M M 3 22 30
28 86 53 70 -1 0 5 0.00 0.0 0 3.0 13 230 M M 0 17 230
29 89 61 75 4 0 10 0.00 0.0 0 9.3 20 340 M M 0 27 330
30 82 54 68 -2 0 3 0.00 0.0 0 6.6 16 80 M M 0 20 70
31 81 48 65 -5 0 0 0.00 0.0 0 7.0 16 110 M M 0 20 100
================================================================================
SM 2624 1938 1 275 1.20 0.0 224.0 M 73
================================================================================
AV 84.6 62.5 7.2 FASTST M M 2 MAX(MPH)
MISC ----> 28 360 39 350
================================================================================
NOTES:
# LAST OF SEVERAL OCCURRENCES
COLUMN 17 PEAK WIND IN M.P.H.
PRELIMINARY LOCAL CLIMATOLOGICAL DATA (WS FORM: F-6) , PAGE 2
STATION: OTTUMWA IA
MONTH: AUGUST
YEAR: 2023
LATITUDE: 41 6 N
LONGITUDE: 92 27 W
[TEMPERATURE DATA] [PRECIPITATION DATA] SYMBOLS USED IN COLUMN 16
AVERAGE MONTHLY: 73.6 TOTAL FOR MONTH: 1.20 1 = FOG OR MIST
DPTR FM NORMAL: 0.6 DPTR FM NORMAL: -3.24 2 = FOG REDUCING VISIBILITY
HIGHEST: 103 ON 24 GRTST 24HR 0.68 ON 6- 6 TO 1/4 MILE OR LESS
LOWEST: 48 ON 31,18 3 = THUNDER
SNOW, ICE PELLETS, HAIL 4 = ICE PELLETS
TOTAL MONTH: 0.0 INCH 5 = HAIL
GRTST 24HR 0.0 6 = FREEZING RAIN OR DRIZZLE
GRTST DEPTH: 0 7 = DUSTSTORM OR SANDSTORM:
VSBY 1/2 MILE OR LESS
8 = SMOKE OR HAZE
[NO. OF DAYS WITH] [WEATHER - DAYS WITH] 9 = BLOWING SNOW
X = TORNADO
MAX 32 OR BELOW: 0 0.01 INCH OR MORE: 8
MAX 90 OR ABOVE: 8 0.10 INCH OR MORE: 3
MIN 32 OR BELOW: 0 0.50 INCH OR MORE: 1
MIN 0 OR BELOW: 0 1.00 INCH OR MORE: 0
[HDD (BASE 65) ]
TOTAL THIS MO. 1 CLEAR (SCALE 0-3) 22
DPTR FM NORMAL -6 PTCLDY (SCALE 4-7) 8
TOTAL FM JUL 1 5 CLOUDY (SCALE 8-10) 1
DPTR FM NORMAL 0
[CDD (BASE 65) ]
TOTAL THIS MO. 275
DPTR FM NORMAL 20 [PRESSURE DATA]
TOTAL FM JAN 1 816 HIGHEST SLP M ON M
DPTR FM NORMAL -47 LOWEST SLP 29.65 ON 11
[REMARKS]
#FINAL-08-23#